{"id":470,"date":"2016-06-20T13:28:37","date_gmt":"2016-06-20T12:28:37","guid":{"rendered":"http:\/\/agora.xtec.cat\/ceipcifuentes\/?page_id=470"},"modified":"2023-05-30T11:59:55","modified_gmt":"2023-05-30T09:59:55","slug":"quisom","status":"publish","type":"page","link":"https:\/\/agora.xtec.cat\/ceipcifuentes\/lescola\/quisom\/","title":{"rendered":"Projecte educatiu"},"content":{"rendered":"<p>&nbsp;<\/p>\n<p>El centre \u00e9s una escola p\u00fablica, pluralista,integradora i acollidora que t\u00e9 com objectiu prioritari la formaci\u00f3 integral de l\u2019alumnat, d\u2019una manera activa, motivadora i oberta a les noves tecnologies, els ordinadors i les PDI\u2019s s\u00f3n una eina m\u00e9s en el proc\u00e9s d\u2019aprenentatge del nostre alumnat.<\/p>\n<p>L\u2019escola es basa en la participaci\u00f3 activa i democr\u00e0tica de tota la comunitat educativa (mestres, pares, personal laboral\u2026)<\/p>\n<p>A nivell pedag\u00f2gic som una escola inclusiva i respectuosa amb el medi ambient, on la nostra fita \u00e9s l\u2019assoliment de les compet\u00e8ncies b\u00e0siques corresponents a l\u2019edat, a les habilitats i capacitats de cada alumne per a desenvolupar-se i poder progressar en el m\u00f3n actual, per portar a terme aix\u00f2 disposem d\u2019una plantilla de professors que ens permet dedicar temps (professors de refor\u00e7, AEE i USEE) a activitats de suport per aquells alumnes que mostrin mancances o retards en els seus aprenentatges. L\u2019adequada valoraci\u00f3 de les diverses necessitats, ens permet decidir i organitzar els recursos adients, a fi que aquests alumnes assoleixin els objectius adaptats a cada cas, tant intel\u00b7lectuals, com socials i emocionals.<\/p>\n<p>Pots consultar el nostre <a href=\"https:\/\/agora.xtec.cat\/ceipcifuentes\/docs\/projecte-educatiu-de-centre\/?bp-attachment=Projecte-educatiu-12-19.pdf\">Projecte Educatiu de Centre<\/a>, el <a href=\"https:\/\/agora.xtec.cat\/ceipcifuentes\/docs\/projecte-linguistic-de-centre-2\/?bp-attachment=PLC-06-2022.pdf\">Projecte Ling\u00fc\u00edstic de Centre<\/a>, aix\u00ed com les <a href=\"https:\/\/agora.xtec.cat\/ceipcifuentes\/docs\/normes-dorganitzacio-i-funcionament-del-centre\/?bp-attachment=NOFC-2019.pdf\">Normes d&#8217;organitzaci\u00f3 i funcionamanet del centre<\/a>.<\/p>\n<p>&nbsp;<\/p>\n<p><strong>IDIOMA ESTRANGER:<\/strong> Angl\u00e8s a partir de P4. Fem sortides , teatre i tallers en angl\u00e8s.<\/p>\n<p>&nbsp;<\/p>\n<p><strong>SORTIDES:<\/strong> Es programen a tots nivells d\u2019acord amb els continguts i projectes treballats.<\/p>\n<p>&nbsp;<\/p>\n<p><strong>COL\u00d2NIES:<\/strong> Es fan a tots els nivells a partir de P5.<\/p>\n<p>&nbsp;<\/p>\n<p><strong>SERVEIS EDUCATIUS DE SUPORT PEDAG\u00d2GIC:<\/strong> Psic\u00f2loga de l\u2019EAP, T\u00e8cnica d\u2019Educaci\u00f3 Infantil a P3 (TEI) , dues mestres d\u2019EE, una mestra de l\u2019USEE, educadora de l\u2019USEE i vetlladora.<\/p>\n<p>&nbsp;<\/p>\n<p><strong>PROJECTES:<\/strong><\/p>\n<p>AGERMANAMENT DE P3, P4 i P5 amb els alumnes de 4t, 5\u00e8 i 6\u00e8.<\/p>\n<p>SOCIALITZACI\u00d3 DE LLIBRES DE TEXT<\/p>\n<p>TALLER D\u2019ANGL\u00c8S (P5 i Prim\u00e0ria)<\/p>\n<p>PROJECTE D\u2019EMPRENEDORIA<\/p>\n<p>COL\u00d2NIES ESCOLARS<\/p>\n<p>BIBLIOTECA ESCOLAR<\/p>\n<p>HORT ESCOLAR<\/p>\n<p>&nbsp;<\/p>\n<p><strong>ACOLLIMENT ALS NOUS ALUMNES DE P3:<\/strong><\/p>\n<p>. Coordinaci\u00f3 amb les diferents escoles bressol del barri.<\/p>\n<p>. Entrevistes personalitzades al mes de juny.<\/p>\n<p>. Reuni\u00f3 informativa abans de l\u2019inici de curs.<\/p>\n<p>&nbsp;<\/p>\n<p><strong>SERVEIS:<\/strong> Acollida matinal a partir de les 7,30 h., menjador amb cuina pr\u00f2pia , activitats extraescolars, casal d\u2019estiu\/hivern, biblioteca\/pr\u00e9stec.<\/p>\n<p>&nbsp;<\/p>\n<p><strong>INSTAL\u00b7LACIONS:<\/strong> Dues aules per a cada nivell, dues aules d\u2019Educaci\u00f3 Especial, una SIEI, una d\u2019angl\u00e8s, una d\u2019inform\u00e0tica, una de psicomotricitat, dues de refor\u00e7, una de m\u00fasica, biblioteca, sala d\u2019actes, gimn\u00e0s, dos patis, menjador i cuina.<\/p>\n<p>&nbsp;<\/p>\n<p>Totes les aules estan dotades de PDIs (PRI) o canons (INF) amb connexi\u00f3 a Internet.<\/p>\n","protected":false},"excerpt":{"rendered":"<p>&nbsp;<br \/>\nEl centre \u00e9s una escola p\u00fablica, pluralista,integradora i acollidora que t\u00e9 com objectiu prioritari la formaci\u00f3 integral de l\u2019alumnat, d\u2019una manera activa, motivadora i oberta a les noves tecnologies, els ordinadors i les PDI\u2019s s\u00f3n una eina m\u00e9s en el proc\u00e9s d\u2019aprenentatge del nostre alumnat.<br \/>\nL\u2019escola&hellip;  <a href=\"https:\/\/agora.xtec.cat\/ceipcifuentes\/lescola\/quisom\/\" title=\"Read Projecte educatiu\">Llegeix m\u00e9s\u00bb<\/a><\/p>\n","protected":false},"author":1,"featured_media":0,"parent":22,"menu_order":0,"comment_status":"closed","ping_status":"closed","template":"","meta":{"_bbp_topic_count":0,"_bbp_reply_count":0,"_bbp_total_topic_count":0,"_bbp_total_reply_count":0,"_bbp_voice_count":0,"_bbp_anonymous_reply_count":0,"_bbp_topic_count_hidden":0,"_bbp_reply_count_hidden":0,"_bbp_forum_subforum_count":0,"footnotes":""},"class_list":["post-470","page","type-page","status-publish","hentry"],"post_mailing_queue_ids":[],"_links":{"self":[{"href":"https:\/\/agora.xtec.cat\/ceipcifuentes\/wp-json\/wp\/v2\/pages\/470","targetHints":{"allow":["GET"]}}],"collection":[{"href":"https:\/\/agora.xtec.cat\/ceipcifuentes\/wp-json\/wp\/v2\/pages"}],"about":[{"href":"https:\/\/agora.xtec.cat\/ceipcifuentes\/wp-json\/wp\/v2\/types\/page"}],"author":[{"embeddable":true,"href":"https:\/\/agora.xtec.cat\/ceipcifuentes\/wp-json\/wp\/v2\/users\/1"}],"replies":[{"embeddable":true,"href":"https:\/\/agora.xtec.cat\/ceipcifuentes\/wp-json\/wp\/v2\/comments?post=470"}],"version-history":[{"count":3,"href":"https:\/\/agora.xtec.cat\/ceipcifuentes\/wp-json\/wp\/v2\/pages\/470\/revisions"}],"predecessor-version":[{"id":4162,"href":"https:\/\/agora.xtec.cat\/ceipcifuentes\/wp-json\/wp\/v2\/pages\/470\/revisions\/4162"}],"up":[{"embeddable":true,"href":"https:\/\/agora.xtec.cat\/ceipcifuentes\/wp-json\/wp\/v2\/pages\/22"}],"wp:attachment":[{"href":"https:\/\/agora.xtec.cat\/ceipcifuentes\/wp-json\/wp\/v2\/media?parent=470"}],"curies":[{"name":"wp","href":"https:\/\/api.w.org\/{rel}","templated":true}]}}