{"id":26,"date":"2014-09-18T12:24:32","date_gmt":"2014-09-18T10:24:32","guid":{"rendered":"http:\/\/agora.xtec.cat\/ceipcesaraugust\/?page_id=26"},"modified":"2022-06-14T12:48:59","modified_gmt":"2022-06-14T10:48:59","slug":"historia","status":"publish","type":"page","link":"https:\/\/agora.xtec.cat\/ceipcesaraugust\/lescola\/historia\/","title":{"rendered":"Hist\u00f2ria"},"content":{"rendered":"<p>El col.legi C\u00e8sar August de Tarragona va ser projectat a finals dels anys 70 com una de les obres p\u00fabliques incloses en els Pactes de la Moncloa que van signar amb el President Su\u00e1rez els diferents partits pol\u00edtics.<\/p>\n<p>Un cop comen\u00e7ades les obres i degut a problemes de l\u2019empresa constructora, aquestes van romandre aturades durant uns mesos. Per\u00f2 els pares de la zona oest es van organitzar, van recollir signatures i van fer gestions amb la delegaci\u00f3 del Ministeri d\u2019Educaci\u00f3 i Ci\u00e8ncia fins aconseguir l\u2019acabament del col.legi que es pos\u00e0 en funcionament el curs 1980-81 i les classes en el propi edifici s\u2019iniciaren els primers mesos de l\u2019any 81. Els mestres eren provisionals per\u00f2 l\u2019Associaci\u00f3 de Pares ja estava organitzada de bon principi i engeg\u00e0 el menjador escolar i activitats diverses.<\/p>\n<p>Es va donar el nom al centre: \u201cColegio P\u00fablico C\u00e9sar Augusto\u201d i es varen dissenyar el logotip i el segell. Per\u00f2 el curs 1981-82 es va procedir a canviar-li el nom al catal\u00e0 i l\u2019escola va ser anomenada \u201cEscola Catalana\u201d.<\/p>\n<p>Funcionaven poques unitats, m\u00e9s els cursos inferiors, per\u00f2 nom\u00e9s un curs per nivell als superiors. L\u2019escola anava creixent en quantitat de mestres i alumnes i en qualitat.<\/p>\n<p>En aquest per\u00edode, la Generalitat va fer obres de Preescolar P4 i P5 a la planta baixa. A poc a poc s\u2019anaven incorporant mestres definitius i s\u2019anaven consolidant els equips pedag\u00f2gics. El barri anava creixent i la matr\u00edcula anava augmentant fins arribar a les tres l\u00ednies des de P4 a 8\u00e8 d\u2019EGB.<\/p>\n<p>A comen\u00e7aments dels anys 90 es van instal\u00b7lar al pati dues aules prefabricades de P3. Posteriorment van ser constru\u00efdes per la Generalitat les tres aules noves de P3 dins del centre, redistribuint de nou algunes depend\u00e8ncies i absorbint les que ocupaven en principi el Centre de Recursos Pedag\u00f2gics i l\u2019Equip d\u2019Assessorament Psicopedag\u00f2gic.<\/p>\n<p>El curs 1997-98, la Generalitat construeix els vestidors nous, demanats durant molts anys ja que s\u2019havia d\u2019utilitzar la caseta d\u2019obres mig acondicionada per aquest fi.<\/p>\n<p>Durant l\u2019estiu de 1999, l\u2019Ajuntament realitza algunes obres de millora llargament sol.licitades, alicatant i pintant l\u2019interior, acondicionant portes i jardineria. Amb aquestes obres i millores, el centre f\u00edsicament fa molt de goig.<\/p>\n<p>Els equips de mestres estan ben consolidats, els pares col.laboren i participen i l\u2019escola ha anat adquirint bona fama a la ciutat, gaudint de molta demanda.<\/p>\n<p>En aquest \u00faltims anys, el centre ha participat, entre d\u2019altres, en el Projecte ORATOR i a partir del curs 2003-04 disposar\u00e0 d\u2019un Pla estrat\u00e8gic per a impulsar el desenvolupament de les Tecnologies de la Informaci\u00f3 i la Comunicaci\u00f3 en el proc\u00e9s d\u2019aprenentatge.<\/p>\n","protected":false},"excerpt":{"rendered":"<p>El col.legi C\u00e8sar August de Tarragona va ser projectat a finals dels anys 70 com una de les obres p\u00fabliques [&hellip;]<\/p>\n","protected":false},"author":1,"featured_media":0,"parent":22,"menu_order":20,"comment_status":"closed","ping_status":"closed","template":"page-templates\/side-menu.php","meta":{"_bbp_topic_count":0,"_bbp_reply_count":0,"_bbp_total_topic_count":0,"_bbp_total_reply_count":0,"_bbp_voice_count":0,"_bbp_anonymous_reply_count":0,"_bbp_topic_count_hidden":0,"_bbp_reply_count_hidden":0,"_bbp_forum_subforum_count":0,"site-sidebar-layout":"default","site-content-layout":"","ast-site-content-layout":"","site-content-style":"default","site-sidebar-style":"default","ast-global-header-display":"","ast-banner-title-visibility":"","ast-main-header-display":"","ast-hfb-above-header-display":"","ast-hfb-below-header-display":"","ast-hfb-mobile-header-display":"","site-post-title":"","ast-breadcrumbs-content":"","ast-featured-img":"","footer-sml-layout":"","theme-transparent-header-meta":"","adv-header-id-meta":"","stick-header-meta":"","header-above-stick-meta":"","header-main-stick-meta":"","header-below-stick-meta":"","astra-migrate-meta-layouts":"default","ast-page-background-enabled":"default","ast-page-background-meta":{"desktop":{"background-color":"var(--ast-global-color-4)","background-image":"","background-repeat":"repeat","background-position":"center center","background-size":"auto","background-attachment":"scroll","background-type":"","background-media":"","overlay-type":"","overlay-color":"","overlay-opacity":"","overlay-gradient":""},"tablet":{"background-color":"","background-image":"","background-repeat":"repeat","background-position":"center center","background-size":"auto","background-attachment":"scroll","background-type":"","background-media":"","overlay-type":"","overlay-color":"","overlay-opacity":"","overlay-gradient":""},"mobile":{"background-color":"","background-image":"","background-repeat":"repeat","background-position":"center center","background-size":"auto","background-attachment":"scroll","background-type":"","background-media":"","overlay-type":"","overlay-color":"","overlay-opacity":"","overlay-gradient":""}},"ast-content-background-meta":{"desktop":{"background-color":"var(--ast-global-color-5)","background-image":"","background-repeat":"repeat","background-position":"center center","background-size":"auto","background-attachment":"scroll","background-type":"","background-media":"","overlay-type":"","overlay-color":"","overlay-opacity":"","overlay-gradient":""},"tablet":{"background-color":"var(--ast-global-color-5)","background-image":"","background-repeat":"repeat","background-position":"center center","background-size":"auto","background-attachment":"scroll","background-type":"","background-media":"","overlay-type":"","overlay-color":"","overlay-opacity":"","overlay-gradient":""},"mobile":{"background-color":"var(--ast-global-color-5)","background-image":"","background-repeat":"repeat","background-position":"center center","background-size":"auto","background-attachment":"scroll","background-type":"","background-media":"","overlay-type":"","overlay-color":"","overlay-opacity":"","overlay-gradient":""}},"footnotes":""},"class_list":["post-26","page","type-page","status-publish","hentry"],"post_mailing_queue_ids":[],"_links":{"self":[{"href":"https:\/\/agora.xtec.cat\/ceipcesaraugust\/wp-json\/wp\/v2\/pages\/26","targetHints":{"allow":["GET"]}}],"collection":[{"href":"https:\/\/agora.xtec.cat\/ceipcesaraugust\/wp-json\/wp\/v2\/pages"}],"about":[{"href":"https:\/\/agora.xtec.cat\/ceipcesaraugust\/wp-json\/wp\/v2\/types\/page"}],"author":[{"embeddable":true,"href":"https:\/\/agora.xtec.cat\/ceipcesaraugust\/wp-json\/wp\/v2\/users\/1"}],"replies":[{"embeddable":true,"href":"https:\/\/agora.xtec.cat\/ceipcesaraugust\/wp-json\/wp\/v2\/comments?post=26"}],"version-history":[{"count":3,"href":"https:\/\/agora.xtec.cat\/ceipcesaraugust\/wp-json\/wp\/v2\/pages\/26\/revisions"}],"predecessor-version":[{"id":22708,"href":"https:\/\/agora.xtec.cat\/ceipcesaraugust\/wp-json\/wp\/v2\/pages\/26\/revisions\/22708"}],"up":[{"embeddable":true,"href":"https:\/\/agora.xtec.cat\/ceipcesaraugust\/wp-json\/wp\/v2\/pages\/22"}],"wp:attachment":[{"href":"https:\/\/agora.xtec.cat\/ceipcesaraugust\/wp-json\/wp\/v2\/media?parent=26"}],"curies":[{"name":"wp","href":"https:\/\/api.w.org\/{rel}","templated":true}]}}