{"id":23066,"date":"2023-02-13T09:40:10","date_gmt":"2023-02-13T08:40:10","guid":{"rendered":"https:\/\/agora.xtec.cat\/ceipcesaraugust\/?page_id=23066"},"modified":"2025-02-23T23:23:35","modified_gmt":"2025-02-23T22:23:35","slug":"rua-denigmes-joan-anton-solano","status":"publish","type":"page","link":"https:\/\/agora.xtec.cat\/ceipcesaraugust\/rua-denigmes-joan-anton-solano\/","title":{"rendered":"Rua d&#8217;enigmes Joan Anton Solano"},"content":{"rendered":"<h3>Els origens<\/h3>\n<p>La Rua d&#8217;enigmes \u00e9s una activitat que en honor a l\u2019antic director i mestre apassionat per les matem\u00e0tiques, <a href=\"https:\/\/blocs.xtec.cat\/ahmes\/\" target=\"_blank\" rel=\"noopener\">Joan Anton Solano<\/a>. Ell va ser l&#8217;impulsor d&#8217;aquesta iniciativa per promoure el pensament matem\u00e0tic entre l&#8217;alumnat de cicle superior. Actualment s&#8217;ha fet extensible tamb\u00e9 a l&#8217;alumnat de cicle mitj\u00e0, tot i que els enigmes s\u00f3n un repte per a persones de totes les edats.<\/p>\n<h3>Edicions<\/h3>\n<ul>\n<li>8a Rua d&#8217;enigmes Joan Anton Solano<\/li>\n<li>9a Rua d&#8217;enigmes Joan Anton Solano<\/li>\n<li>10a Rua d&#8217;enigmes Joan Anton Solano<\/li>\n<li>11a Rua d&#8217;enigmes Joan Anton Solano<\/li>\n<li><a href=\"https:\/\/agora.xtec.cat\/ceipcesaraugust\/portada\/12a-rua-denigmes-joan-anton-solano\/\" target=\"_blank\" rel=\"noopener\">12a Rua d&#8217;enigmes Joan Anton Solano (curs 2024-2025)<\/a><\/li>\n<\/ul>\n","protected":false},"excerpt":{"rendered":"<p>Els origens La Rua d&#8217;enigmes \u00e9s una activitat que en honor a l\u2019antic director i mestre apassionat per les matem\u00e0tiques, [&hellip;]<\/p>\n","protected":false},"author":1,"featured_media":0,"parent":0,"menu_order":0,"comment_status":"closed","ping_status":"closed","template":"","meta":{"_bbp_topic_count":0,"_bbp_reply_count":0,"_bbp_total_topic_count":0,"_bbp_total_reply_count":0,"_bbp_voice_count":0,"_bbp_anonymous_reply_count":0,"_bbp_topic_count_hidden":0,"_bbp_reply_count_hidden":0,"_bbp_forum_subforum_count":0,"site-sidebar-layout":"default","site-content-layout":"","ast-site-content-layout":"default","site-content-style":"default","site-sidebar-style":"default","ast-global-header-display":"","ast-banner-title-visibility":"","ast-main-header-display":"","ast-hfb-above-header-display":"","ast-hfb-below-header-display":"","ast-hfb-mobile-header-display":"","site-post-title":"","ast-breadcrumbs-content":"","ast-featured-img":"","footer-sml-layout":"","theme-transparent-header-meta":"","adv-header-id-meta":"","stick-header-meta":"","header-above-stick-meta":"","header-main-stick-meta":"","header-below-stick-meta":"","astra-migrate-meta-layouts":"set","ast-page-background-enabled":"default","ast-page-background-meta":{"desktop":{"background-color":"var(--ast-global-color-4)","background-image":"","background-repeat":"repeat","background-position":"center center","background-size":"auto","background-attachment":"scroll","background-type":"","background-media":"","overlay-type":"","overlay-color":"","overlay-opacity":"","overlay-gradient":""},"tablet":{"background-color":"","background-image":"","background-repeat":"repeat","background-position":"center center","background-size":"auto","background-attachment":"scroll","background-type":"","background-media":"","overlay-type":"","overlay-color":"","overlay-opacity":"","overlay-gradient":""},"mobile":{"background-color":"","background-image":"","background-repeat":"repeat","background-position":"center center","background-size":"auto","background-attachment":"scroll","background-type":"","background-media":"","overlay-type":"","overlay-color":"","overlay-opacity":"","overlay-gradient":""}},"ast-content-background-meta":{"desktop":{"background-color":"var(--ast-global-color-5)","background-image":"","background-repeat":"repeat","background-position":"center center","background-size":"auto","background-attachment":"scroll","background-type":"","background-media":"","overlay-type":"","overlay-color":"","overlay-opacity":"","overlay-gradient":""},"tablet":{"background-color":"var(--ast-global-color-5)","background-image":"","background-repeat":"repeat","background-position":"center center","background-size":"auto","background-attachment":"scroll","background-type":"","background-media":"","overlay-type":"","overlay-color":"","overlay-opacity":"","overlay-gradient":""},"mobile":{"background-color":"var(--ast-global-color-5)","background-image":"","background-repeat":"repeat","background-position":"center center","background-size":"auto","background-attachment":"scroll","background-type":"","background-media":"","overlay-type":"","overlay-color":"","overlay-opacity":"","overlay-gradient":""}},"footnotes":""},"class_list":["post-23066","page","type-page","status-publish","hentry"],"post_mailing_queue_ids":[],"_links":{"self":[{"href":"https:\/\/agora.xtec.cat\/ceipcesaraugust\/wp-json\/wp\/v2\/pages\/23066","targetHints":{"allow":["GET"]}}],"collection":[{"href":"https:\/\/agora.xtec.cat\/ceipcesaraugust\/wp-json\/wp\/v2\/pages"}],"about":[{"href":"https:\/\/agora.xtec.cat\/ceipcesaraugust\/wp-json\/wp\/v2\/types\/page"}],"author":[{"embeddable":true,"href":"https:\/\/agora.xtec.cat\/ceipcesaraugust\/wp-json\/wp\/v2\/users\/1"}],"replies":[{"embeddable":true,"href":"https:\/\/agora.xtec.cat\/ceipcesaraugust\/wp-json\/wp\/v2\/comments?post=23066"}],"version-history":[{"count":5,"href":"https:\/\/agora.xtec.cat\/ceipcesaraugust\/wp-json\/wp\/v2\/pages\/23066\/revisions"}],"predecessor-version":[{"id":24546,"href":"https:\/\/agora.xtec.cat\/ceipcesaraugust\/wp-json\/wp\/v2\/pages\/23066\/revisions\/24546"}],"wp:attachment":[{"href":"https:\/\/agora.xtec.cat\/ceipcesaraugust\/wp-json\/wp\/v2\/media?parent=23066"}],"curies":[{"name":"wp","href":"https:\/\/api.w.org\/{rel}","templated":true}]}}