{"id":21947,"date":"2021-11-05T10:52:14","date_gmt":"2021-11-05T09:52:14","guid":{"rendered":"https:\/\/agora.xtec.cat\/ceipcesaraugust\/?page_id=21947"},"modified":"2021-11-19T10:38:12","modified_gmt":"2021-11-19T09:38:12","slug":"eleccions-consell-escolar","status":"publish","type":"page","link":"https:\/\/agora.xtec.cat\/ceipcesaraugust\/lescola\/organigrama\/consell-escolar\/eleccions-consell-escolar\/","title":{"rendered":"Eleccions consell escolar"},"content":{"rendered":"<h4>Qu\u00e8 \u00e9s el Consell Escolar de Centre (CEC)?<\/h4>\n<p>\u00c9s l&#8217;<strong>\u00f2rgan de Govern del centre educatiu<\/strong>. Es tracta d&#8217;un <strong>espai de participaci\u00f3 on es prenen decisions importants<\/strong> com el projecte educatiu del centro o el calendari i horari escolars.<\/p>\n<h4>Quines decisions por prendre el CEC?<\/h4>\n<p>El CEC pren decisions molt importants que afecten l&#8217;organitzaci\u00f3, gesti\u00f3 i model de centre educatiu, com ara:<\/p>\n<ul>\n<li><strong>Participar<\/strong>\n<ul>\n<li>Projecte Educatiu<\/li>\n<li>Programaci\u00f3 General Anual<\/li>\n<li>Normes de funcionament<\/li>\n<li>Gesti\u00f3 econ\u00f2mica<\/li>\n<li>Procediment selecci\u00f3 del\/de la director\/a<\/li>\n<li>Avaluaci\u00f3 del funcionament general del centre<\/li>\n<\/ul>\n<\/li>\n<li><strong>Aprovar<\/strong>\n<ul>\n<li>Directius per la programaci\u00f3 d&#8217;activitats extraescolars<\/li>\n<li>Criteris de col\u00b7laboraci\u00f3 amb altres centres i entorn<\/li>\n<li>Propostes de coresponsabilitat, convenis i altres acorda<\/li>\n<li>Carta de comprom\u00eds educatiu<\/li>\n<\/ul>\n<\/li>\n<li><strong>Intervenir<\/strong>\n<ul>\n<li>Procediment d&#8217;admissi\u00f3 d&#8217;alumnes<\/li>\n<li>Resoluci\u00f3 de conflictes<\/li>\n<\/ul>\n<\/li>\n<li><strong>Avaluar<\/strong>\n<ul>\n<li>Aplicaci\u00f3 del projecte educatiu<\/li>\n<li>Aplicaci\u00f3 dels documents de gesti\u00f3 del centre<\/li>\n<li>Desenvolupament de les activitats extraescolars<\/li>\n<\/ul>\n<\/li>\n<\/ul>\n<h4>Qui en formar part?<\/h4>\n<p>El Consell Escolar de Centre el formen:<\/p>\n<ul>\n<li>Director\/a i cap d&#8217;estudis<\/li>\n<li>Representant del PAS<\/li>\n<li>Representants de les fam\u00edlies<\/li>\n<li>Representant de l&#8217;AFA<\/li>\n<li>Representants del professorat<\/li>\n<li>Representant de l&#8217;ajuntament<\/li>\n<\/ul>\n<h4>Per qu\u00e8 \u00e9s important que les fam\u00edlies hi participin?<\/h4>\n<p>Les fam\u00edlies tenen el <strong>dret de participar de manera democr\u00e0tica en l&#8217;organitzaci\u00f3 del centre<\/strong>. Aix\u00ed poden participar en decisions com les activitats extraescolars, el pla de funcionament del menjador escolar o l&#8217;horari i el calendari del centre. Les decisions preses al consell escolar s\u00f3n clau pel funcionament i millora dels aprenentatges de l&#8217;alumnat.<\/p>\n<h4>Quan es fan les eleccions de consells escolars?<\/h4>\n<p>Cada dos anys es convoquen eleccions per renovar de manera alterna el 50% del CEC. El Departament d&#8217;Educaci\u00f3 publica amb antelaci\u00f3 una resoluci\u00f3 dels terminis.<\/p>\n<p>\u00c9s un proc\u00e9s electoral on <strong>tots els pares, mares i tutors legals del centre poden votar<\/strong> per escollir el candidat que considerin adient.<\/p>\n<h4>Quin \u00e9s el calendari d&#8217;aquest any?<\/h4>\n<ul>\n<li><strong>3 de novembre:<\/strong> publicaci\u00f3 del cens provisional i publicaci\u00f3 de vacants, forma i termini de presentaci\u00f3 de les candidatures.<\/li>\n<li><strong>Del 4 al 8 de novembre:\u00a0<\/strong>per\u00edode de reclamacions del cens electoral.<\/li>\n<li><strong>9 de novembre:\u00a0<\/strong>sorteig per determinar els vocals de les meses electorals.<\/li>\n<li><strong>Del 3 al 15 de novembre:\u00a0<\/strong>presentaci\u00f3 de candidatures, presentaci\u00f3 de sol\u00b7licituds per actuar com a supervisors de les votacions.<\/li>\n<li><strong>10 de novembre:\u00a0<\/strong>constituci\u00f3 de les meses electorals, resoluci\u00f3 de les reclamacions als censos electorals i aprovaci\u00f3 i publicaci\u00f3 dels censos definitius.<\/li>\n<li><strong>11 de novembre:\u00a0<\/strong>publicaci\u00f3 del cens definitiu.<\/li>\n<li><strong>16 de novembre:\u00a0<\/strong>publicaci\u00f3 de les candidatures.<\/li>\n<li><strong>24 de novembre:\u00a0<\/strong>votacions del sector de fam\u00edlies.<\/li>\n<li><strong>30 de novembre:\u00a0<\/strong>constituci\u00f3 del nou consell escolar.<\/li>\n<\/ul>\n<h4>Quant dura una candidatura?<\/h4>\n<p>Quatre anys. Sempre que es mantinguin els requisits estipulats en el reglament.<\/p>\n<h4>Qu\u00e8 he de fer si em vull presentar a les eleccions?<\/h4>\n<p>Poden ser candidats\/es les mares, els pares i els\/les tutors\/es legals de l&#8217;alumnat del centre que exerceixen la p\u00e0tria potestat o la tutela d&#8217;aquest\/es i figuren en el cens electoral.<\/p>\n<p>Per fer-ho, cal que presentin omplert el\u00a0<strong>full de presentaci\u00f3 de candidatura <\/strong>que trobaran a la secretaria del centre abans de l&#8217;11 de novembre.<\/p>\n<p>A continuaci\u00f3 podeu trobar les presentacions de les mares i pares que s&#8217;han presentat per representar el <strong>sector de fam\u00edlies<\/strong>:<\/p>\n<ul>\n<li><a href=\"https:\/\/drive.google.com\/file\/d\/15AyrV-hgKinyjEyqSKm-Lu1yxp7vBK-v\/view?usp=sharing\" target=\"_blank\" rel=\"noopener\">Roser Vendrell<\/a><\/li>\n<li><a href=\"https:\/\/drive.google.com\/file\/d\/11AIdMMLTHp85bm0Yv5xC98Ljfc8ogW4V\/view?usp=sharing\" target=\"_blank\" rel=\"noopener\">Joan Dom\u00e9nech<\/a><\/li>\n<li><a href=\"https:\/\/www.canva.com\/design\/DAEv5fVG6UA\/O2oSlLBN0IeNSnL3vE2z1w\/view?utm_content=DAEv5fVG6UA&amp;utm_campaign=designshare&amp;utm_medium=link&amp;utm_source=publishsharelink\" target=\"_blank\" rel=\"noopener\">\u00c1ngel Cruz<\/a><\/li>\n<li><a href=\"https:\/\/drive.google.com\/file\/d\/1quAdDuea89LXy8gf1KFIY97XnChNxlSY\/view?usp=sharing\" target=\"_blank\" rel=\"noopener\">Susana Garc\u00eda<\/a><\/li>\n<li><a href=\"https:\/\/drive.google.com\/file\/d\/1BpZ3ZekkRQBlA1xEeAyaGb_Rm8lwYx6O\/view?usp=sharing\" target=\"_blank\" rel=\"noopener\">Carolina Amores<\/a><\/li>\n<\/ul>\n<h4>Qu\u00e8 passa si ning\u00fa es presenta per representar les fam\u00edlies?<\/h4>\n<p>Si ning\u00fa es presenta com a candidat\/a dins de termini, passen a ser elegibles totes les mares, pares i tutors\/es legals del centre. Si finalment no s&#8217;aconsegueix representaci\u00f3 suficient de les fam\u00edlies, el lloc queda buit i, per tant, les fam\u00edlies deixen d&#8217;estar representades al CEC.<\/p>\n<p>Font: <a href=\"https:\/\/agora.xtec.cat\/ceipcesaraugust\/wp-content\/uploads\/usu1489\/2021\/11\/FDbgDU2XIAIh0fa.jpg\">Document de l&#8217;AFFAC<\/a><\/p>\n<p><a href=\"https:\/\/agora.xtec.cat\/ceipcesaraugust\/wp-content\/uploads\/usu1489\/2021\/11\/FDbgDU2XIAIh0fa.jpg\" target=\"_blank\" rel=\"noopener\"><img loading=\"lazy\" decoding=\"async\" class=\"aligncenter size-full wp-image-21946\" style=\"color: #222222;\" src=\"https:\/\/agora.xtec.cat\/ceipcesaraugust\/wp-content\/uploads\/usu1489\/2021\/11\/eleccions-consell-escolar2122p.jpg\" alt=\"\" width=\"702\" height=\"993\" srcset=\"https:\/\/agora.xtec.cat\/ceipcesaraugust\/wp-content\/uploads\/usu1489\/2021\/11\/eleccions-consell-escolar2122p.jpg 702w, https:\/\/agora.xtec.cat\/ceipcesaraugust\/wp-content\/uploads\/usu1489\/2021\/11\/eleccions-consell-escolar2122p-212x300.jpg 212w\" sizes=\"auto, (max-width: 702px) 100vw, 702px\" \/><\/a><\/p>\n<p>&nbsp;<\/p>\n<p>&nbsp;<\/p>\n<p>&nbsp;<\/p>\n","protected":false},"excerpt":{"rendered":"<p>Qu\u00e8 \u00e9s el Consell Escolar de Centre (CEC)? \u00c9s l&#8217;\u00f2rgan de Govern del centre educatiu. Es tracta d&#8217;un espai de [&hellip;]<\/p>\n","protected":false},"author":1,"featured_media":0,"parent":28,"menu_order":0,"comment_status":"closed","ping_status":"closed","template":"","meta":{"_bbp_topic_count":0,"_bbp_reply_count":0,"_bbp_total_topic_count":0,"_bbp_total_reply_count":0,"_bbp_voice_count":0,"_bbp_anonymous_reply_count":0,"_bbp_topic_count_hidden":0,"_bbp_reply_count_hidden":0,"_bbp_forum_subforum_count":0,"site-sidebar-layout":"default","site-content-layout":"","ast-site-content-layout":"","site-content-style":"default","site-sidebar-style":"default","ast-global-header-display":"","ast-banner-title-visibility":"","ast-main-header-display":"","ast-hfb-above-header-display":"","ast-hfb-below-header-display":"","ast-hfb-mobile-header-display":"","site-post-title":"","ast-breadcrumbs-content":"","ast-featured-img":"","footer-sml-layout":"","theme-transparent-header-meta":"","adv-header-id-meta":"","stick-header-meta":"","header-above-stick-meta":"","header-main-stick-meta":"","header-below-stick-meta":"","astra-migrate-meta-layouts":"default","ast-page-background-enabled":"default","ast-page-background-meta":{"desktop":{"background-color":"var(--ast-global-color-4)","background-image":"","background-repeat":"repeat","background-position":"center center","background-size":"auto","background-attachment":"scroll","background-type":"","background-media":"","overlay-type":"","overlay-color":"","overlay-opacity":"","overlay-gradient":""},"tablet":{"background-color":"","background-image":"","background-repeat":"repeat","background-position":"center center","background-size":"auto","background-attachment":"scroll","background-type":"","background-media":"","overlay-type":"","overlay-color":"","overlay-opacity":"","overlay-gradient":""},"mobile":{"background-color":"","background-image":"","background-repeat":"repeat","background-position":"center center","background-size":"auto","background-attachment":"scroll","background-type":"","background-media":"","overlay-type":"","overlay-color":"","overlay-opacity":"","overlay-gradient":""}},"ast-content-background-meta":{"desktop":{"background-color":"var(--ast-global-color-5)","background-image":"","background-repeat":"repeat","background-position":"center center","background-size":"auto","background-attachment":"scroll","background-type":"","background-media":"","overlay-type":"","overlay-color":"","overlay-opacity":"","overlay-gradient":""},"tablet":{"background-color":"var(--ast-global-color-5)","background-image":"","background-repeat":"repeat","background-position":"center center","background-size":"auto","background-attachment":"scroll","background-type":"","background-media":"","overlay-type":"","overlay-color":"","overlay-opacity":"","overlay-gradient":""},"mobile":{"background-color":"var(--ast-global-color-5)","background-image":"","background-repeat":"repeat","background-position":"center center","background-size":"auto","background-attachment":"scroll","background-type":"","background-media":"","overlay-type":"","overlay-color":"","overlay-opacity":"","overlay-gradient":""}},"footnotes":""},"class_list":["post-21947","page","type-page","status-publish","hentry"],"post_mailing_queue_ids":[],"_links":{"self":[{"href":"https:\/\/agora.xtec.cat\/ceipcesaraugust\/wp-json\/wp\/v2\/pages\/21947","targetHints":{"allow":["GET"]}}],"collection":[{"href":"https:\/\/agora.xtec.cat\/ceipcesaraugust\/wp-json\/wp\/v2\/pages"}],"about":[{"href":"https:\/\/agora.xtec.cat\/ceipcesaraugust\/wp-json\/wp\/v2\/types\/page"}],"author":[{"embeddable":true,"href":"https:\/\/agora.xtec.cat\/ceipcesaraugust\/wp-json\/wp\/v2\/users\/1"}],"replies":[{"embeddable":true,"href":"https:\/\/agora.xtec.cat\/ceipcesaraugust\/wp-json\/wp\/v2\/comments?post=21947"}],"version-history":[{"count":3,"href":"https:\/\/agora.xtec.cat\/ceipcesaraugust\/wp-json\/wp\/v2\/pages\/21947\/revisions"}],"predecessor-version":[{"id":22075,"href":"https:\/\/agora.xtec.cat\/ceipcesaraugust\/wp-json\/wp\/v2\/pages\/21947\/revisions\/22075"}],"up":[{"embeddable":true,"href":"https:\/\/agora.xtec.cat\/ceipcesaraugust\/wp-json\/wp\/v2\/pages\/28"}],"wp:attachment":[{"href":"https:\/\/agora.xtec.cat\/ceipcesaraugust\/wp-json\/wp\/v2\/media?parent=21947"}],"curies":[{"name":"wp","href":"https:\/\/api.w.org\/{rel}","templated":true}]}}

<h4>Què és el Consell Escolar de Centre (CEC)?</h4>
<p>És l&#8217;<strong>òrgan de Govern del centre educatiu</strong>. Es tracta d&#8217;un <strong>espai de participació on es prenen decisions importants</strong> com el projecte educatiu del centro o el calendari i horari escolars.</p>
<h4>Quines decisions por prendre el CEC?</h4>
<p>El CEC pren decisions molt importants que afecten l&#8217;organització, gestió i model de centre educatiu, com ara:</p>
<ul>
<li><strong>Participar</strong>
<ul>
<li>Projecte Educatiu</li>
<li>Programació General Anual</li>
<li>Normes de funcionament</li>
<li>Gestió econòmica</li>
<li>Procediment selecció del/de la director/a</li>
<li>Avaluació del funcionament general del centre</li>
</ul>
</li>
<li><strong>Aprovar</strong>
<ul>
<li>Directius per la programació d&#8217;activitats extraescolars</li>
<li>Criteris de col·laboració amb altres centres i entorn</li>
<li>Propostes de coresponsabilitat, convenis i altres acorda</li>
<li>Carta de compromís educatiu</li>
</ul>
</li>
<li><strong>Intervenir</strong>
<ul>
<li>Procediment d&#8217;admissió d&#8217;alumnes</li>
<li>Resolució de conflictes</li>
</ul>
</li>
<li><strong>Avaluar</strong>
<ul>
<li>Aplicació del projecte educatiu</li>
<li>Aplicació dels documents de gestió del centre</li>
<li>Desenvolupament de les activitats extraescolars</li>
</ul>
</li>
</ul>
<h4>Qui en formar part?</h4>
<p>El Consell Escolar de Centre el formen:</p>
<ul>
<li>Director/a i cap d&#8217;estudis</li>
<li>Representant del PAS</li>
<li>Representants de les famílies</li>
<li>Representant de l&#8217;AFA</li>
<li>Representants del professorat</li>
<li>Representant de l&#8217;ajuntament</li>
</ul>
<h4>Per què és important que les famílies hi participin?</h4>
<p>Les famílies tenen el <strong>dret de participar de manera democràtica en l&#8217;organització del centre</strong>. Així poden participar en decisions com les activitats extraescolars, el pla de funcionament del menjador escolar o l&#8217;horari i el calendari del centre. Les decisions preses al consell escolar són clau pel funcionament i millora dels aprenentatges de l&#8217;alumnat.</p>
<h4>Quan es fan les eleccions de consells escolars?</h4>
<p>Cada dos anys es convoquen eleccions per renovar de manera alterna el 50% del CEC. El Departament d&#8217;Educació publica amb antelació una resolució dels terminis.</p>
<p>És un procés electoral on <strong>tots els pares, mares i tutors legals del centre poden votar</strong> per escollir el candidat que considerin adient.</p>
<h4>Quin és el calendari d&#8217;aquest any?</h4>
<ul>
<li><strong>3 de novembre:</strong> publicació del cens provisional i publicació de vacants, forma i termini de presentació de les candidatures.</li>
<li><strong>Del 4 al 8 de novembre: </strong>període de reclamacions del cens electoral.</li>
<li><strong>9 de novembre: </strong>sorteig per determinar els vocals de les meses electorals.</li>
<li><strong>Del 3 al 15 de novembre: </strong>presentació de candidatures, presentació de sol·licituds per actuar com a supervisors de les votacions.</li>
<li><strong>10 de novembre: </strong>constitució de les meses electorals, resolució de les reclamacions als censos electorals i aprovació i publicació dels censos definitius.</li>
<li><strong>11 de novembre: </strong>publicació del cens definitiu.</li>
<li><strong>16 de novembre: </strong>publicació de les candidatures.</li>
<li><strong>24 de novembre: </strong>votacions del sector de famílies.</li>
<li><strong>30 de novembre: </strong>constitució del nou consell escolar.</li>
</ul>
<h4>Quant dura una candidatura?</h4>
<p>Quatre anys. Sempre que es mantinguin els requisits estipulats en el reglament.</p>
<h4>Què he de fer si em vull presentar a les eleccions?</h4>
<p>Poden ser candidats/es les mares, els pares i els/les tutors/es legals de l&#8217;alumnat del centre que exerceixen la pàtria potestat o la tutela d&#8217;aquest/es i figuren en el cens electoral.</p>
<p>Per fer-ho, cal que presentin omplert el <strong>full de presentació de candidatura </strong>que trobaran a la secretaria del centre abans de l&#8217;11 de novembre.</p>
<p>A continuació podeu trobar les presentacions de les mares i pares que s&#8217;han presentat per representar el <strong>sector de famílies</strong>:</p>
<ul>
<li><a href="https://drive.google.com/file/d/15AyrV-hgKinyjEyqSKm-Lu1yxp7vBK-v/view?usp=sharing" target="_blank" rel="noopener">Roser Vendrell</a></li>
<li><a href="https://drive.google.com/file/d/11AIdMMLTHp85bm0Yv5xC98Ljfc8ogW4V/view?usp=sharing" target="_blank" rel="noopener">Joan Doménech</a></li>
<li><a href="https://www.canva.com/design/DAEv5fVG6UA/O2oSlLBN0IeNSnL3vE2z1w/view?utm_content=DAEv5fVG6UA&amp;utm_campaign=designshare&amp;utm_medium=link&amp;utm_source=publishsharelink" target="_blank" rel="noopener">Ángel Cruz</a></li>
<li><a href="https://drive.google.com/file/d/1quAdDuea89LXy8gf1KFIY97XnChNxlSY/view?usp=sharing" target="_blank" rel="noopener">Susana García</a></li>
<li><a href="https://drive.google.com/file/d/1BpZ3ZekkRQBlA1xEeAyaGb_Rm8lwYx6O/view?usp=sharing" target="_blank" rel="noopener">Carolina Amores</a></li>
</ul>
<h4>Què passa si ningú es presenta per representar les famílies?</h4>
<p>Si ningú es presenta com a candidat/a dins de termini, passen a ser elegibles totes les mares, pares i tutors/es legals del centre. Si finalment no s&#8217;aconsegueix representació suficient de les famílies, el lloc queda buit i, per tant, les famílies deixen d&#8217;estar representades al CEC.</p>
<p>Font: <a href="https://agora.xtec.cat/ceipcesaraugust/wp-content/uploads/usu1489/2021/11/FDbgDU2XIAIh0fa.jpg">Document de l&#8217;AFFAC</a></p>
<p><a href="https://agora.xtec.cat/ceipcesaraugust/wp-content/uploads/usu1489/2021/11/FDbgDU2XIAIh0fa.jpg" target="_blank" rel="noopener"><img loading="lazy" decoding="async" class="aligncenter size-full wp-image-21946" style="color: #222222;" src="https://agora.xtec.cat/ceipcesaraugust/wp-content/uploads/usu1489/2021/11/eleccions-consell-escolar2122p.jpg" alt="" width="702" height="993" srcset="https://agora.xtec.cat/ceipcesaraugust/wp-content/uploads/usu1489/2021/11/eleccions-consell-escolar2122p.jpg 702w, https://agora.xtec.cat/ceipcesaraugust/wp-content/uploads/usu1489/2021/11/eleccions-consell-escolar2122p-212x300.jpg 212w" sizes="auto, (max-width: 702px) 100vw, 702px" /></a></p>
<p>&nbsp;</p>
<p>&nbsp;</p>
<p>&nbsp;</p>

<p>Què és el Consell Escolar de Centre (CEC)? És l&#8217;òrgan de Govern del centre educatiu. Es tracta d&#8217;un espai de [&hellip;]</p>
