{"id":804,"date":"2018-06-06T13:22:40","date_gmt":"2018-06-06T11:22:40","guid":{"rendered":"http:\/\/agora.xtec.cat\/ceipcervolablanca\/?page_id=804"},"modified":"2025-11-19T15:42:55","modified_gmt":"2025-11-19T14:42:55","slug":"projectes-descola","status":"publish","type":"page","link":"https:\/\/agora.xtec.cat\/ceipcervolablanca\/lescola\/projectes-descola\/","title":{"rendered":"Qui som?"},"content":{"rendered":"<p>Som l&#8217;escola C\u00e9rvola Blanca, el centre educatiu p\u00fablic del poble de Sant Mart\u00ed de Tous.<\/p>\n<p>La nostra escola parteix de la premissa que &#8220;<em>estem en proc\u00e9s<\/em>&#8220;, en el sentit que any rere any ens anem formant i avan\u00e7ant per caminar cap una escola millor i sabent que estem dins un proc\u00e9s permanent de transformaci\u00f3 educativa i social.<\/p>\n<p>Tenint present aix\u00f2, com a centre, tenim diferents projectes i trets d&#8217;identitat que ens caracteritzen, alguns dels quals detallem a continuaci\u00f3.<\/p>\n<p><a href=\"https:\/\/agora.xtec.cat\/ceipcervolablanca\/wp-content\/uploads\/usu1608\/2020\/02\/1-c\u00f2pia.png\"><img loading=\"lazy\" decoding=\"async\" class=\"wp-image-1293 aligncenter\" src=\"https:\/\/agora.xtec.cat\/ceipcervolablanca\/wp-content\/uploads\/usu1608\/2020\/02\/1-c\u00f2pia.png\" alt=\"\" width=\"104\" height=\"42\" \/><\/a><\/p>\n<p>Som una escola de Prim\u00e0ria, per tant tenim grups des d&#8217;i3 fins a 6\u00e8 de Prim\u00e0ria (P6).<\/p>\n<p>A l&#8217;escola ens agrupem per COMUNITATS:<\/p>\n<p><strong>COMUNITAT DE PETITS:<\/strong> formada per i3, i4 i i5<\/p>\n<p><strong>COMUNITAT DE MITJANS:<\/strong> formada per P1, P2 i P3<\/p>\n<p><strong>COMUNITAT DE GRANS:<\/strong> formada per P4, P5 i P6<\/p>\n<p>Les classes a l&#8217;escola reben noms fixes de personatges de la mitologia catalana:<\/p>\n<p>Petits: FOLLETS (i3), DRACS (i4), MAGS IMAGUES (i5)<\/p>\n<p>Mitjans: MINAIRONS (P1), NYITUS (P2), TRUCAFORTS (P3)<\/p>\n<p>Grans: ONDINES (P4), BUFARUTS (P5), MOIRES (P6).<\/p>\n<p>(veure imatges a l&#8217;apartat d&#8217;<em>Instal\u00b7lacions i fotos<\/em>)<\/p>\n<p>Junt a l&#8217;edifici de l&#8217;escola, tenim les instal\u00b7lacions de la LLAR D&#8217;INFANTS <em>PETITA C\u00c9RVOLA<\/em>, que \u00e9s de titularitat municipal i acull alumnes de 0 a 3 anys.<\/p>\n<p>(+ info sobre la Llar d&#8217;infants: <em>a8060162@xtec.cat<\/em>, Tel. 938096643)<\/p>\n<p><a href=\"https:\/\/agora.xtec.cat\/ceipcervolablanca\/wp-content\/uploads\/usu1608\/2020\/02\/LLAR-20200203_120125.jpg\"><img loading=\"lazy\" decoding=\"async\" class=\"alignnone wp-image-1290\" src=\"https:\/\/agora.xtec.cat\/ceipcervolablanca\/wp-content\/uploads\/usu1608\/2020\/02\/LLAR-20200203_120125-1024x767.jpg\" alt=\"\" width=\"138\" height=\"103\" srcset=\"https:\/\/agora.xtec.cat\/ceipcervolablanca\/wp-content\/uploads\/usu1608\/2020\/02\/LLAR-20200203_120125.jpg 1024w, https:\/\/agora.xtec.cat\/ceipcervolablanca\/wp-content\/uploads\/usu1608\/2020\/02\/LLAR-20200203_120125-300x225.jpg 300w, https:\/\/agora.xtec.cat\/ceipcervolablanca\/wp-content\/uploads\/usu1608\/2020\/02\/LLAR-20200203_120125-768x575.jpg 768w, https:\/\/agora.xtec.cat\/ceipcervolablanca\/wp-content\/uploads\/usu1608\/2020\/02\/LLAR-20200203_120125-200x150.jpg 200w\" sizes=\"auto, (max-width: 138px) 100vw, 138px\" \/><\/a><\/p>\n<p>A partir de P6 els alumnes van habitualment a l&#8217;institut de la zona on estem adscrits, que \u00e9s la zona d&#8217;Igualada.<\/p>\n<p><a href=\"https:\/\/agora.xtec.cat\/ceipcervolablanca\/wp-content\/uploads\/usu1608\/2020\/02\/1-c\u00f2pia-2.png\"><img loading=\"lazy\" decoding=\"async\" class=\"size-full wp-image-1295 aligncenter\" src=\"https:\/\/agora.xtec.cat\/ceipcervolablanca\/wp-content\/uploads\/usu1608\/2020\/02\/1-c\u00f2pia-2.png\" alt=\"\" width=\"119\" height=\"51\" \/><\/a><\/p>\n<p>Les fam\u00edlies s\u00f3n un pilar important a l&#8217;escola. A la C\u00e9rvola Blanca ens agrada fer xarxa amb les fam\u00edlies i l&#8217;entorn, per cr\u00e9ixer i caminar plegats. Les fam\u00edlies participen en diferents activitats i es coordinen amb l&#8217;escola a trav\u00e9s dels seus representants de l&#8217;AFA (veure apartat <em>AFA<\/em>). A l&#8217;inici de curs fem l&#8217;Assemblea de pares i mares i, al finalitzar sempre acostumem a recollir algunes impressions, dubtes i propostes de les fam\u00edlies.<\/p>\n<p>Podeu anar seguint el dia a dia de l&#8217;escola a l&#8217;apartat principal i als Blocs de cada Comunitat\u00a0 (a l&#8217;apartat superior dret de la nostra p\u00e0gina web teniu l&#8217;acc\u00e9s directe a les activitats i not\u00edcies de PETITS, MITJANS i GRANS).<\/p>\n<p>Seguim avan\u00e7ant pas a pas!<\/p>\n","protected":false},"excerpt":{"rendered":"<p>Som l&#8217;escola C\u00e9rvola Blanca, el centre educatiu p\u00fablic del poble de Sant Mart\u00ed de Tous. La nostra escola parteix de la premissa que &#8220;estem en proc\u00e9s&#8220;, en el sentit que any rere any ens anem formant i avan\u00e7ant per caminar cap una escola millor i sabent que estem dins un proc\u00e9s permanent de transformaci\u00f3 educativa [&hellip;]<\/p>\n","protected":false},"author":1,"featured_media":0,"parent":22,"menu_order":0,"comment_status":"closed","ping_status":"closed","template":"","meta":{"_bbp_topic_count":0,"_bbp_reply_count":0,"_bbp_total_topic_count":0,"_bbp_total_reply_count":0,"_bbp_voice_count":0,"_bbp_anonymous_reply_count":0,"_bbp_topic_count_hidden":0,"_bbp_reply_count_hidden":0,"_bbp_forum_subforum_count":0,"site-sidebar-layout":"default","site-content-layout":"","ast-site-content-layout":"default","site-content-style":"default","site-sidebar-style":"default","ast-global-header-display":"","ast-banner-title-visibility":"","ast-main-header-display":"","ast-hfb-above-header-display":"","ast-hfb-below-header-display":"","ast-hfb-mobile-header-display":"","site-post-title":"","ast-breadcrumbs-content":"","ast-featured-img":"","footer-sml-layout":"","theme-transparent-header-meta":"","adv-header-id-meta":"","stick-header-meta":"","header-above-stick-meta":"","header-main-stick-meta":"","header-below-stick-meta":"","astra-migrate-meta-layouts":"set","ast-page-background-enabled":"default","ast-page-background-meta":{"desktop":{"background-color":"var(--ast-global-color-4)","background-image":"","background-repeat":"repeat","background-position":"center center","background-size":"auto","background-attachment":"scroll","background-type":"","background-media":"","overlay-type":"","overlay-color":"","overlay-opacity":"","overlay-gradient":""},"tablet":{"background-color":"","background-image":"","background-repeat":"repeat","background-position":"center center","background-size":"auto","background-attachment":"scroll","background-type":"","background-media":"","overlay-type":"","overlay-color":"","overlay-opacity":"","overlay-gradient":""},"mobile":{"background-color":"","background-image":"","background-repeat":"repeat","background-position":"center center","background-size":"auto","background-attachment":"scroll","background-type":"","background-media":"","overlay-type":"","overlay-color":"","overlay-opacity":"","overlay-gradient":""}},"ast-content-background-meta":{"desktop":{"background-color":"var(--ast-global-color-5)","background-image":"","background-repeat":"repeat","background-position":"center center","background-size":"auto","background-attachment":"scroll","background-type":"","background-media":"","overlay-type":"","overlay-color":"","overlay-opacity":"","overlay-gradient":""},"tablet":{"background-color":"var(--ast-global-color-5)","background-image":"","background-repeat":"repeat","background-position":"center center","background-size":"auto","background-attachment":"scroll","background-type":"","background-media":"","overlay-type":"","overlay-color":"","overlay-opacity":"","overlay-gradient":""},"mobile":{"background-color":"var(--ast-global-color-5)","background-image":"","background-repeat":"repeat","background-position":"center center","background-size":"auto","background-attachment":"scroll","background-type":"","background-media":"","overlay-type":"","overlay-color":"","overlay-opacity":"","overlay-gradient":""}},"footnotes":""},"class_list":["post-804","page","type-page","status-publish","hentry"],"post_mailing_queue_ids":[],"_links":{"self":[{"href":"https:\/\/agora.xtec.cat\/ceipcervolablanca\/wp-json\/wp\/v2\/pages\/804","targetHints":{"allow":["GET"]}}],"collection":[{"href":"https:\/\/agora.xtec.cat\/ceipcervolablanca\/wp-json\/wp\/v2\/pages"}],"about":[{"href":"https:\/\/agora.xtec.cat\/ceipcervolablanca\/wp-json\/wp\/v2\/types\/page"}],"author":[{"embeddable":true,"href":"https:\/\/agora.xtec.cat\/ceipcervolablanca\/wp-json\/wp\/v2\/users\/1"}],"replies":[{"embeddable":true,"href":"https:\/\/agora.xtec.cat\/ceipcervolablanca\/wp-json\/wp\/v2\/comments?post=804"}],"version-history":[{"count":6,"href":"https:\/\/agora.xtec.cat\/ceipcervolablanca\/wp-json\/wp\/v2\/pages\/804\/revisions"}],"predecessor-version":[{"id":3230,"href":"https:\/\/agora.xtec.cat\/ceipcervolablanca\/wp-json\/wp\/v2\/pages\/804\/revisions\/3230"}],"up":[{"embeddable":true,"href":"https:\/\/agora.xtec.cat\/ceipcervolablanca\/wp-json\/wp\/v2\/pages\/22"}],"wp:attachment":[{"href":"https:\/\/agora.xtec.cat\/ceipcervolablanca\/wp-json\/wp\/v2\/media?parent=804"}],"curies":[{"name":"wp","href":"https:\/\/api.w.org\/{rel}","templated":true}]}}