{"id":73,"date":"2014-09-18T14:01:51","date_gmt":"2014-09-18T13:01:51","guid":{"rendered":"http:\/\/agora.xtec.cat\/ceipcervolablanca\/?page_id=73"},"modified":"2026-05-04T08:42:12","modified_gmt":"2026-05-04T06:42:12","slug":"menjador-escolar","status":"publish","type":"page","link":"https:\/\/agora.xtec.cat\/ceipcervolablanca\/serveis\/menjador-escolar\/","title":{"rendered":"Menjador escolar"},"content":{"rendered":"<p>L&#8217;escola ofereix servei de menjador mitjan\u00e7ant el Consell Comarcal. L&#8217;empresa que gestiona el c\u00e0tering aquest curs 24-25 \u00e9s AlimentArt.<\/p>\n<p>La Comissi\u00f3 Mixta de menjador (formada per tots els agents que intervenen en la coordinaci\u00f3 de temes relacionats amb el servei: escola, coordinaci\u00f3 de menjador, AFA i Ajuntament), vetlla per un correcte funcionament d&#8217;aquesta franja del dia al centre. L&#8217;horari de menjador \u00e9s de 12:30h a 15h del migdia.<\/p>\n<div><\/div>\n<div>\n<p>A l&#8217;apartat <a href=\"https:\/\/agora.xtec.cat\/ceipcervolablanca\/lescola\/autoritzacions-per-families\/\">Autoritzacions per fam\u00edlies<\/a> teniu el full d&#8217;inscripci\u00f3 i\/o continu\u00eftat de MENJADOR<strong><strong>.<\/strong><\/strong><\/p>\n<p>El correu de menjador \u00e9s gestionat per la coordinadora:\u00a0<a href=\"mailto:menjadorcervolablanca@gmail.com\">menjadorcervolablanca@gmail.com <\/a>(cal enviar c\u00f2pia al correu de Comunitat): <a href=\"mailto:petits@cervolablanca.cat\">petits@cervolablanca.cat<\/a>, <a href=\"mailto:mitjans@cervolablanca.cat\">mitjans@cervolablanca.cat<\/a>, <a href=\"mailto:grans@cervolablanca.cat\">grans@cervolablanca.cat<\/a><\/p>\n<p><a href=\"https:\/\/agora.xtec.cat\/ceipcervolablanca\/wp-content\/uploads\/usu1608\/2026\/05\/menu-basal-maig-2026_-cervola-blanca.pdf\">MEN\u00da MAIG 25-26<\/a><\/p>\n<p><a href=\"https:\/\/agora.xtec.cat\/ceipcervolablanca\/wp-content\/uploads\/usu1608\/2026\/04\/menu-basal-abril-2026_-cervola-blanca.pdf\">MEN\u00da ABRIL\u00a0 25-26<\/a><\/p>\n<p><span style=\"background-color: rgba(0, 0, 0, 0); font-size: 1rem; font-weight: inherit;\">&#8230;&#8230;&#8230;&#8230;&#8230;&#8230;&#8230;&#8230;&#8230;&#8230;&#8230;&#8230;&#8230;&#8230;&#8230;&#8230;&#8230;&#8230;&#8230;&#8230;&#8230;&#8230;&#8230;&#8230;<\/span><\/p>\n<\/div>\n<div>\n<div><img decoding=\"async\" class=\"alignnone\" src=\"https:\/\/alimentart.com\/wp-content\/uploads\/2022\/07\/logo-alimentart.png\" alt=\"AlimentArt\" \/><\/div>\n<div><\/div>\n<p>Cal seguir les<a href=\"https:\/\/agora.xtec.cat\/ceipcervolablanca\/wp-content\/uploads\/usu1608\/2024\/07\/NORMATIVA-ANOIA-24-25.pdf\"><strong> indicacions de l&#8217;empresa<\/strong><\/a>:<\/p>\n<\/div>\n<p>&#8211; Cal apuntar fixes i espor\u00e0dics mitjan\u00e7ant el full d&#8217;inscripci\u00f3, deixant sempre les dades banc\u00e0ries pel cobrament dels rebuts.<\/p>\n<p>&#8211; L&#8217;horari per apuntar\/desapuntar a menjador \u00e9s m\u00e0xim fins les 9:15h del mateix dia, tant per casos d&#8217;espor\u00e0dics com per notificar canvis respecte algun fixe (enviant correu al menjador).<\/p>\n<p>&#8211; Passada aquesta hora no es recolliran peticions. Aix\u00f2 implica que si alg\u00fa vol deixar el nen\/a menjador de forma espor\u00e0dica i ho notifica m\u00e9s tard de les 9:15h no se&#8217;l podr\u00e0 apuntar, perqu\u00e8 els men\u00fas venen comptats i el recompte es tanca a aquesta hora. Igualment pot passar que un fixe de forma puntual no es quedi un dia i el men\u00fa no se li cobrar\u00e0 sempre i quan avisi abans de les 9:15h del mateix dia.<\/p>\n<p>Gr\u00e0cies per la col\u00b7laboraci\u00f3!<\/p>\n","protected":false},"excerpt":{"rendered":"<p>L&#8217;escola ofereix servei de menjador mitjan\u00e7ant el Consell Comarcal. L&#8217;empresa que gestiona el c\u00e0tering aquest curs 24-25 \u00e9s AlimentArt. La Comissi\u00f3 Mixta de menjador (formada per tots els agents que intervenen en la coordinaci\u00f3 de temes relacionats amb el servei: escola, coordinaci\u00f3 de menjador, AFA i Ajuntament), vetlla per un correcte funcionament d&#8217;aquesta franja del [&hellip;]<\/p>\n","protected":false},"author":1,"featured_media":0,"parent":66,"menu_order":30,"comment_status":"closed","ping_status":"closed","template":"","meta":{"_bbp_topic_count":0,"_bbp_reply_count":0,"_bbp_total_topic_count":0,"_bbp_total_reply_count":0,"_bbp_voice_count":0,"_bbp_anonymous_reply_count":0,"_bbp_topic_count_hidden":0,"_bbp_reply_count_hidden":0,"_bbp_forum_subforum_count":0,"site-sidebar-layout":"default","site-content-layout":"","ast-site-content-layout":"default","site-content-style":"default","site-sidebar-style":"default","ast-global-header-display":"","ast-banner-title-visibility":"","ast-main-header-display":"","ast-hfb-above-header-display":"","ast-hfb-below-header-display":"","ast-hfb-mobile-header-display":"","site-post-title":"","ast-breadcrumbs-content":"","ast-featured-img":"","footer-sml-layout":"","theme-transparent-header-meta":"","adv-header-id-meta":"","stick-header-meta":"","header-above-stick-meta":"","header-main-stick-meta":"","header-below-stick-meta":"","astra-migrate-meta-layouts":"set","ast-page-background-enabled":"default","ast-page-background-meta":{"desktop":{"background-color":"var(--ast-global-color-4)","background-image":"","background-repeat":"repeat","background-position":"center center","background-size":"auto","background-attachment":"scroll","background-type":"","background-media":"","overlay-type":"","overlay-color":"","overlay-opacity":"","overlay-gradient":""},"tablet":{"background-color":"","background-image":"","background-repeat":"repeat","background-position":"center center","background-size":"auto","background-attachment":"scroll","background-type":"","background-media":"","overlay-type":"","overlay-color":"","overlay-opacity":"","overlay-gradient":""},"mobile":{"background-color":"","background-image":"","background-repeat":"repeat","background-position":"center center","background-size":"auto","background-attachment":"scroll","background-type":"","background-media":"","overlay-type":"","overlay-color":"","overlay-opacity":"","overlay-gradient":""}},"ast-content-background-meta":{"desktop":{"background-color":"var(--ast-global-color-5)","background-image":"","background-repeat":"repeat","background-position":"center center","background-size":"auto","background-attachment":"scroll","background-type":"","background-media":"","overlay-type":"","overlay-color":"","overlay-opacity":"","overlay-gradient":""},"tablet":{"background-color":"var(--ast-global-color-5)","background-image":"","background-repeat":"repeat","background-position":"center center","background-size":"auto","background-attachment":"scroll","background-type":"","background-media":"","overlay-type":"","overlay-color":"","overlay-opacity":"","overlay-gradient":""},"mobile":{"background-color":"var(--ast-global-color-5)","background-image":"","background-repeat":"repeat","background-position":"center center","background-size":"auto","background-attachment":"scroll","background-type":"","background-media":"","overlay-type":"","overlay-color":"","overlay-opacity":"","overlay-gradient":""}},"footnotes":""},"class_list":["post-73","page","type-page","status-publish","hentry"],"post_mailing_queue_ids":[],"_links":{"self":[{"href":"https:\/\/agora.xtec.cat\/ceipcervolablanca\/wp-json\/wp\/v2\/pages\/73","targetHints":{"allow":["GET"]}}],"collection":[{"href":"https:\/\/agora.xtec.cat\/ceipcervolablanca\/wp-json\/wp\/v2\/pages"}],"about":[{"href":"https:\/\/agora.xtec.cat\/ceipcervolablanca\/wp-json\/wp\/v2\/types\/page"}],"author":[{"embeddable":true,"href":"https:\/\/agora.xtec.cat\/ceipcervolablanca\/wp-json\/wp\/v2\/users\/1"}],"replies":[{"embeddable":true,"href":"https:\/\/agora.xtec.cat\/ceipcervolablanca\/wp-json\/wp\/v2\/comments?post=73"}],"version-history":[{"count":6,"href":"https:\/\/agora.xtec.cat\/ceipcervolablanca\/wp-json\/wp\/v2\/pages\/73\/revisions"}],"predecessor-version":[{"id":3373,"href":"https:\/\/agora.xtec.cat\/ceipcervolablanca\/wp-json\/wp\/v2\/pages\/73\/revisions\/3373"}],"up":[{"embeddable":true,"href":"https:\/\/agora.xtec.cat\/ceipcervolablanca\/wp-json\/wp\/v2\/pages\/66"}],"wp:attachment":[{"href":"https:\/\/agora.xtec.cat\/ceipcervolablanca\/wp-json\/wp\/v2\/media?parent=73"}],"curies":[{"name":"wp","href":"https:\/\/api.w.org\/{rel}","templated":true}]}}