{"id":2273,"date":"2022-09-23T14:44:44","date_gmt":"2022-09-23T12:44:44","guid":{"rendered":"https:\/\/agora.xtec.cat\/ceipcervolablanca\/?page_id=2273"},"modified":"2024-03-12T17:23:58","modified_gmt":"2024-03-12T16:23:58","slug":"operacions-matematiques","status":"publish","type":"page","link":"https:\/\/agora.xtec.cat\/ceipcervolablanca\/operacions-matematiques\/","title":{"rendered":"Operacions matem\u00e0tiques"},"content":{"rendered":"<p>A l&#8217;escola donem molta import\u00e0ncia al raonament l\u00f2gic i entenem que els processos matem\u00e0tics que es realitzen han de ser comprensius i significatius per a l&#8217;infant.<\/p>\n<p>Ensenyem a resoldre les operacions b\u00e0siques amb un m\u00e8tode consensuat per tot el claustre que creiem que segueixen aquests criteris comprensius.<\/p>\n<p>Abans d&#8217;ensenyar l&#8217;algoritme utilitzem materials manipulatius diversos per entendre el proc\u00e9s que fem quan fem una operaci\u00f3.<\/p>\n<p>A continuaci\u00f3 us deixem uns v\u00eddeos on s&#8217;explica el m\u00e8tode que utilitzem.<\/p>\n<p><a href=\"https:\/\/drive.google.com\/drive\/folders\/1d5wdwsSaZmoOfQteNH8Y57hVTTWYGxqG?usp=sharing\">CLIQUEU AQU\u00cd PER ACCEDIR-HI.<\/a><\/p>\n","protected":false},"excerpt":{"rendered":"<p>A l&#8217;escola donem molta import\u00e0ncia al raonament l\u00f2gic i entenem que els processos matem\u00e0tics que es realitzen han de ser comprensius i significatius per a l&#8217;infant. Ensenyem a resoldre les operacions b\u00e0siques amb un m\u00e8tode consensuat per tot el claustre que creiem que segueixen aquests criteris comprensius. Abans d&#8217;ensenyar l&#8217;algoritme utilitzem materials manipulatius diversos per [&hellip;]<\/p>\n","protected":false},"author":1,"featured_media":0,"parent":0,"menu_order":0,"comment_status":"closed","ping_status":"closed","template":"","meta":{"_bbp_topic_count":0,"_bbp_reply_count":0,"_bbp_total_topic_count":0,"_bbp_total_reply_count":0,"_bbp_voice_count":0,"_bbp_anonymous_reply_count":0,"_bbp_topic_count_hidden":0,"_bbp_reply_count_hidden":0,"_bbp_forum_subforum_count":0,"site-sidebar-layout":"default","site-content-layout":"","ast-site-content-layout":"","site-content-style":"default","site-sidebar-style":"default","ast-global-header-display":"","ast-banner-title-visibility":"","ast-main-header-display":"","ast-hfb-above-header-display":"","ast-hfb-below-header-display":"","ast-hfb-mobile-header-display":"","site-post-title":"","ast-breadcrumbs-content":"","ast-featured-img":"","footer-sml-layout":"","theme-transparent-header-meta":"","adv-header-id-meta":"","stick-header-meta":"","header-above-stick-meta":"","header-main-stick-meta":"","header-below-stick-meta":"","astra-migrate-meta-layouts":"default","ast-page-background-enabled":"default","ast-page-background-meta":{"desktop":{"background-color":"var(--ast-global-color-4)","background-image":"","background-repeat":"repeat","background-position":"center center","background-size":"auto","background-attachment":"scroll","background-type":"","background-media":"","overlay-type":"","overlay-color":"","overlay-opacity":"","overlay-gradient":""},"tablet":{"background-color":"","background-image":"","background-repeat":"repeat","background-position":"center center","background-size":"auto","background-attachment":"scroll","background-type":"","background-media":"","overlay-type":"","overlay-color":"","overlay-opacity":"","overlay-gradient":""},"mobile":{"background-color":"","background-image":"","background-repeat":"repeat","background-position":"center center","background-size":"auto","background-attachment":"scroll","background-type":"","background-media":"","overlay-type":"","overlay-color":"","overlay-opacity":"","overlay-gradient":""}},"ast-content-background-meta":{"desktop":{"background-color":"var(--ast-global-color-5)","background-image":"","background-repeat":"repeat","background-position":"center center","background-size":"auto","background-attachment":"scroll","background-type":"","background-media":"","overlay-type":"","overlay-color":"","overlay-opacity":"","overlay-gradient":""},"tablet":{"background-color":"var(--ast-global-color-5)","background-image":"","background-repeat":"repeat","background-position":"center center","background-size":"auto","background-attachment":"scroll","background-type":"","background-media":"","overlay-type":"","overlay-color":"","overlay-opacity":"","overlay-gradient":""},"mobile":{"background-color":"var(--ast-global-color-5)","background-image":"","background-repeat":"repeat","background-position":"center center","background-size":"auto","background-attachment":"scroll","background-type":"","background-media":"","overlay-type":"","overlay-color":"","overlay-opacity":"","overlay-gradient":""}},"footnotes":""},"class_list":["post-2273","page","type-page","status-publish","hentry"],"post_mailing_queue_ids":[],"_links":{"self":[{"href":"https:\/\/agora.xtec.cat\/ceipcervolablanca\/wp-json\/wp\/v2\/pages\/2273","targetHints":{"allow":["GET"]}}],"collection":[{"href":"https:\/\/agora.xtec.cat\/ceipcervolablanca\/wp-json\/wp\/v2\/pages"}],"about":[{"href":"https:\/\/agora.xtec.cat\/ceipcervolablanca\/wp-json\/wp\/v2\/types\/page"}],"author":[{"embeddable":true,"href":"https:\/\/agora.xtec.cat\/ceipcervolablanca\/wp-json\/wp\/v2\/users\/1"}],"replies":[{"embeddable":true,"href":"https:\/\/agora.xtec.cat\/ceipcervolablanca\/wp-json\/wp\/v2\/comments?post=2273"}],"version-history":[{"count":2,"href":"https:\/\/agora.xtec.cat\/ceipcervolablanca\/wp-json\/wp\/v2\/pages\/2273\/revisions"}],"predecessor-version":[{"id":2583,"href":"https:\/\/agora.xtec.cat\/ceipcervolablanca\/wp-json\/wp\/v2\/pages\/2273\/revisions\/2583"}],"wp:attachment":[{"href":"https:\/\/agora.xtec.cat\/ceipcervolablanca\/wp-json\/wp\/v2\/media?parent=2273"}],"curies":[{"name":"wp","href":"https:\/\/api.w.org\/{rel}","templated":true}]}}