{"id":6428,"date":"2023-03-27T16:09:54","date_gmt":"2023-03-27T14:09:54","guid":{"rendered":"https:\/\/agora.xtec.cat\/ceipcervanteslleida\/?page_id=6428"},"modified":"2023-05-17T20:52:20","modified_gmt":"2023-05-17T18:52:20","slug":"families","status":"publish","type":"page","link":"https:\/\/agora.xtec.cat\/ceipcervanteslleida\/acolliment-digital\/families\/","title":{"rendered":"FAM\u00cdLIES"},"content":{"rendered":"<p>En el moment que l&#8217;alumnat es matricula al centre s&#8217;informar\u00e0 a les fam\u00edlies de:<\/p>\n<section id=\"h.50a691a37a6294e_1830\" class=\"yaqOZd\">\n<div class=\"mYVXT\">\n<div class=\"LS81yb VICjCf j5pSsc db35Fc\" tabindex=\"-1\">\n<div class=\"hJDwNd-AhqUyc-OiUrBf Ft7HRd-AhqUyc-OiUrBf purZT-AhqUyc-II5mzb ZcASvf-AhqUyc-II5mzb pSzOP-AhqUyc-qWD73c Ktthjf-AhqUyc-qWD73c JNdkSc SQVYQc\">\n<div class=\"JNdkSc-SmKAyb LkDMRd\">\n<div class=\"\">\n<div class=\"oKdM2c ZZyype Kzv0Me\">\n<div id=\"h.50a691a37a6294e_1833\" class=\"hJDwNd-AhqUyc-OiUrBf Ft7HRd-AhqUyc-OiUrBf jXK9ad D2fZ2 zu5uec OjCsFc dmUFtb wHaque g5GTcb\">\n<div class=\"jXK9ad-SmKAyb\">\n<div class=\"tyJCtd mGzaTb Depvyb baZpAe\">\n<ul class=\"n8H08c UVNKR \">\n<li class=\"zfr3Q TYR86d eD0Rn \" dir=\"ltr\">\n<p class=\"zfr3Q CDt4Ke \" dir=\"ltr\" role=\"presentation\"><span class=\"jgG6ef C9DxTc \">S<\/span><span class=\"C9DxTc \">&#8216;actualitzen les dades d&#8217;Esfera.<\/span><\/p>\n<\/li>\n<li class=\"zfr3Q TYR86d eD0Rn \" dir=\"ltr\">\n<p class=\"zfr3Q CDt4Ke \" dir=\"ltr\" role=\"presentation\"><span class=\"C9DxTc \">S&#8217;incorporen les dades personals en el registre intern del centre (adreces de correu electr\u00f2nic, tel\u00e8fon&#8230;).<\/span><\/p>\n<\/li>\n<\/ul>\n<\/div>\n<\/div>\n<\/div>\n<\/div>\n<\/div>\n<\/div>\n<\/div>\n<div class=\"hJDwNd-AhqUyc-II5mzb Ft7HRd-AhqUyc-II5mzb purZT-AhqUyc-II5mzb ZcASvf-AhqUyc-II5mzb pSzOP-AhqUyc-II5mzb Ktthjf-AhqUyc-II5mzb JNdkSc SQVYQc\">\n<div class=\"JNdkSc-SmKAyb LkDMRd\">\n<div class=\"\">\n<div class=\"oKdM2c ZZyype Kzv0Me\">\n<div id=\"h.1c1825c0f1d9fa42_65\" class=\"hJDwNd-AhqUyc-II5mzb Ft7HRd-AhqUyc-II5mzb pSzOP-AhqUyc-II5mzb Ktthjf-AhqUyc-II5mzb jXK9ad D2fZ2 zu5uec OjCsFc dmUFtb wHaque g5GTcb\">\n<div class=\"jXK9ad-SmKAyb\"><\/div>\n<\/div>\n<\/div>\n<\/div>\n<\/div>\n<\/div>\n<\/div>\n<\/div>\n<\/section>\n<section id=\"h.1c1825c0f1d9fa42_66\" class=\"yaqOZd\">\n<div class=\"mYVXT\">\n<div class=\"LS81yb VICjCf j5pSsc db35Fc\" tabindex=\"-1\">\n<div class=\"hJDwNd-AhqUyc-uQSCkd Ft7HRd-AhqUyc-uQSCkd purZT-AhqUyc-II5mzb ZcASvf-AhqUyc-II5mzb pSzOP-AhqUyc-qWD73c Ktthjf-AhqUyc-qWD73c JNdkSc SQVYQc\">\n<div class=\"JNdkSc-SmKAyb LkDMRd\">\n<div class=\"\">\n<div class=\"oKdM2c ZZyype Kzv0Me\">\n<div id=\"h.1c1825c0f1d9fa42_69\" class=\"hJDwNd-AhqUyc-uQSCkd Ft7HRd-AhqUyc-uQSCkd jXK9ad D2fZ2 zu5uec OjCsFc dmUFtb wHaque g5GTcb\">\n<div class=\"jXK9ad-SmKAyb\">\n<div class=\"tyJCtd mGzaTb Depvyb baZpAe\">\n<ul class=\"n8H08c UVNKR \">\n<li class=\"zfr3Q TYR86d eD0Rn \" dir=\"ltr\">\n<p class=\"zfr3Q CDt4Ke \" dir=\"ltr\" role=\"presentation\"><span class=\"C9DxTc \">Es facilita l&#8217;acc\u00e9s a l&#8217;autoritzaci\u00f3 de drets d&#8217;imatge i \u00fas de serveis i recursos digitals d&#8217;internet.\u00a0<\/span><\/p>\n<\/li>\n<\/ul>\n<p class=\"zfr3Q CDt4Ke \" dir=\"ltr\" role=\"presentation\"><a href=\"https:\/\/documents.espai.educacio.gencat.cat\/FormularisModels\/ProteccioDades\/A251.pdf\">Autoritzaci\u00f3 per a alumnes menors de 14 anys: \u00fas d\u2019imatges, publicaci\u00f3 de dades de car\u00e0cter personal i de material que elaboren<\/a><\/p>\n<ul class=\"n8H08c UVNKR \">\n<li class=\"zfr3Q TYR86d eD0Rn \" dir=\"ltr\">\n<p class=\"zfr3Q CDt4Ke \" dir=\"ltr\" role=\"presentation\"><span class=\"C9DxTc \">Se&#8217;ls fa coneixedors i sabedors de les\u00a0<\/span><span class=\"C9DxTc aw5Odc \">vies de comunicaci\u00f3 fam\u00edlia &#8211; escola<\/span><span class=\"C9DxTc \"> aix\u00ed com la comunicaci\u00f3 amb el tutor i la resta de comunitat educativa.<\/span><\/p>\n<\/li>\n<li class=\"zfr3Q TYR86d eD0Rn \" dir=\"ltr\">\n<p class=\"zfr3Q CDt4Ke \" dir=\"ltr\" role=\"presentation\"><span class=\"C9DxTc \">Se&#8217;ls informa que, a Cicle Mitj\u00e0 d&#8217;Educaci\u00f3 Prim\u00e0ria, l&#8217;alumnat disposar\u00e0 d&#8217;un correu electr\u00f2nic del domini propi del centre per accedir a l&#8217;EVA del centre (Google Classroom).\u00a0<\/span><\/p>\n<\/li>\n<\/ul>\n<\/div>\n<p>La <strong>p\u00e0gina web del centre<\/strong>: <em>https:\/\/agora.xtec.cat\/ceipcervanteslleida\/<\/em><\/p>\n<p><a href=\"https:\/\/agora.xtec.cat\/ceipcervanteslleida\/wp-content\/uploads\/usu755\/2023\/03\/pag-web.jpg\"><img loading=\"lazy\" decoding=\"async\" class=\"alignnone wp-image-6434 \" src=\"https:\/\/agora.xtec.cat\/ceipcervanteslleida\/wp-content\/uploads\/usu755\/2023\/03\/pag-web.jpg\" alt=\"\" width=\"974\" height=\"119\" srcset=\"https:\/\/agora.xtec.cat\/ceipcervanteslleida\/wp-content\/uploads\/usu755\/2023\/03\/pag-web.jpg 1329w, https:\/\/agora.xtec.cat\/ceipcervanteslleida\/wp-content\/uploads\/usu755\/2023\/03\/pag-web-300x37.jpg 300w, https:\/\/agora.xtec.cat\/ceipcervanteslleida\/wp-content\/uploads\/usu755\/2023\/03\/pag-web-1024x126.jpg 1024w, https:\/\/agora.xtec.cat\/ceipcervanteslleida\/wp-content\/uploads\/usu755\/2023\/03\/pag-web-768x94.jpg 768w\" sizes=\"auto, (max-width: 974px) 100vw, 974px\" \/><\/a><\/p>\n<\/div>\n<p>El <strong>Kit tecnol\u00f2gic<\/strong>:<\/p>\n<ul>\n<li>Alumnat de <strong>Cicle Superior<\/strong>: Se li proporcionar\u00e0 l&#8217;ordinador de dotaci\u00f3 del Departament i les seves credencials d&#8217;acc\u00e9s.<\/li>\n<\/ul>\n<p>Tot l&#8217;alumnat podr\u00e0 fer \u00fas del <strong>maquinari del centre<\/strong>:<\/p>\n<ul>\n<li>Pissarres digitals i monitors interactius.<\/li>\n<li>Tauletes<\/li>\n<li>Ordinadors port\u00e0tils<\/li>\n<li>Bee-bots<\/li>\n<li>Armaris de c\u00e0rrega<\/li>\n<li>Servei d&#8217;impressi\u00f3<\/li>\n<li>Lego WeDo 2.0<\/li>\n<li>Lego Spike<\/li>\n<\/ul>\n<p><strong>Gesti\u00f3 d&#8217;incid\u00e8ncies<\/strong>: Quan hi ha una incid\u00e8ncia, l&#8217;alumnat ho comunicar\u00e0 al docent d&#8217;aula.<\/p>\n<p>&nbsp;<\/p>\n<\/div>\n<\/div>\n<\/div>\n<\/div>\n<\/div>\n<\/div>\n<\/div>\n<\/section>\n","protected":false},"excerpt":{"rendered":"<p>En el moment que l&#8217;alumnat es matricula al centre s&#8217;informar\u00e0 a les fam\u00edlies de:<\/p>\n<ul class=\"n8H08c UVNKR \">\n<li class=\"zfr3Q TYR86d eD0Rn \" dir=\"ltr\">\nS&#8216;actualitzen les dades d&#8217;Esfera.\n<\/li>\n<li class=\"zfr3Q TYR86d eD0Rn \" dir=\"ltr\">\nS&#8217;incorporen les dades personals en el registre intern del centre (adreces de correu electr\u00f2nic, tel\u00e8fon&#8230;).\n<\/li>\n<\/ul>\n<ul class=\"n8H08c&hellip;  <a href=\"https:\/\/agora.xtec.cat\/ceipcervanteslleida\/acolliment-digital\/families\/\" title=\"Read FAM\u00cdLIES\">Llegeix m\u00e9s\u00bb<\/a><\/p>\n","protected":false},"author":23,"featured_media":0,"parent":5830,"menu_order":0,"comment_status":"closed","ping_status":"closed","template":"","meta":{"_bbp_topic_count":0,"_bbp_reply_count":0,"_bbp_total_topic_count":0,"_bbp_total_reply_count":0,"_bbp_voice_count":0,"_bbp_anonymous_reply_count":0,"_bbp_topic_count_hidden":0,"_bbp_reply_count_hidden":0,"_bbp_forum_subforum_count":0,"footnotes":""},"class_list":["post-6428","page","type-page","status-publish","hentry"],"post_mailing_queue_ids":[],"_links":{"self":[{"href":"https:\/\/agora.xtec.cat\/ceipcervanteslleida\/wp-json\/wp\/v2\/pages\/6428","targetHints":{"allow":["GET"]}}],"collection":[{"href":"https:\/\/agora.xtec.cat\/ceipcervanteslleida\/wp-json\/wp\/v2\/pages"}],"about":[{"href":"https:\/\/agora.xtec.cat\/ceipcervanteslleida\/wp-json\/wp\/v2\/types\/page"}],"author":[{"embeddable":true,"href":"https:\/\/agora.xtec.cat\/ceipcervanteslleida\/wp-json\/wp\/v2\/users\/23"}],"replies":[{"embeddable":true,"href":"https:\/\/agora.xtec.cat\/ceipcervanteslleida\/wp-json\/wp\/v2\/comments?post=6428"}],"version-history":[{"count":4,"href":"https:\/\/agora.xtec.cat\/ceipcervanteslleida\/wp-json\/wp\/v2\/pages\/6428\/revisions"}],"predecessor-version":[{"id":6553,"href":"https:\/\/agora.xtec.cat\/ceipcervanteslleida\/wp-json\/wp\/v2\/pages\/6428\/revisions\/6553"}],"up":[{"embeddable":true,"href":"https:\/\/agora.xtec.cat\/ceipcervanteslleida\/wp-json\/wp\/v2\/pages\/5830"}],"wp:attachment":[{"href":"https:\/\/agora.xtec.cat\/ceipcervanteslleida\/wp-json\/wp\/v2\/media?parent=6428"}],"curies":[{"name":"wp","href":"https:\/\/api.w.org\/{rel}","templated":true}]}}