{"id":5840,"date":"2022-04-20T12:05:08","date_gmt":"2022-04-20T10:05:08","guid":{"rendered":"https:\/\/agora.xtec.cat\/ceipcervanteslleida\/?page_id=5840"},"modified":"2023-03-29T20:18:11","modified_gmt":"2023-03-29T18:18:11","slug":"repositori","status":"publish","type":"page","link":"https:\/\/agora.xtec.cat\/ceipcervanteslleida\/repositori\/","title":{"rendered":"Repositori digital"},"content":{"rendered":"<div class=\"CjVfdc CJIdie\"><span class=\"C9DxTc \">\u00c9s un sistema d&#8217;acc\u00e9s obert que t\u00e9 l&#8217;objectiu d&#8217;emmagatzemar, preservar i difondre aspectes interessants per a la comunitat educativa.<\/span><\/div>\n<div><\/div>\n<div><\/div>\n<div><\/div>\n<ul>\n<li><strong>Symbaloo<\/strong> de l&#8217;escola: En aquest espai es recullen recursos digitals pr\u00e8viament analitzats mitjan\u00e7ant els criteris acordats en l&#8217;EDC.<\/li>\n<\/ul>\n<div><\/div>\n<div><a href=\"https:\/\/www.symbaloo.com\/shared\/AAAAAaZqHeUAA41-4uPu3Q==\"><img loading=\"lazy\" decoding=\"async\" class=\"alignnone wp-image-6447 size-full\" src=\"https:\/\/agora.xtec.cat\/ceipcervanteslleida\/wp-content\/uploads\/usu755\/2023\/03\/repositori.jpg\" alt=\"\" width=\"727\" height=\"437\" srcset=\"https:\/\/agora.xtec.cat\/ceipcervanteslleida\/wp-content\/uploads\/usu755\/2023\/03\/repositori.jpg 727w, https:\/\/agora.xtec.cat\/ceipcervanteslleida\/wp-content\/uploads\/usu755\/2023\/03\/repositori-300x180.jpg 300w\" sizes=\"auto, (max-width: 727px) 100vw, 727px\" \/><\/a><\/div>\n<div><\/div>\n","protected":false},"excerpt":{"rendered":"<p>\u00c9s un sistema d&#8217;acc\u00e9s obert que t\u00e9 l&#8217;objectiu d&#8217;emmagatzemar, preservar i difondre aspectes interessants per a la comunitat educativa.<\/p>\n<ul>\n<li>Symbaloo de l&#8217;escola: En aquest espai es recullen recursos digitals pr\u00e8viament analitzats mitjan\u00e7ant els criteris acordats en l&#8217;EDC.<\/li>\n<\/ul>\n<p><a href=\"https:\/\/www.symbaloo.com\/shared\/AAAAAaZqHeUAA41-4uPu3Q==\"><\/a><\/p>\n","protected":false},"author":3,"featured_media":0,"parent":0,"menu_order":0,"comment_status":"closed","ping_status":"closed","template":"","meta":{"_bbp_topic_count":0,"_bbp_reply_count":0,"_bbp_total_topic_count":0,"_bbp_total_reply_count":0,"_bbp_voice_count":0,"_bbp_anonymous_reply_count":0,"_bbp_topic_count_hidden":0,"_bbp_reply_count_hidden":0,"_bbp_forum_subforum_count":0,"footnotes":""},"class_list":["post-5840","page","type-page","status-publish","hentry"],"post_mailing_queue_ids":[],"_links":{"self":[{"href":"https:\/\/agora.xtec.cat\/ceipcervanteslleida\/wp-json\/wp\/v2\/pages\/5840","targetHints":{"allow":["GET"]}}],"collection":[{"href":"https:\/\/agora.xtec.cat\/ceipcervanteslleida\/wp-json\/wp\/v2\/pages"}],"about":[{"href":"https:\/\/agora.xtec.cat\/ceipcervanteslleida\/wp-json\/wp\/v2\/types\/page"}],"author":[{"embeddable":true,"href":"https:\/\/agora.xtec.cat\/ceipcervanteslleida\/wp-json\/wp\/v2\/users\/3"}],"replies":[{"embeddable":true,"href":"https:\/\/agora.xtec.cat\/ceipcervanteslleida\/wp-json\/wp\/v2\/comments?post=5840"}],"version-history":[{"count":3,"href":"https:\/\/agora.xtec.cat\/ceipcervanteslleida\/wp-json\/wp\/v2\/pages\/5840\/revisions"}],"predecessor-version":[{"id":6451,"href":"https:\/\/agora.xtec.cat\/ceipcervanteslleida\/wp-json\/wp\/v2\/pages\/5840\/revisions\/6451"}],"wp:attachment":[{"href":"https:\/\/agora.xtec.cat\/ceipcervanteslleida\/wp-json\/wp\/v2\/media?parent=5840"}],"curies":[{"name":"wp","href":"https:\/\/api.w.org\/{rel}","templated":true}]}}