{"id":181,"date":"2015-12-07T11:25:18","date_gmt":"2015-12-07T10:25:18","guid":{"rendered":"http:\/\/agora.xtec.cat\/ceipcervanteslleida\/?page_id=181"},"modified":"2016-03-13T12:52:11","modified_gmt":"2016-03-13T11:52:11","slug":"comunitat-daprenentatge","status":"publish","type":"page","link":"https:\/\/agora.xtec.cat\/ceipcervanteslleida\/comunitat-daprenentatge\/","title":{"rendered":"Comunitat d&#8217;aprenentatge"},"content":{"rendered":"<p><strong>JA SOM COMUNITATS D&#8217;APRENENTATGE!<\/strong><\/p>\n<p>El 31 de maig de 2013 vam celebrar la Festa de les Comunitats i vam votar en assemblea convertir-nos en Comunitats d&#8217;aprenentatge.<\/p>\n<p>La festa va ser un gran \u00e8xit, amb tots els membres de la comunitat educativa i quasi totes les fam\u00edlies de l&#8217;escola, amb la companyia de les diferents entitats del barri, representants de les diferents administracions, col\u00b7laboradors i voluntaris de l&#8217;escola i coneguts, que ens van acompanyar en un dia molt important per nosaltres.<\/p>\n<p>La festa va comen\u00e7ar amb un magn\u00edfic esmorzar on les fam\u00edlies, volunt\u00e0riament, van portar diferents dol\u00e7os, fets a casa, per compartir-los i menjar-los conjuntament al menjador de l&#8217;escola. Abans per\u00f2, cada assistent, gran o petit, va deixar la seva empremta a l&#8217;arbre de les Comunitats, que des d&#8217;aleshores roman al despatx de l&#8217;escola i ens recorda cada dia, amb il\u00b7lusi\u00f3, els moments viscuts aquell dia i ens ajuda a tirar endavant el nostre objectiu &#8220;JUNTS COMENCEM UN NOU CAM\u00cd PER UNA ESCOLA MILLOR&#8221;.<\/p>\n<p>Despr\u00e9s d&#8217;esmorzar vam iniciar l&#8217;assemblea on, despr\u00e9s d&#8217;explicar a tota la comunitat el nostre objectiu, vam dur a terme la votaci\u00f3. Vam aprovar per unanimitat convertir-nos en Comunitats d&#8217;aprenentatge.<\/p>\n<p>Tot seguit, ho vam celebrar amb una actuaci\u00f3 de malabars i diferents jocs i tallers a la pista. Finalment, vam acabar la diada tots junts amb un dinar de germanor al pati.<\/p>\n<p>No volem acabar sense agrair la col\u00b7laboraci\u00f3 de totes les persones i entitats que ens van ajudar a fer que la festa fos un \u00e8xit: moltes gr\u00e0cies!<\/p>\n<div style=\"visibility:visible;width:460px;margin:auto;\"><embed src=\"http:\/\/flash.picturetrail.com\/pflicks\/3\/spflick.swf\" quality=\"high\" FlashVars=\"ql=2&#038;src1=http:\/\/pic80.picturetrail.com:80\/VOL1992\/12963723\/flicks\/1\/8966473\" wmode=\"transparent\" bgcolor=\"#000000\" width=\"460\" height=\"350\" name=\"Photo Book\" align=\"middle\" allowScriptAccess=\"sameDomain\" style=\"height:350px;width:460px\" type=\"application\/x-shockwave-flash\"><\/embed><\/p>\n<p style=\"whitespace:no-wrap;margin-top:10px;height:24px;width:460px\"><a href=\"http:\/\/www.picturetrail.com\/misc\/counter.fcgi?cID=924&#038;link=\/photoFlick\/samples\/pflicks=shtml\"><img decoding=\"async\" align=\"left\" src=\"http:\/\/pics.picturetrail.com\/res\/pflicks\/pt.gif\" border=\"0\" \/><\/a><a href=\"http:\/\/www.picturetrail.com\/misc\/counter.fcgi?cID=925&#038;link=\/photoFlick\/samples\/pflicks=shtml\"><img decoding=\"async\" align=\"left\" style=\"margin-left:5px\" src=\"http:\/\/pics.picturetrail.com\/static\/images\/pt2.gif\" border=\"0\" \/><\/a><\/p>\n<\/div>\n","protected":false},"excerpt":{"rendered":"<p>JA SOM COMUNITATS D&#8217;APRENENTATGE!<br \/>\nEl 31 de maig de 2013 vam celebrar la Festa de les Comunitats i vam votar en assemblea convertir-nos en Comunitats d&#8217;aprenentatge.<br \/>\nLa festa va ser un gran \u00e8xit, amb tots els membres de la comunitat educativa i quasi totes les fam\u00edlies de&hellip;  <a href=\"https:\/\/agora.xtec.cat\/ceipcervanteslleida\/comunitat-daprenentatge\/\" title=\"Read Comunitat d&#8217;aprenentatge\">Llegeix m\u00e9s\u00bb<\/a><\/p>\n","protected":false},"author":1,"featured_media":0,"parent":0,"menu_order":0,"comment_status":"closed","ping_status":"closed","template":"","meta":{"_bbp_topic_count":0,"_bbp_reply_count":0,"_bbp_total_topic_count":0,"_bbp_total_reply_count":0,"_bbp_voice_count":0,"_bbp_anonymous_reply_count":0,"_bbp_topic_count_hidden":0,"_bbp_reply_count_hidden":0,"_bbp_forum_subforum_count":0,"footnotes":""},"class_list":["post-181","page","type-page","status-publish","hentry"],"post_mailing_queue_ids":[],"_links":{"self":[{"href":"https:\/\/agora.xtec.cat\/ceipcervanteslleida\/wp-json\/wp\/v2\/pages\/181","targetHints":{"allow":["GET"]}}],"collection":[{"href":"https:\/\/agora.xtec.cat\/ceipcervanteslleida\/wp-json\/wp\/v2\/pages"}],"about":[{"href":"https:\/\/agora.xtec.cat\/ceipcervanteslleida\/wp-json\/wp\/v2\/types\/page"}],"author":[{"embeddable":true,"href":"https:\/\/agora.xtec.cat\/ceipcervanteslleida\/wp-json\/wp\/v2\/users\/1"}],"replies":[{"embeddable":true,"href":"https:\/\/agora.xtec.cat\/ceipcervanteslleida\/wp-json\/wp\/v2\/comments?post=181"}],"version-history":[{"count":3,"href":"https:\/\/agora.xtec.cat\/ceipcervanteslleida\/wp-json\/wp\/v2\/pages\/181\/revisions"}],"predecessor-version":[{"id":235,"href":"https:\/\/agora.xtec.cat\/ceipcervanteslleida\/wp-json\/wp\/v2\/pages\/181\/revisions\/235"}],"wp:attachment":[{"href":"https:\/\/agora.xtec.cat\/ceipcervanteslleida\/wp-json\/wp\/v2\/media?parent=181"}],"curies":[{"name":"wp","href":"https:\/\/api.w.org\/{rel}","templated":true}]}}