{"id":692,"date":"2019-11-24T17:08:02","date_gmt":"2019-11-24T16:08:02","guid":{"rendered":"http:\/\/agora.xtec.cat\/ceipcastellfollit\/?page_id=692"},"modified":"2024-04-18T14:11:34","modified_gmt":"2024-04-18T12:11:34","slug":"com-es-la-nostra-escola","status":"publish","type":"page","link":"https:\/\/agora.xtec.cat\/ceipcastellfollit\/lescola-2\/com-es-la-nostra-escola\/","title":{"rendered":"Com \u00e9s la nostra escola?"},"content":{"rendered":"<p style=\"text-align: justify;\">L\u2019escola <strong>Sant Roc<\/strong> de Castellfollit de Riubreg\u00f3s \u00e9s una escola unit\u00e0ria en la qual hi ha en aquests moments <strong>13 alumnes<\/strong>.<\/p>\n<p style=\"text-align: justify;\">Est\u00e0 ubicada al petit i encantador poble de Castellfollit de Riubreg\u00f3s i forma part, junt amb 3 escoles m\u00e9s, de la <strong>ZER Vent d\u2019Avall<\/strong>.<\/p>\n<p style=\"text-align: justify;\">L\u2019escola disposa de dues mestres i quatre itinerants especialistes (educaci\u00f3 especial, m\u00fasica, angl\u00e8s i educaci\u00f3 f\u00edsica).<\/p>\n<p style=\"text-align: justify;\">\u00c9s una escola <strong>rural<\/strong> molt <strong>propera<\/strong>, <strong>familiar<\/strong> i amb <strong>atencions individualitzades<\/strong> a cada alumne on els nens i nenes juguen, s&#8217;ajuden, creixen i es diverteixen, sempre aprenent de la millor manera possible.<\/p>\n<p>&nbsp;<\/p>\n","protected":false},"excerpt":{"rendered":"<p>L\u2019escola Sant Roc de Castellfollit de Riubreg\u00f3s \u00e9s una escola unit\u00e0ria en la qual hi ha en aquests moments 13 alumnes.<br \/>\nEst\u00e0 ubicada al petit i encantador poble de Castellfollit de Riubreg\u00f3s i forma part, junt amb 3 escoles m\u00e9s, de la ZER Vent d\u2019Avall.<br \/>\nL\u2019escola disposa&hellip;  <a href=\"https:\/\/agora.xtec.cat\/ceipcastellfollit\/lescola-2\/com-es-la-nostra-escola\/\" title=\"Read Com \u00e9s la nostra escola?\">Llegeix m\u00e9s\u00bb<\/a><\/p>\n","protected":false},"author":1,"featured_media":0,"parent":667,"menu_order":22,"comment_status":"closed","ping_status":"closed","template":"page-templates\/side-menu.php","meta":{"_bbp_topic_count":0,"_bbp_reply_count":0,"_bbp_total_topic_count":0,"_bbp_total_reply_count":0,"_bbp_voice_count":0,"_bbp_anonymous_reply_count":0,"_bbp_topic_count_hidden":0,"_bbp_reply_count_hidden":0,"_bbp_forum_subforum_count":0,"footnotes":""},"class_list":["post-692","page","type-page","status-publish","hentry"],"post_mailing_queue_ids":[],"_links":{"self":[{"href":"https:\/\/agora.xtec.cat\/ceipcastellfollit\/wp-json\/wp\/v2\/pages\/692","targetHints":{"allow":["GET"]}}],"collection":[{"href":"https:\/\/agora.xtec.cat\/ceipcastellfollit\/wp-json\/wp\/v2\/pages"}],"about":[{"href":"https:\/\/agora.xtec.cat\/ceipcastellfollit\/wp-json\/wp\/v2\/types\/page"}],"author":[{"embeddable":true,"href":"https:\/\/agora.xtec.cat\/ceipcastellfollit\/wp-json\/wp\/v2\/users\/1"}],"replies":[{"embeddable":true,"href":"https:\/\/agora.xtec.cat\/ceipcastellfollit\/wp-json\/wp\/v2\/comments?post=692"}],"version-history":[{"count":4,"href":"https:\/\/agora.xtec.cat\/ceipcastellfollit\/wp-json\/wp\/v2\/pages\/692\/revisions"}],"predecessor-version":[{"id":1736,"href":"https:\/\/agora.xtec.cat\/ceipcastellfollit\/wp-json\/wp\/v2\/pages\/692\/revisions\/1736"}],"up":[{"embeddable":true,"href":"https:\/\/agora.xtec.cat\/ceipcastellfollit\/wp-json\/wp\/v2\/pages\/667"}],"wp:attachment":[{"href":"https:\/\/agora.xtec.cat\/ceipcastellfollit\/wp-json\/wp\/v2\/media?parent=692"}],"curies":[{"name":"wp","href":"https:\/\/api.w.org\/{rel}","templated":true}]}}