{"id":73,"date":"2019-09-12T14:01:51","date_gmt":"2019-09-12T12:01:51","guid":{"rendered":"http:\/\/agora.xtec.cat\/ceipcastelldecalafell\/\/?page_id=73"},"modified":"2022-09-20T14:09:32","modified_gmt":"2022-09-20T12:09:32","slug":"menjador","status":"publish","type":"page","link":"https:\/\/agora.xtec.cat\/ceipcastelldecalafell\/lescola\/serveis\/menjador\/","title":{"rendered":"Menjador"},"content":{"rendered":"<p><strong>Pla de funcionament del menjador<\/strong><\/p>\n<p><strong>MODALITAT DE GESTI\u00d3<\/strong>: Gestionat pel Consell Comarcal.<\/p>\n<p><strong>EMPRESA<\/strong>: 7 i Tria S.A\u00a0\u00a0\u00a0\u00a0\u00a0 <strong>Horari: <\/strong>de 12,25 a 15,05h<\/p>\n<p><strong>CAPACITAT M\u00c0XIMA DE COMENSALS<\/strong>: 180<\/p>\n<p><strong>MITJANA DE COMENSALS APROXIMATS<\/strong>: 197<\/p>\n<p><strong>COORDINADOR\/A DEL SERVEI DE MENJADOR:<\/strong> Elena V.<\/p>\n<p><strong>COORDINADORA DE MONITORES:<\/strong> Maria N<\/p>\n<p><strong>GESTI\u00d3 DE TIQUETS I REBUTS<\/strong>: Maria N<\/p>\n<p><strong>TORNS DE MENJADOR: <\/strong>2<\/p>\n<p>&nbsp;<\/p>\n<p><strong>Personal, horari i responsabilitats:<\/strong><\/p>\n<table style=\"height: 403px; width: 100%;\" width=\"100%\">\n<tbody>\n<tr style=\"height: 31px;\">\n<td style=\"height: 31px; width: 14%;\" width=\"14%\">8.00-16.00h<\/td>\n<td style=\"height: 31px; width: 49%;\" width=\"49%\">CUINERA<\/td>\n<td style=\"height: 31px; width: 37%;\" width=\"37%\">Conchi G<\/td>\n<\/tr>\n<tr style=\"height: 31px;\">\n<td style=\"height: 31px; width: 14%;\" width=\"14%\">9.30-17,00h<\/td>\n<td style=\"height: 31px; width: 49%;\" width=\"49%\">AJUDANT CUINA<\/td>\n<td style=\"height: 31px; width: 37%;\" width=\"37%\">Viqui \/ Ada<\/td>\n<\/tr>\n<tr style=\"height: 31px;\">\n<td style=\"height: 31px; width: 14%;\" width=\"14%\">12.30 a 15,00h<\/td>\n<td style=\"height: 31px; width: 49%;\" width=\"49%\">MONITORA DE P3<\/td>\n<td style=\"width: 37%;\" width=\"37%\">Mariona \/ Rosa<\/td>\n<\/tr>\n<tr style=\"height: 31px;\">\n<td style=\"height: 31px; width: 14%;\" width=\"14%\">12.30-15,00h<\/td>\n<td style=\"height: 31px; width: 49%;\" width=\"49%\">MONITORA DE P4<\/td>\n<td style=\"width: 37%;\" width=\"37%\">Anabel (P4C\/P5A) \/<\/p>\n<p>Montse H (P4A\/P4B)<\/td>\n<\/tr>\n<tr style=\"height: 31px;\">\n<td style=\"height: 31px; width: 14%;\" width=\"14%\">12.30-15,00h<\/td>\n<td style=\"height: 31px; width: 49%;\" width=\"49%\">MONITORA DE P5<\/td>\n<td style=\"width: 37%;\" width=\"37%\">Anabel (P4C\/P5A) \/<\/p>\n<p>Juandy (P5B\/P5C)<\/td>\n<\/tr>\n<tr style=\"height: 31px;\">\n<td style=\"height: 31px; width: 14%;\" width=\"14%\">12.30-15,00h<\/td>\n<td style=\"height: 31px; width: 49%;\" width=\"49%\">MONITORA DE 1r<\/td>\n<td style=\"width: 37%;\" width=\"37%\">Ester<\/td>\n<\/tr>\n<tr style=\"height: 31px;\">\n<td style=\"height: 31px; width: 14%;\" width=\"14%\">12.30-15,00h<\/td>\n<td style=\"height: 31px; width: 49%;\" width=\"49%\">MONITORA DE 2n<\/td>\n<td style=\"width: 37%;\" width=\"37%\">Maria \/ Noelia E.<\/td>\n<\/tr>\n<tr style=\"height: 31px;\">\n<td style=\"height: 31px; width: 14%;\" width=\"14%\">12.30-15,00h<\/td>\n<td style=\"height: 31px; width: 49%;\" width=\"49%\">MONITORA DE 3r<\/td>\n<td style=\"width: 37%;\" width=\"37%\">Montse T.<\/td>\n<\/tr>\n<tr style=\"height: 31px;\">\n<td style=\"height: 31px; width: 14%;\" width=\"14%\">12.30-15,00h<\/td>\n<td style=\"height: 31px; width: 49%;\" width=\"49%\">MONITORA DE 4t<\/td>\n<td style=\"width: 37%;\" width=\"37%\">Noelia<\/td>\n<\/tr>\n<tr style=\"height: 31px;\">\n<td style=\"height: 31px; width: 14%;\" width=\"14%\">12.30-15,00h<\/td>\n<td style=\"height: 31px; width: 49%;\" width=\"49%\">MONITORA DE\u00a0 5\u00e8 i 6\u00e8<\/td>\n<td style=\"width: 37%;\" width=\"37%\">Mayte R.<\/td>\n<\/tr>\n<tr style=\"height: 31px;\">\n<td style=\"height: 31px; width: 14%;\" width=\"14%\">8.30 a 15,00h<\/td>\n<td style=\"height: 31px; width: 49%;\" width=\"49%\">COORDINADORA DE MONITORES I RESPONSABLE MENJADOR<\/td>\n<td style=\"width: 37%;\" width=\"37%\">Maria N.<\/td>\n<\/tr>\n<tr style=\"height: 31px;\">\n<td style=\"height: 31px; width: 14%;\" width=\"14%\"><\/td>\n<td style=\"height: 31px; width: 49%;\" width=\"49%\">COORDINADORA DE ZONA DE CUINES<\/td>\n<td style=\"width: 37%;\" width=\"37%\">Anna A.<\/td>\n<\/tr>\n<tr style=\"height: 31px;\">\n<td style=\"height: 31px; width: 14%;\" width=\"14%\"><\/td>\n<td style=\"height: 31px; width: 49%;\" width=\"49%\">COORDINADORA PEDAG\u00d2GICA DE ZONA<\/td>\n<td style=\"width: 37%;\" width=\"37%\">Elena V.<\/td>\n<\/tr>\n<\/tbody>\n<\/table>\n<p>&nbsp;<\/p>\n<p><strong>FUNCIONS DE LA COORDINADORA<\/strong><\/p>\n<ul>\n<li>Vetllar pel bon funcionament del menjador i pel compliment de la normativa.<\/li>\n<li>Coordinar-se amb les monitores per tal de portar a terme el projecte educatiu facilitat per l\u2019empresa.<\/li>\n<li>Coordinar l\u2019equip de monitors de manera que s\u00e0piguen clarament les seves tasques.<\/li>\n<li>Mantenir-se informada de totes les incid\u00e8ncies que es produeixin en qualsevol grup durant el temps del menjador.<\/li>\n<li>Reunir-se amb la direcci\u00f3 del centre un cop al mes i recollir els acords en l\u2019acta corresponent la qual ser\u00e0 enviada al consell comarcal.<\/li>\n<li>Observar l\u2019equip de monitors i el desenvolupament del servei de menjador per poder adoptar i proposar canvis de funcionament.<\/li>\n<li>Omplir les llistes amb els alumnes que es queden a dinar i posar-les a les aules per tal que els tutors s\u00e0piguen quins alumnes es queden al menjador.<\/li>\n<li>Vetllar pel compliment de les r\u00e0tios del menjador dictades pel Consell Comarcal:<\/li>\n<\/ul>\n<p>&nbsp;<\/p>\n<p>P3: 1 monitora cada 15 alumnes.<\/p>\n<p>P4 i P5: 1 monitora cada 20 alumnes.<\/p>\n<p>Prim\u00e0ria: 1 monitora cada 25 alumnes.<\/p>\n<p>&nbsp;<\/p>\n<ul>\n<li>Treballar sempre amb la m\u00e0xima professionalitat vetllant de no fer comentaris poc escaients i a persones que no pertoquen sobre la din\u00e0mica interna del menjador.<\/li>\n<\/ul>\n<p>&nbsp;<\/p>\n<p><strong>FUNCIONS DE LES MONITORES<\/strong><\/p>\n<ul>\n<li>Mantenir l\u2019ordre tant al menjador com als patis i espais que s\u2019utilitzin.<\/li>\n<li>Vetllar per tal que els alumnes mengin adequadament.<\/li>\n<li>Vetllar per l\u2019adquisici\u00f3 dels h\u00e0bits del menjador .<\/li>\n<li>Vetllar perqu\u00e8 mai cap alumne estigui sense vigil\u00e0ncia.<\/li>\n<li>Vetllar per la seguretat i benestar dels nens i nenes.<\/li>\n<li>Comunicar les incid\u00e8ncies a la coordinadora I omplir el full corresponent.<\/li>\n<li>Omplir el full d\u2019incid\u00e8ncies explicant els fets i les mesures adoptades.<\/li>\n<li>Comunicar a les fam\u00edlies les possibles incid\u00e8ncies que hi hagi hagut a l\u2019hora del menjador, aix\u00ed com trucar-les si l\u2019alumne es troba malament o s\u2019ha fet mal.<\/li>\n<li>Col\u00b7laborar en tot moment amb el que organitzi la coordinadora.<\/li>\n<li>Transmetre ordre i tranquil\u00b7litat parlant amb un to de veu normal.<\/li>\n<li>Crear l\u2019ambient adequat per eliminar els crits.<\/li>\n<li>Ser puntual a l\u2019hora de recollir els alumnes a les files.<\/li>\n<li>Passar llista abans d\u2019entrar al menjador.<\/li>\n<li>Passar llista abans de deixar els alumnes a les files de l\u2019aula a la tarda.<\/li>\n<li>Recollir els espais on s\u2019hagin desenvolupat activitats.<\/li>\n<li>Dinamitzar amb les activitats corresponents l\u2019estona de lleure.<\/li>\n<li>Assistir a les reunions de l\u2019equip de monitors.<\/li>\n<li>Fer arribar a les fam\u00edlies de P3 el llibret del menjador amb la informaci\u00f3 de com ha anat l\u2019\u00e0pat del dia.<\/li>\n<li>Comunicar als Mestres que hi hagi a la tarda si algun alumne ha marxat a l\u2019hora del menjador.<\/li>\n<li>Con\u00e8ixer la normativa de l\u2019escola i aplicar-la tamb\u00e9 a l\u2019hora del menjador.<\/li>\n<li>Con\u00e8ixer aquest pla de funcionament.<\/li>\n<li>Utilitzar el catal\u00e0 com a llengua vehicular.<\/li>\n<li>Treballar sempre amb la m\u00e0xima professionalitat vetllant de no fer comentaris poc escaients i a persones que no pertoquen sobre la din\u00e0mica interna del menjador.<\/li>\n<\/ul>\n<p>&nbsp;<\/p>\n<p>La vigil\u00e0ncia dels comensals es realitzar\u00e0 per personal contractat per l\u2019empresa 7 i Tria, la qual s\u2019encarrega tamb\u00e9 d\u2019elaborar el menjar. Tota la gesti\u00f3 del menjador la porta a terme l\u2019empresa esmentada i \u00e9s la que d\u00f3na comptes de la seva gesti\u00f3 al Consell Comarcal. La responsabilitat dels alumnes ser\u00e0 de les monitores durant les hores de funcionament del menjador: de 12,30 a 15h . La normativa del menjador \u00e9s la mateixa que regeix les altres activitats del centre.<\/p>\n<p>&nbsp;<\/p>\n<p><strong>OBJECTIUS I ORGANITZACI\u00d3:<\/strong><\/p>\n<p><strong>Objectius <\/strong><\/p>\n<p>Cal crear la situaci\u00f3 i ambient adequat per tal que l\u2019estona del menjador sigui un temps agradable i que fomenti la tranquil\u00b7litat.<\/p>\n<p>Cal escoltar els infants i en cas de que no els agradi el menjar pactar amb ells un m\u00ednim d\u2019aliment que ha de prendre durant l\u2019\u00e0pat, animant-lo en tot moment per tal de que no es produeixi angoixa.<\/p>\n<p>Hi ha una s\u00e8rie d\u2019objectius que han de ser comuns per a tots els alumnes usuaris del menjador:<\/p>\n<ul>\n<li>Rentar-se les mans i la cara abans de dinar i tornar-ho a fer despr\u00e9s, rentant-se tamb\u00e9 les dents.<\/li>\n<li>Tenir un bon comportament a taula : parlar amb to de veu suau, seure correctament, no comen\u00e7ar fins que tothom estigui apunt&#8230;<\/li>\n<li>Utilitzar els estris necessaris: cullera, forquilla, ganivet (a partir de 1r), tovall\u00f3 ..<\/li>\n<li>Acostumar-se a menjar de tot<\/li>\n<li>servir-se un mateix podent triar un m\u00ednim i un m\u00e0xim per plat.<\/li>\n<li>No fer malb\u00e9 el menjar i posar-se a la boca la quantitat adequada.<\/li>\n<li>Con\u00e8ixer els noms dels aliments del men\u00fa del dia<\/li>\n<li>No embrutar l\u2019espai que s\u2019utilitza: taula, terra, cadira\u2026<\/li>\n<li>Adre\u00e7ar-se a tothom (monitores i companys ) amb educaci\u00f3 i respecte.<\/li>\n<li>Col\u00b7laborar en les tasques que es demanin.<\/li>\n<li>Respectar les normes del menjador i el material.<\/li>\n<li>Entrar i sortir de l\u2019espai de manera adequada.<\/li>\n<li>Participar en les activitats proposades per les monitores.<\/li>\n<\/ul>\n<p>&nbsp;<\/p>\n<p><strong>Organitzaci\u00f3<\/strong><\/p>\n<p>L\u2019organitzaci\u00f3 el menjador est\u00e0 condicionada per la situaci\u00f3 de pand\u00e8mia en la que ens trobem. Aquesta, pot canviar en funci\u00f3 de l\u2019evoluci\u00f3 de la COVID.\u00a0 Al Pla d\u2019obertura de centre, podreu trobar totes aquelles mesures que es van activant en funci\u00f3 de les necessitats d cada situaci\u00f3.<\/p>\n<p>L&#8217;escola Castell de Calafell disposa d&#8217;un menjador prou ampli per acollir tots els alumnes del centre que es vulguin quedar a dinar. Aix\u00ed mateix es disposa de cuina pr\u00f2pia i per tant els \u00e0pats es cuinen en el mateix centre.<\/p>\n<p>Les monitores van a buscar els alumnes d&#8217;infantil al passad\u00eds. Els alumnes de prim\u00e0ria baixen amb la fila fins al porxo on els recullen les monitores encarregades de prim\u00e0ria i segueixen el seg\u00fcent horari:<\/p>\n<p>&nbsp;<\/p>\n<p><strong>12.25h.<\/strong> Les monitores han d\u2019estar amb els alumnes del primer torn quan toqui el timbre. Les monitores de P3 passaran llista al passad\u00eds i aniran cap al menjador. Les monitores de P4 i P5 passaran llista a l\u2019aula de racons. Les monitores de prim\u00e0ria passaran llista al gimn\u00e0s.<\/p>\n<p><strong>12.40h.<\/strong> Un cop passada la llista les monitores d\u2019infantil, 1r i 2n,\u00a0 aniran cap al menjador. Les monitores de prim\u00e0ria estan amb els alumnes fent activitats fins que han d\u2019anar al menjador.<\/p>\n<p><strong>14.00h<\/strong>\u00a0 Els alumnes de prim\u00e0ria amb les monitores van al menjador a dinar.<\/p>\n<p><strong>14.45h<\/strong>\u00a0 Cada grup d\u2019alumnes fa activitats diferenciades amb les seves monitores.<\/p>\n<p><strong>14.45h<\/strong>\u00a0 Tornada a la calma. Els alumnes entren a l\u2019edifici. Van al lavabo, beuen\u00a0\u00a0\u00a0\u00a0\u00a0\u00a0\u00a0\u00a0\u00a0\u00a0\u00a0\u00a0 aigua i es netegen per tal de comen\u00e7ar la classe de la tarda en bones condicions.<\/p>\n<p><strong>15.00h<\/strong>\u00a0 Els alumnes de prim\u00e0ria es pugen directament a les aules quan s\u2019obre la porta de prim\u00e0ria i comen\u00e7a a sonar la m\u00fasica. Els alumnes d\u2019infantil s\u00f3n acompanyats per les monitores a les seves aules.<\/p>\n<p>&nbsp;<\/p>\n<p><strong>DISCIPLINA<\/strong><\/p>\n<p>En les faltes de disciplina comeses pels alumnes, els monitors ho comunicaran mitjan\u00e7ant el full de valoraci\u00f3 diari a l\u2019empresa. Aquesta ho far\u00e0 saber a la direcci\u00f3 del centre i al Consell Comarcal. Aix\u00ed mateix, la monitora ho notificar\u00e0 per escrit a la fam\u00edlia per tal que coneguin els fets i portin el full signat.<\/p>\n<p>El Consell Comarcal, si ho creu necessari iniciar\u00e0 dilig\u00e8ncies i ho comunicar\u00e0 per escrit a la Directora que aplicar\u00e0 la sanci\u00f3 corresponent, d\u2019acord amb all\u00f2 que estableixen les normes d&#8217;organitzaci\u00f3 i funcionament del centre.<\/p>\n<p><strong>Davant de conductes greument perjudicials pel bon funcionament del menjador es podr\u00e0 suspendre aquest servei de manera temporal o definitivament si les incid\u00e8ncies han estat reiterades.<\/strong><\/p>\n<p><strong>\u00a0<\/strong><\/p>\n<p><strong>MEDICAMENTS<\/strong><\/p>\n<p>No s\u2019administrar\u00e0 a cap alumne cap medicament sense la demanda per escrit de la fam\u00edlia on a m\u00e9s a m\u00e9s s\u2019especificar\u00e0 el nom del medicament, la quantitat i l\u2019hora en que s\u2019ha de prendre. Caldr\u00e0 adjuntar tamb\u00e9 la recepta m\u00e8dica.<br \/>\nEn cas de que un alumne\/a es trobi malament es trucar\u00e0 a la fam\u00edlia perqu\u00e8 se\u2019n faci c\u00e0rrec. Si a les 15h no s\u2019ha pogut contactar amb cap familiar les monitores ho comunicaran al mestre que hi hagi a la tarda.<\/p>\n<p><strong>PLA D\u2019EMERG\u00c8NCIA<\/strong><\/p>\n<p>Les monitores hauran de mantenir a inici de curs una trobada amb la direcci\u00f3 del centre i la Coordinadora de Riscos Laborals les quals els lliuraran un exemplar del Pla d\u2019Evacuaci\u00f3 de centre i es faran els comentaris oportuns per a l\u2019evacuaci\u00f3 dels espais ocupats en cas que sigui necessari.<\/p>\n<p><strong>\u00a0<\/strong><\/p>\n<p><strong>PAGAMENTS I REBUTS<\/strong><\/p>\n<p>Les fam\u00edlies que no facilitin la domiciliaci\u00f3 banc\u00e0ria hauran de realitzar els pagaments per transfer\u00e8ncia o fer ingressos als n\u00fameros de compte que facilitar\u00e0\u00a0 el responsable de gesti\u00f3. Les fam\u00edlies tenen al seu servei l\u2019aplicaci\u00f3 \u201cintranet fam\u00edlies\u201d a trav\u00e9s del qual poden realitzar els pagaments amb targeta banc\u00e0ria. Es troba a la p\u00e0gina <a href=\"http:\/\/www.7itria.cat\">www.7itria.cat<\/a>.<\/p>\n<p>Venda de tiquets di\u00e0ria.<\/p>\n<p><strong>PREUS I AJUTS DE MENJADOR<\/strong><\/p>\n<p>El preu del menjador per als alumnes fixes \u00e9s de 6,20 euros i de 6,80 per als alumnes espor\u00e0dics.<br \/>\nHi ha beques del Consell Comarcal i de l&#8217;Ajuntament.<\/p>\n<p>&nbsp;<\/p>\n<p><strong>Aquest pla de funcionament ha estat aprovat pel Consell Escolar en data 10 de novembre de 2020.\u00a0<\/strong><\/p>\n","protected":false},"excerpt":{"rendered":"<p>Pla de funcionament del menjador MODALITAT DE GESTI\u00d3: Gestionat pel Consell Comarcal. EMPRESA: 7 i Tria S.A\u00a0\u00a0\u00a0\u00a0\u00a0 Horari: de 12,25 [&hellip;]<\/p>\n","protected":false},"author":2,"featured_media":0,"parent":66,"menu_order":2,"comment_status":"closed","ping_status":"closed","template":"page-templates\/side-menu.php","meta":{"_bbp_topic_count":0,"_bbp_reply_count":0,"_bbp_total_topic_count":0,"_bbp_total_reply_count":0,"_bbp_voice_count":0,"_bbp_anonymous_reply_count":0,"_bbp_topic_count_hidden":0,"_bbp_reply_count_hidden":0,"_bbp_forum_subforum_count":0,"site-sidebar-layout":"default","site-content-layout":"","ast-site-content-layout":"","site-content-style":"default","site-sidebar-style":"default","ast-global-header-display":"","ast-banner-title-visibility":"","ast-main-header-display":"","ast-hfb-above-header-display":"","ast-hfb-below-header-display":"","ast-hfb-mobile-header-display":"","site-post-title":"","ast-breadcrumbs-content":"","ast-featured-img":"","footer-sml-layout":"","theme-transparent-header-meta":"","adv-header-id-meta":"","stick-header-meta":"","header-above-stick-meta":"","header-main-stick-meta":"","header-below-stick-meta":"","astra-migrate-meta-layouts":"default","ast-page-background-enabled":"default","ast-page-background-meta":{"desktop":{"background-color":"var(--ast-global-color-4)","background-image":"","background-repeat":"repeat","background-position":"center center","background-size":"auto","background-attachment":"scroll","background-type":"","background-media":"","overlay-type":"","overlay-color":"","overlay-opacity":"","overlay-gradient":""},"tablet":{"background-color":"","background-image":"","background-repeat":"repeat","background-position":"center center","background-size":"auto","background-attachment":"scroll","background-type":"","background-media":"","overlay-type":"","overlay-color":"","overlay-opacity":"","overlay-gradient":""},"mobile":{"background-color":"","background-image":"","background-repeat":"repeat","background-position":"center center","background-size":"auto","background-attachment":"scroll","background-type":"","background-media":"","overlay-type":"","overlay-color":"","overlay-opacity":"","overlay-gradient":""}},"ast-content-background-meta":{"desktop":{"background-color":"var(--ast-global-color-5)","background-image":"","background-repeat":"repeat","background-position":"center center","background-size":"auto","background-attachment":"scroll","background-type":"","background-media":"","overlay-type":"","overlay-color":"","overlay-opacity":"","overlay-gradient":""},"tablet":{"background-color":"var(--ast-global-color-5)","background-image":"","background-repeat":"repeat","background-position":"center center","background-size":"auto","background-attachment":"scroll","background-type":"","background-media":"","overlay-type":"","overlay-color":"","overlay-opacity":"","overlay-gradient":""},"mobile":{"background-color":"var(--ast-global-color-5)","background-image":"","background-repeat":"repeat","background-position":"center center","background-size":"auto","background-attachment":"scroll","background-type":"","background-media":"","overlay-type":"","overlay-color":"","overlay-opacity":"","overlay-gradient":""}},"footnotes":""},"class_list":["post-73","page","type-page","status-publish","hentry"],"post_mailing_queue_ids":[],"_links":{"self":[{"href":"https:\/\/agora.xtec.cat\/ceipcastelldecalafell\/wp-json\/wp\/v2\/pages\/73","targetHints":{"allow":["GET"]}}],"collection":[{"href":"https:\/\/agora.xtec.cat\/ceipcastelldecalafell\/wp-json\/wp\/v2\/pages"}],"about":[{"href":"https:\/\/agora.xtec.cat\/ceipcastelldecalafell\/wp-json\/wp\/v2\/types\/page"}],"author":[{"embeddable":true,"href":"https:\/\/agora.xtec.cat\/ceipcastelldecalafell\/wp-json\/wp\/v2\/users\/2"}],"replies":[{"embeddable":true,"href":"https:\/\/agora.xtec.cat\/ceipcastelldecalafell\/wp-json\/wp\/v2\/comments?post=73"}],"version-history":[{"count":4,"href":"https:\/\/agora.xtec.cat\/ceipcastelldecalafell\/wp-json\/wp\/v2\/pages\/73\/revisions"}],"predecessor-version":[{"id":3035,"href":"https:\/\/agora.xtec.cat\/ceipcastelldecalafell\/wp-json\/wp\/v2\/pages\/73\/revisions\/3035"}],"up":[{"embeddable":true,"href":"https:\/\/agora.xtec.cat\/ceipcastelldecalafell\/wp-json\/wp\/v2\/pages\/66"}],"wp:attachment":[{"href":"https:\/\/agora.xtec.cat\/ceipcastelldecalafell\/wp-json\/wp\/v2\/media?parent=73"}],"curies":[{"name":"wp","href":"https:\/\/api.w.org\/{rel}","templated":true}]}}