{"id":73,"date":"2014-09-18T14:01:51","date_gmt":"2014-09-18T13:01:51","guid":{"rendered":"http:\/\/agora.xtec.cat\/ceipcastellciuro\/?page_id=73"},"modified":"2025-09-03T10:36:31","modified_gmt":"2025-09-03T08:36:31","slug":"menjador-escolar","status":"publish","type":"page","link":"https:\/\/agora.xtec.cat\/ceipcastellciuro\/serveis\/menjador-escolar\/","title":{"rendered":"\ud83c\udf7d\ufe0f Menjador escolar"},"content":{"rendered":"<p>L\u2019escola ofereix servei de menjador <strong>tots els dies lectius<\/strong> del curs acad\u00e8mic.<\/p>\n<p>El menjador \u00e9s molt m\u00e9s que un espai per dinar: \u00e9s un <strong>espai educatiu<\/strong> on treballem valors com l\u2019alimentaci\u00f3 saludable, els h\u00e0bits d\u2019higiene, la conviv\u00e8ncia i el respecte pel medi ambient.<\/p>\n<p>\ud83d\udc69\u200d\ud83c\udf73 L\u2019equip de cuina i el personal de monitoratge formen part activa de la comunitat educativa, promovent tant l\u2019educaci\u00f3 aliment\u00e0ria com el lleure educatiu.<\/p>\n<pre><\/pre>\n<p>\ud83e\udd57 <strong>Men\u00fas adaptats<\/strong><br \/>\nEls men\u00fas canvien segons l\u2019estaci\u00f3 i es tenen en compte les <strong>al\u00b7l\u00e8rgies<\/strong> i <strong>necessitats aliment\u00e0ries especials<\/strong> de cada alumne\/a.<\/p>\n<pre><\/pre>\n<p><strong>\ud83c\udf31 Alimentaci\u00f3 saludable i sostenible<\/strong><\/p>\n<p>El servei est\u00e0 gestionat per <a href=\"https:\/\/www.7itria.cat\"><strong>7 i TRIA<\/strong><\/a>, una empresa compromesa amb:<\/p>\n<ul>\n<li>\ud83c\udf40 Alimentaci\u00f3 <strong>ecol\u00f2gica<\/strong><\/li>\n<li>\ud83e\uddd1\u200d\ud83c\udf3e Productes de <strong>proximitat<\/strong><\/li>\n<li>\ud83c\udf0d Comprom\u00eds amb la <strong>sostenibilitat<\/strong><\/li>\n<\/ul>\n<pre><\/pre>\n<p><strong>\ud83d\udcde Contacte<\/strong><\/p>\n<p>Per a qualsevol consulta relacionada amb el menjador:<\/p>\n<ul>\n<li>\ud83d\udcf1 <strong>Mireia<\/strong>, coordinadora del menjador<br \/>\nTrucada o WhatsApp: 691 310 210<br \/>\n<em>(Incloeu nom, cognoms i curs de l\u2019alumne\/a)<\/em><\/li>\n<li>\ud83d\udce7 Correu electr\u00f2nic per avisos no urgents:<br \/>\nmenjador@castellciuro.cat<\/li>\n<\/ul>\n<pre><\/pre>\n<p><strong>\ud83d\udcf2 Inscripcions<\/strong><\/p>\n<p>L\u2019empresa de menjador disposa de l\u2019app <strong>7iTria \/ Fundesplai<\/strong>\u00a0 per tal de facilitar la gesti\u00f3 del servei de menjador i altres activitats, Aquesta aplicaci\u00f3 us permetr\u00e0 fer les inscripcions i gestionar tot de manera f\u00e0cil i c\u00f2moda des del vostre m\u00f2bil.<\/p>\n<p><strong>Com fer la primera inscripci\u00f3?<\/strong><\/p>\n<p>Per donar-se d\u2019alta al servei, cal seguir les instruccions que trobareu en aquest enlla\u00e7: <a href=\"https:\/\/activitats.fundesplai.org\/public\/landing\/app-7itria\">APP7iTria\/Fundesplai<\/a><\/p>\n<p><strong>Qu\u00e8 podeu fer amb l\u2019APP 7iTria?<\/strong><\/p>\n<p>Aquesta aplicaci\u00f3\u00a0<strong>permetr\u00e0 rebre directament al tel\u00e8fon m\u00f2bil<\/strong>:<\/p>\n<ul>\n<li>Informacions de les activitats que realitzem a l\u2019escola,<\/li>\n<li>Informes de seguiment (diari de I3, i trimestral),<\/li>\n<li>Men\u00fas mensuals,<\/li>\n<li>Rebuts del servei.<\/li>\n<\/ul>\n<p>A les fam\u00edlies li\u00a0<strong>permet que des del mateix tel\u00e8fon<\/strong>:<\/p>\n<ul>\n<li>Modificar la inscripci\u00f3 (rutines, forma de pagament),<\/li>\n<li>Actualitzar dades sanit\u00e0ries (al\u00b7l\u00e8rgies, intoler\u00e0ncies, &#8230;)<\/li>\n<li>Enviar correus i comunicacions al\/la coordinador\/a del servei.<\/li>\n<li>Fer una nova inscripci\u00f3 a una activitat (acollida, extraescolars) sense haver de tornar a incorporar les dades del fill\/a.<\/li>\n<\/ul>\n","protected":false},"excerpt":{"rendered":"<p>L\u2019escola ofereix servei de menjador tots els dies lectius del curs acad\u00e8mic.<br \/>\nEl menjador \u00e9s molt m\u00e9s que un espai per dinar: \u00e9s un espai educatiu on treballem valors com l\u2019alimentaci\u00f3 saludable, els h\u00e0bits d\u2019higiene, la conviv\u00e8ncia i el respecte pel medi ambient.<br \/>\n\ud83d\udc69\u200d\ud83c\udf73 L\u2019equip de cuina&hellip;  <a href=\"https:\/\/agora.xtec.cat\/ceipcastellciuro\/serveis\/menjador-escolar\/\" title=\"Read \ud83c\udf7d\ufe0f Menjador escolar\">Llegeix m\u00e9s\u00bb<\/a><\/p>\n","protected":false},"author":1,"featured_media":0,"parent":66,"menu_order":30,"comment_status":"closed","ping_status":"closed","template":"page-templates\/side-menu.php","meta":{"_bbp_topic_count":0,"_bbp_reply_count":0,"_bbp_total_topic_count":0,"_bbp_total_reply_count":0,"_bbp_voice_count":0,"_bbp_anonymous_reply_count":0,"_bbp_topic_count_hidden":0,"_bbp_reply_count_hidden":0,"_bbp_forum_subforum_count":0,"footnotes":""},"class_list":["post-73","page","type-page","status-publish","hentry"],"post_mailing_queue_ids":[],"_links":{"self":[{"href":"https:\/\/agora.xtec.cat\/ceipcastellciuro\/wp-json\/wp\/v2\/pages\/73","targetHints":{"allow":["GET"]}}],"collection":[{"href":"https:\/\/agora.xtec.cat\/ceipcastellciuro\/wp-json\/wp\/v2\/pages"}],"about":[{"href":"https:\/\/agora.xtec.cat\/ceipcastellciuro\/wp-json\/wp\/v2\/types\/page"}],"author":[{"embeddable":true,"href":"https:\/\/agora.xtec.cat\/ceipcastellciuro\/wp-json\/wp\/v2\/users\/1"}],"replies":[{"embeddable":true,"href":"https:\/\/agora.xtec.cat\/ceipcastellciuro\/wp-json\/wp\/v2\/comments?post=73"}],"version-history":[{"count":7,"href":"https:\/\/agora.xtec.cat\/ceipcastellciuro\/wp-json\/wp\/v2\/pages\/73\/revisions"}],"predecessor-version":[{"id":17875,"href":"https:\/\/agora.xtec.cat\/ceipcastellciuro\/wp-json\/wp\/v2\/pages\/73\/revisions\/17875"}],"up":[{"embeddable":true,"href":"https:\/\/agora.xtec.cat\/ceipcastellciuro\/wp-json\/wp\/v2\/pages\/66"}],"wp:attachment":[{"href":"https:\/\/agora.xtec.cat\/ceipcastellciuro\/wp-json\/wp\/v2\/media?parent=73"}],"curies":[{"name":"wp","href":"https:\/\/api.w.org\/{rel}","templated":true}]}}

<p>L’escola ofereix servei de menjador <strong>tots els dies lectius</strong> del curs acadèmic.</p>
<p>El menjador és molt més que un espai per dinar: és un <strong>espai educatiu</strong> on treballem valors com l’alimentació saludable, els hàbits d’higiene, la convivència i el respecte pel medi ambient.</p>
<p>👩‍🍳 L’equip de cuina i el personal de monitoratge formen part activa de la comunitat educativa, promovent tant l’educació alimentària com el lleure educatiu.</p>
<pre></pre>
<p>🥗 <strong>Menús adaptats</strong><br />
Els menús canvien segons l’estació i es tenen en compte les <strong>al·lèrgies</strong> i <strong>necessitats alimentàries especials</strong> de cada alumne/a.</p>
<pre></pre>
<p><strong>🌱 Alimentació saludable i sostenible</strong></p>
<p>El servei està gestionat per <a href="https://www.7itria.cat"><strong>7 i TRIA</strong></a>, una empresa compromesa amb:</p>
<ul>
<li>🍀 Alimentació <strong>ecològica</strong></li>
<li>🧑‍🌾 Productes de <strong>proximitat</strong></li>
<li>🌍 Compromís amb la <strong>sostenibilitat</strong></li>
</ul>
<pre></pre>
<p><strong>📞 Contacte</strong></p>
<p>Per a qualsevol consulta relacionada amb el menjador:</p>
<ul>
<li>📱 <strong>Mireia</strong>, coordinadora del menjador<br />
Trucada o WhatsApp: 691 310 210<br />
<em>(Incloeu nom, cognoms i curs de l’alumne/a)</em></li>
<li>📧 Correu electrònic per avisos no urgents:<br />
menjador@castellciuro.cat</li>
</ul>
<pre></pre>
<p><strong>📲 Inscripcions</strong></p>
<p>L’empresa de menjador disposa de l’app <strong>7iTria / Fundesplai</strong>  per tal de facilitar la gestió del servei de menjador i altres activitats, Aquesta aplicació us permetrà fer les inscripcions i gestionar tot de manera fàcil i còmoda des del vostre mòbil.</p>
<p><strong>Com fer la primera inscripció?</strong></p>
<p>Per donar-se d’alta al servei, cal seguir les instruccions que trobareu en aquest enllaç: <a href="https://activitats.fundesplai.org/public/landing/app-7itria">APP7iTria/Fundesplai</a></p>
<p><strong>Què podeu fer amb l’APP 7iTria?</strong></p>
<p>Aquesta aplicació <strong>permetrà rebre directament al telèfon mòbil</strong>:</p>
<ul>
<li>Informacions de les activitats que realitzem a l’escola,</li>
<li>Informes de seguiment (diari de I3, i trimestral),</li>
<li>Menús mensuals,</li>
<li>Rebuts del servei.</li>
</ul>
<p>A les famílies li <strong>permet que des del mateix telèfon</strong>:</p>
<ul>
<li>Modificar la inscripció (rutines, forma de pagament),</li>
<li>Actualitzar dades sanitàries (al·lèrgies, intoleràncies, &#8230;)</li>
<li>Enviar correus i comunicacions al/la coordinador/a del servei.</li>
<li>Fer una nova inscripció a una activitat (acollida, extraescolars) sense haver de tornar a incorporar les dades del fill/a.</li>
</ul>

<p>L’escola ofereix servei de menjador tots els dies lectius del curs acadèmic.<br />
El menjador és molt més que un espai per dinar: és un espai educatiu on treballem valors com l’alimentació saludable, els hàbits d’higiene, la convivència i el respecte pel medi ambient.<br />
👩‍🍳 L’equip de cuina&hellip;  <a href="https://agora.xtec.cat/ceipcastellciuro/serveis/menjador-escolar/" title="Read 🍽️ Menjador escolar">Llegeix més»</a></p>
