{"id":64,"date":"2014-09-18T12:39:08","date_gmt":"2014-09-18T11:39:08","guid":{"rendered":"http:\/\/agora.xtec.cat\/ceipcastellciuro\/?page_id=64"},"modified":"2016-02-29T17:47:47","modified_gmt":"2016-02-29T16:47:47","slug":"trets-d-identitat","status":"publish","type":"page","link":"https:\/\/agora.xtec.cat\/ceipcastellciuro\/trets-d-identitat\/","title":{"rendered":"Trets d&#8217;identitat"},"content":{"rendered":"<p>La nostra comunitat educativa est\u00e0 formada per alumnes, pares i mestres en una relaci\u00f3 din\u00e0mica, rica i harm\u00f2nica que propicia la tasca educativa.<\/p>\n<p>El treball conjunt ens ha portat a la construcci\u00f3 d\u2019una l\u00ednia coherent, que s\u2019enmarca en la qualitat pedag\u00f2gica, la innovaci\u00f3 metodol\u00f2gica, l\u2019atenci\u00f3 a la diversitat, la cura de l\u2019entorn i el respecte pels valors humans.<\/p>\n<p><u>Arrelada i oberta<\/u><br \/>\nAprenem descobrint i participant en tot all\u00f2 que ens envolta, coneixent la nostra identitat m\u00e9s propera, per respectar-la i estimar-la, per\u00f2 obrim progressivament aquest conixement a d\u2019altres realitats, a diferents maneres de fer, de sentir i de viure com a font d\u2019enriquiment per a tots.<\/p>\n<p><u>Acollidora i integradora<\/u><br \/>\nPerqu\u00e8 amb la conviv\u00e8ncia di\u00e0ria de persones diferents que treballem en l\u2019equip, hem consolidat un estil on tothom hi t\u00e9 cabuda, on la forma de decisi\u00f3 \u00e9s es di\u00e0leg i el consens i on tots, nens i nenes, pares i mares i mestres ens hi sentim com a casa.<\/p>\n<p><u>Constant i innovadora<\/u><br \/>\nCreiem en l\u2019exig\u00e8ncia i el comprom\u00eds d\u2019esfor\u00e7 en el treball, ens agrada la feina del dia a dia, ben feta i sense artificis, amb desig de renovaci\u00f3 pedag\u00f2gica i amb la incorporaci\u00f3 continuada dels nous recursos i les noves tecnologies.<\/p>\n","protected":false},"excerpt":{"rendered":"<p>La nostra comunitat educativa est\u00e0 formada per alumnes, pares i mestres en una relaci\u00f3 din\u00e0mica, rica i harm\u00f2nica que propicia la tasca educativa.<br \/>\nEl treball conjunt ens ha portat a la construcci\u00f3 d\u2019una l\u00ednia coherent, que s\u2019enmarca en la qualitat pedag\u00f2gica, la innovaci\u00f3 metodol\u00f2gica, l\u2019atenci\u00f3 a&hellip;  <a href=\"https:\/\/agora.xtec.cat\/ceipcastellciuro\/trets-d-identitat\/\" title=\"Read Trets d&#8217;identitat\">Llegeix m\u00e9s\u00bb<\/a><\/p>\n","protected":false},"author":1,"featured_media":0,"parent":0,"menu_order":0,"comment_status":"closed","ping_status":"closed","template":"page-templates\/side-menu.php","meta":{"_bbp_topic_count":0,"_bbp_reply_count":0,"_bbp_total_topic_count":0,"_bbp_total_reply_count":0,"_bbp_voice_count":0,"_bbp_anonymous_reply_count":0,"_bbp_topic_count_hidden":0,"_bbp_reply_count_hidden":0,"_bbp_forum_subforum_count":0,"footnotes":""},"class_list":["post-64","page","type-page","status-publish","hentry"],"post_mailing_queue_ids":[],"_links":{"self":[{"href":"https:\/\/agora.xtec.cat\/ceipcastellciuro\/wp-json\/wp\/v2\/pages\/64","targetHints":{"allow":["GET"]}}],"collection":[{"href":"https:\/\/agora.xtec.cat\/ceipcastellciuro\/wp-json\/wp\/v2\/pages"}],"about":[{"href":"https:\/\/agora.xtec.cat\/ceipcastellciuro\/wp-json\/wp\/v2\/types\/page"}],"author":[{"embeddable":true,"href":"https:\/\/agora.xtec.cat\/ceipcastellciuro\/wp-json\/wp\/v2\/users\/1"}],"replies":[{"embeddable":true,"href":"https:\/\/agora.xtec.cat\/ceipcastellciuro\/wp-json\/wp\/v2\/comments?post=64"}],"version-history":[{"count":3,"href":"https:\/\/agora.xtec.cat\/ceipcastellciuro\/wp-json\/wp\/v2\/pages\/64\/revisions"}],"predecessor-version":[{"id":427,"href":"https:\/\/agora.xtec.cat\/ceipcastellciuro\/wp-json\/wp\/v2\/pages\/64\/revisions\/427"}],"wp:attachment":[{"href":"https:\/\/agora.xtec.cat\/ceipcastellciuro\/wp-json\/wp\/v2\/media?parent=64"}],"curies":[{"name":"wp","href":"https:\/\/api.w.org\/{rel}","templated":true}]}}

<p>La nostra comunitat educativa està formada per alumnes, pares i mestres en una relació dinàmica, rica i harmònica que propicia la tasca educativa.</p>
<p>El treball conjunt ens ha portat a la construcció d’una línia coherent, que s’enmarca en la qualitat pedagògica, la innovació metodològica, l’atenció a la diversitat, la cura de l’entorn i el respecte pels valors humans.</p>
<p><u>Arrelada i oberta</u><br />
Aprenem descobrint i participant en tot allò que ens envolta, coneixent la nostra identitat més propera, per respectar-la i estimar-la, però obrim progressivament aquest conixement a d’altres realitats, a diferents maneres de fer, de sentir i de viure com a font d’enriquiment per a tots.</p>
<p><u>Acollidora i integradora</u><br />
Perquè amb la convivència diària de persones diferents que treballem en l’equip, hem consolidat un estil on tothom hi té cabuda, on la forma de decisió és es diàleg i el consens i on tots, nens i nenes, pares i mares i mestres ens hi sentim com a casa.</p>
<p><u>Constant i innovadora</u><br />
Creiem en l’exigència i el compromís d’esforç en el treball, ens agrada la feina del dia a dia, ben feta i sense artificis, amb desig de renovació pedagògica i amb la incorporació continuada dels nous recursos i les noves tecnologies.</p>

<p>La nostra comunitat educativa està formada per alumnes, pares i mestres en una relació dinàmica, rica i harmònica que propicia la tasca educativa.<br />
El treball conjunt ens ha portat a la construcció d’una línia coherent, que s’enmarca en la qualitat pedagògica, la innovació metodològica, l’atenció a&hellip;  <a href="https://agora.xtec.cat/ceipcastellciuro/trets-d-identitat/" title="Read Trets d&#8217;identitat">Llegeix més»</a></p>
