{"id":509,"date":"2016-04-08T15:57:50","date_gmt":"2016-04-08T14:57:50","guid":{"rendered":"http:\/\/agora.xtec.cat\/ceipcastellciuro\/?page_id=509"},"modified":"2024-02-13T19:59:20","modified_gmt":"2024-02-13T18:59:20","slug":"coneix-com-treballem","status":"publish","type":"page","link":"https:\/\/agora.xtec.cat\/ceipcastellciuro\/trets-d-identitat\/coneix-com-treballem\/","title":{"rendered":"Coneix com treballem"},"content":{"rendered":"<p>Per con\u00e8ixer una mica m\u00e9s la nostra escola mireu aquest v\u00eddeo que mostra algunes de les activitats que fem a l&#8217;escola al llarg de tots els cursos d&#8217;Infantil i Prim\u00e0ria. Tamb\u00e9 us mostrem alguns aspectes destacats de les nostres opcions metodol\u00f2giques.<\/p>\n<p><iframe loading=\"lazy\" src=\"https:\/\/player.vimeo.com\/video\/204493884\" width=\"640\" height=\"356\" frameborder=\"0\"><\/iframe><\/p>\n<p><a href=\"https:\/\/vimeo.com\/204493884\">Coneix com treballem<\/a> from <a href=\"https:\/\/vimeo.com\/user52129491\">Escola Castell Ciur\u00f3<\/a> on <a href=\"https:\/\/vimeo.com\">Vimeo<\/a>.<\/p>\n<div><\/div>\n<div><\/div>\n<div>\n<div style=\"width: 100%;\">\n<div style=\"position: relative; padding-bottom: 55%; padding-top: 0; height: 0;\"><iframe loading=\"lazy\" style=\"position: absolute; top: 0; left: 0; width: 100%; height: 100%;\" title=\"FEB23 - Escola Castell Ciur\u00f3 - Eixos de la nostra l\u00ednia pedag\u00f2gica\" src=\"https:\/\/view.genial.ly\/63fa3896fcda4600185ab698\" width=\"2000\" height=\"1100\" frameborder=\"0\" scrolling=\"yes\" allowfullscreen=\"allowfullscreen\"><\/iframe><\/div>\n<\/div>\n<\/div>\n<div><\/div>\n<div><\/div>\n<div><\/div>\n<div>\n<div style=\"width: 100%;\">\n<div style=\"position: relative; padding-bottom: 55%; padding-top: 0; height: 0;\"><iframe loading=\"lazy\" style=\"position: absolute; top: 0; left: 0; width: 100%; height: 100%;\" title=\"FEB24 - Escola Castell Ciur\u00f3 - Trets d'identitat\" src=\"https:\/\/view.genial.ly\/65cbb416fb08ec0014373781\" width=\"2000\" height=\"1100\" frameborder=\"0\" scrolling=\"yes\" allowfullscreen=\"allowfullscreen\"><\/iframe><\/div>\n<\/div>\n<\/div>\n<div><\/div>\n<div><\/div>\n<div><\/div>\n<div style=\"width: 100%;\">\n<div style=\"position: relative; padding-bottom: 55.00%; padding-top: 0; height: 0;\"><iframe loading=\"lazy\" style=\"position: absolute; top: 0; left: 0; width: 100%; height: 100%;\" title=\"FEB23 - Serveis i activitats complement\u00e0ries\" src=\"https:\/\/view.genial.ly\/63fa393e65a7c00011a9f153\" width=\"2000\" height=\"1100\" frameborder=\"0\" scrolling=\"yes\" allowfullscreen=\"allowfullscreen\"><\/iframe><\/div>\n<\/div>\n","protected":false},"excerpt":{"rendered":"<p>Per con\u00e8ixer una mica m\u00e9s la nostra escola mireu aquest v\u00eddeo que mostra algunes de les activitats que fem a l&#8217;escola al llarg de tots els cursos d&#8217;Infantil i Prim\u00e0ria. Tamb\u00e9 us mostrem alguns aspectes destacats de les nostres opcions metodol\u00f2giques.<\/p>\n<p><a href=\"https:\/\/vimeo.com\/204493884\">Coneix com treballem<\/a> from&hellip;  <a href=\"https:\/\/agora.xtec.cat\/ceipcastellciuro\/trets-d-identitat\/coneix-com-treballem\/\" title=\"Read Coneix com treballem\">Llegeix m\u00e9s\u00bb<\/a><\/p>\n","protected":false},"author":1,"featured_media":0,"parent":64,"menu_order":1,"comment_status":"closed","ping_status":"closed","template":"page-templates\/side-menu.php","meta":{"_bbp_topic_count":0,"_bbp_reply_count":0,"_bbp_total_topic_count":0,"_bbp_total_reply_count":0,"_bbp_voice_count":0,"_bbp_anonymous_reply_count":0,"_bbp_topic_count_hidden":0,"_bbp_reply_count_hidden":0,"_bbp_forum_subforum_count":0,"footnotes":""},"class_list":["post-509","page","type-page","status-publish","hentry"],"post_mailing_queue_ids":[],"_links":{"self":[{"href":"https:\/\/agora.xtec.cat\/ceipcastellciuro\/wp-json\/wp\/v2\/pages\/509","targetHints":{"allow":["GET"]}}],"collection":[{"href":"https:\/\/agora.xtec.cat\/ceipcastellciuro\/wp-json\/wp\/v2\/pages"}],"about":[{"href":"https:\/\/agora.xtec.cat\/ceipcastellciuro\/wp-json\/wp\/v2\/types\/page"}],"author":[{"embeddable":true,"href":"https:\/\/agora.xtec.cat\/ceipcastellciuro\/wp-json\/wp\/v2\/users\/1"}],"replies":[{"embeddable":true,"href":"https:\/\/agora.xtec.cat\/ceipcastellciuro\/wp-json\/wp\/v2\/comments?post=509"}],"version-history":[{"count":6,"href":"https:\/\/agora.xtec.cat\/ceipcastellciuro\/wp-json\/wp\/v2\/pages\/509\/revisions"}],"predecessor-version":[{"id":17589,"href":"https:\/\/agora.xtec.cat\/ceipcastellciuro\/wp-json\/wp\/v2\/pages\/509\/revisions\/17589"}],"up":[{"embeddable":true,"href":"https:\/\/agora.xtec.cat\/ceipcastellciuro\/wp-json\/wp\/v2\/pages\/64"}],"wp:attachment":[{"href":"https:\/\/agora.xtec.cat\/ceipcastellciuro\/wp-json\/wp\/v2\/media?parent=509"}],"curies":[{"name":"wp","href":"https:\/\/api.w.org\/{rel}","templated":true}]}}

<p>Per conèixer una mica més la nostra escola mireu aquest vídeo que mostra algunes de les activitats que fem a l&#8217;escola al llarg de tots els cursos d&#8217;Infantil i Primària. També us mostrem alguns aspectes destacats de les nostres opcions metodològiques.</p>
<p><iframe loading="lazy" src="https://player.vimeo.com/video/204493884" width="640" height="356" frameborder="0"></iframe></p>
<p><a href="https://vimeo.com/204493884">Coneix com treballem</a> from <a href="https://vimeo.com/user52129491">Escola Castell Ciuró</a> on <a href="https://vimeo.com">Vimeo</a>.</p>
<div></div>
<div></div>
<div>
<div style="width: 100%;">
<div style="position: relative; padding-bottom: 55%; padding-top: 0; height: 0;"><iframe loading="lazy" style="position: absolute; top: 0; left: 0; width: 100%; height: 100%;" title="FEB23 - Escola Castell Ciuró - Eixos de la nostra línia pedagògica" src="https://view.genial.ly/63fa3896fcda4600185ab698" width="2000" height="1100" frameborder="0" scrolling="yes" allowfullscreen="allowfullscreen"></iframe></div>
</div>
</div>
<div></div>
<div></div>
<div></div>
<div>
<div style="width: 100%;">
<div style="position: relative; padding-bottom: 55%; padding-top: 0; height: 0;"><iframe loading="lazy" style="position: absolute; top: 0; left: 0; width: 100%; height: 100%;" title="FEB24 - Escola Castell Ciuró - Trets d'identitat" src="https://view.genial.ly/65cbb416fb08ec0014373781" width="2000" height="1100" frameborder="0" scrolling="yes" allowfullscreen="allowfullscreen"></iframe></div>
</div>
</div>
<div></div>
<div></div>
<div></div>
<div style="width: 100%;">
<div style="position: relative; padding-bottom: 55.00%; padding-top: 0; height: 0;"><iframe loading="lazy" style="position: absolute; top: 0; left: 0; width: 100%; height: 100%;" title="FEB23 - Serveis i activitats complementàries" src="https://view.genial.ly/63fa393e65a7c00011a9f153" width="2000" height="1100" frameborder="0" scrolling="yes" allowfullscreen="allowfullscreen"></iframe></div>
</div>

<p>Per conèixer una mica més la nostra escola mireu aquest vídeo que mostra algunes de les activitats que fem a l&#8217;escola al llarg de tots els cursos d&#8217;Infantil i Primària. També us mostrem alguns aspectes destacats de les nostres opcions metodològiques.</p>
<p><a href="https://vimeo.com/204493884">Coneix com treballem</a> from&hellip;  <a href="https://agora.xtec.cat/ceipcastellciuro/trets-d-identitat/coneix-com-treballem/" title="Read Coneix com treballem">Llegeix més»</a></p>
