{"id":415,"date":"2016-02-29T17:39:43","date_gmt":"2016-02-29T16:39:43","guid":{"rendered":"http:\/\/agora.xtec.cat\/ceipcastellciuro\/?page_id=415"},"modified":"2017-10-31T16:10:09","modified_gmt":"2017-10-31T15:10:09","slug":"el-gust-per-la-lectura","status":"publish","type":"page","link":"https:\/\/agora.xtec.cat\/ceipcastellciuro\/trets-d-identitat\/el-gust-per-la-lectura\/","title":{"rendered":"El gust per la lectura"},"content":{"rendered":"<p>A l\u2019escola li donem molta import\u00e0ncia a la lectura i a gaudir amb ella. Per aquest motiu, vam iniciar el projecte de Biblioteca PuntEdu l\u2019any 2012 i poder aconseguir que l\u2019espai es convert\u00eds en una sala d\u2019estar per a tothom.<\/p>\n<p>Per gaudir i submergir-nos en el m\u00f3n literari fem l\u2019estona de biblioteca en mig grup, d\u2019aquesta manera podem compartir experi\u00e8ncies i fer un treball m\u00e9s proper.<\/p>\n<p>A la biblioteca fem activitats diferents: fem pr\u00e9stec de llibres, expliquem contes, imaginem hist\u00f2ries, treballem un monogr\u00e0fic diferent cada curs, ens visiten autors, els grans apadrinem als petits&#8230;<\/p>\n<p>Tenim la <em>Bibliopati<\/em>, una capsa que surt els dimarts a l\u2019estona de l\u2019esbarjo i, aix\u00ed, podem llegir revistes i c\u00f2mics una estona. I tamb\u00e9 unes <em>Maletes Viatgeres<\/em> que estan a casa de les fam\u00edlies durant una setmana.<\/p>\n<p>A les estones del migdia, els m\u00e9s grans poden venir a la biblioteca i fer treballs en grup, deures, lectura&#8230;<\/p>\n<p>Visita el bloc de la nostra biblioteca:<br \/>\n<a href=\"http:\/\/blocs.xtec.cat\/ciuromediateca\" target=\"_blank\" rel=\"noopener noreferrer\"><img loading=\"lazy\" decoding=\"async\" class=\"wp-image-279 alignleft\" src=\"http:\/\/agora.xtec.cat\/ceipcastellciuro\/wp-content\/uploads\/usu890\/2016\/02\/Biblio.jpg\" alt=\"Biblio\" width=\"393\" height=\"115\" srcset=\"https:\/\/agora.xtec.cat\/ceipcastellciuro\/wp-content\/uploads\/usu890\/2016\/02\/Biblio.jpg 992w, https:\/\/agora.xtec.cat\/ceipcastellciuro\/wp-content\/uploads\/usu890\/2016\/02\/Biblio-300x88.jpg 300w\" sizes=\"auto, (max-width: 393px) 100vw, 393px\" \/><\/a><\/p>\n","protected":false},"excerpt":{"rendered":"<p>A l\u2019escola li donem molta import\u00e0ncia a la lectura i a gaudir amb ella. Per aquest motiu, vam iniciar el projecte de Biblioteca PuntEdu l\u2019any 2012 i poder aconseguir que l\u2019espai es convert\u00eds en una sala d\u2019estar per a tothom.<br \/>\nPer gaudir i submergir-nos en el&hellip;  <a href=\"https:\/\/agora.xtec.cat\/ceipcastellciuro\/trets-d-identitat\/el-gust-per-la-lectura\/\" title=\"Read El gust per la lectura\">Llegeix m\u00e9s\u00bb<\/a><\/p>\n","protected":false},"author":1,"featured_media":0,"parent":64,"menu_order":3,"comment_status":"closed","ping_status":"closed","template":"page-templates\/side-menu.php","meta":{"_bbp_topic_count":0,"_bbp_reply_count":0,"_bbp_total_topic_count":0,"_bbp_total_reply_count":0,"_bbp_voice_count":0,"_bbp_anonymous_reply_count":0,"_bbp_topic_count_hidden":0,"_bbp_reply_count_hidden":0,"_bbp_forum_subforum_count":0,"footnotes":""},"class_list":["post-415","page","type-page","status-publish","hentry"],"post_mailing_queue_ids":[],"_links":{"self":[{"href":"https:\/\/agora.xtec.cat\/ceipcastellciuro\/wp-json\/wp\/v2\/pages\/415","targetHints":{"allow":["GET"]}}],"collection":[{"href":"https:\/\/agora.xtec.cat\/ceipcastellciuro\/wp-json\/wp\/v2\/pages"}],"about":[{"href":"https:\/\/agora.xtec.cat\/ceipcastellciuro\/wp-json\/wp\/v2\/types\/page"}],"author":[{"embeddable":true,"href":"https:\/\/agora.xtec.cat\/ceipcastellciuro\/wp-json\/wp\/v2\/users\/1"}],"replies":[{"embeddable":true,"href":"https:\/\/agora.xtec.cat\/ceipcastellciuro\/wp-json\/wp\/v2\/comments?post=415"}],"version-history":[{"count":3,"href":"https:\/\/agora.xtec.cat\/ceipcastellciuro\/wp-json\/wp\/v2\/pages\/415\/revisions"}],"predecessor-version":[{"id":913,"href":"https:\/\/agora.xtec.cat\/ceipcastellciuro\/wp-json\/wp\/v2\/pages\/415\/revisions\/913"}],"up":[{"embeddable":true,"href":"https:\/\/agora.xtec.cat\/ceipcastellciuro\/wp-json\/wp\/v2\/pages\/64"}],"wp:attachment":[{"href":"https:\/\/agora.xtec.cat\/ceipcastellciuro\/wp-json\/wp\/v2\/media?parent=415"}],"curies":[{"name":"wp","href":"https:\/\/api.w.org\/{rel}","templated":true}]}}

<p>A l’escola li donem molta importància a la lectura i a gaudir amb ella. Per aquest motiu, vam iniciar el projecte de Biblioteca PuntEdu l’any 2012 i poder aconseguir que l’espai es convertís en una sala d’estar per a tothom.</p>
<p>Per gaudir i submergir-nos en el món literari fem l’estona de biblioteca en mig grup, d’aquesta manera podem compartir experiències i fer un treball més proper.</p>
<p>A la biblioteca fem activitats diferents: fem préstec de llibres, expliquem contes, imaginem històries, treballem un monogràfic diferent cada curs, ens visiten autors, els grans apadrinem als petits&#8230;</p>
<p>Tenim la <em>Bibliopati</em>, una capsa que surt els dimarts a l’estona de l’esbarjo i, així, podem llegir revistes i còmics una estona. I també unes <em>Maletes Viatgeres</em> que estan a casa de les famílies durant una setmana.</p>
<p>A les estones del migdia, els més grans poden venir a la biblioteca i fer treballs en grup, deures, lectura&#8230;</p>
<p>Visita el bloc de la nostra biblioteca:<br />
<a href="http://blocs.xtec.cat/ciuromediateca" target="_blank" rel="noopener noreferrer"><img loading="lazy" decoding="async" class="wp-image-279 alignleft" src="http://agora.xtec.cat/ceipcastellciuro/wp-content/uploads/usu890/2016/02/Biblio.jpg" alt="Biblio" width="393" height="115" srcset="https://agora.xtec.cat/ceipcastellciuro/wp-content/uploads/usu890/2016/02/Biblio.jpg 992w, https://agora.xtec.cat/ceipcastellciuro/wp-content/uploads/usu890/2016/02/Biblio-300x88.jpg 300w" sizes="auto, (max-width: 393px) 100vw, 393px" /></a></p>

<p>A l’escola li donem molta importància a la lectura i a gaudir amb ella. Per aquest motiu, vam iniciar el projecte de Biblioteca PuntEdu l’any 2012 i poder aconseguir que l’espai es convertís en una sala d’estar per a tothom.<br />
Per gaudir i submergir-nos en el&hellip;  <a href="https://agora.xtec.cat/ceipcastellciuro/trets-d-identitat/el-gust-per-la-lectura/" title="Read El gust per la lectura">Llegeix més»</a></p>
