{"id":38,"date":"2014-09-18T12:34:08","date_gmt":"2014-09-18T10:34:08","guid":{"rendered":"http:\/\/agora.xtec.cat\/ceipcastellciuro\/?page_id=38"},"modified":"2026-01-29T09:50:05","modified_gmt":"2026-01-29T08:50:05","slug":"informacio","status":"publish","type":"page","link":"https:\/\/agora.xtec.cat\/ceipcastellciuro\/lescola\/informacio\/","title":{"rendered":"Informaci\u00f3 general"},"content":{"rendered":"<p><strong>Informaci\u00f3 general:\u00a0<\/strong><\/p>\n<ul style=\"list-style-type: circle;\">\n<li><a href=\"https:\/\/drive.google.com\/file\/d\/1rP1yNMAwFz2zMroAciMe32QK-TYqe0uk\/view?usp=sharing\">Horari escolar curs 2025-2026 &#8211; Normes d&#8217;entrada i sortida del centre<\/a><\/li>\n<li><a href=\"https:\/\/drive.google.com\/file\/d\/1TUj6jSIcabMw69uGnu7p1d0CKJWm1GF0\/view?usp=sharing\">Horaris d&#8217;atenci\u00f3 a les fam\u00edlies. Reunions d&#8217;inici de curs<\/a><\/li>\n<li><a href=\"https:\/\/drive.google.com\/file\/d\/1eePL42c-u2xYZB4mrcYBHp8lyMdaaEUf\/view?usp=sharing\">Dates de lliurament d&#8217;informes i Sortides i col\u00f2nies<\/a><\/li>\n<li>Psicomotricitat, educaci\u00f3 f\u00edsica, i nataci\u00f3 &#8211; Dates<\/li>\n<li><a href=\"https:\/\/drive.google.com\/file\/d\/1Xvw-4C0Z5QPJBHyp8kk6hdbIEg0hC3TD\/view?usp=sharing\">Normes b\u00e0siques de funcionament<\/a><\/li>\n<li><a href=\"https:\/\/drive.google.com\/file\/d\/1-LHKaXPpDBivsCq9rbWy_6DfCDb0yCln\/view?usp=sharing\" target=\"_blank\" rel=\"noopener\">Normes de conviv\u00e8ncia &#8211; ACTUALITZACI\u00d3 20-09-2022<\/a><\/li>\n<li><a href=\"http:\/\/familiaiescola.gencat.cat\/ca\/educar-creixer-en-familia\/educacio-us-tecnologies\/\" target=\"_blank\" rel=\"noopener noreferrer\">Educaci\u00f3 en l&#8217;\u00fas de les tecnologies<\/a><\/li>\n<li><a href=\"https:\/\/drive.google.com\/open?id=1iBmvLbO6ujpNtjDz5kDHoGZdy9wJm42a\" target=\"_blank\" rel=\"noopener noreferrer\">Resum de les dimensions dels \u00e0mbits curriculars a Educaci\u00f3 Prim\u00e0ria.<\/a><\/li>\n<\/ul>\n<p>&nbsp;<\/p>\n","protected":false},"excerpt":{"rendered":"<p>Informaci\u00f3 general:\u00a0<\/p>\n<ul style=\"list-style-type: circle;\">\n<li><a href=\"https:\/\/drive.google.com\/file\/d\/1rP1yNMAwFz2zMroAciMe32QK-TYqe0uk\/view?usp=sharing\">Horari escolar curs 2025-2026 &#8211; Normes d&#8217;entrada i sortida del centre<\/a><\/li>\n<li><a href=\"https:\/\/drive.google.com\/file\/d\/1TUj6jSIcabMw69uGnu7p1d0CKJWm1GF0\/view?usp=sharing\">Horaris d&#8217;atenci\u00f3 a les fam\u00edlies. Reunions d&#8217;inici de curs<\/a><\/li>\n<li><a href=\"https:\/\/drive.google.com\/file\/d\/1eePL42c-u2xYZB4mrcYBHp8lyMdaaEUf\/view?usp=sharing\">Dates de lliurament d&#8217;informes i Sortides i col\u00f2nies<\/a><\/li>\n<li>Psicomotricitat, educaci\u00f3 f\u00edsica, i nataci\u00f3 &#8211; Dates<\/li>\n<li><a href=\"https:\/\/drive.google.com\/file\/d\/1Xvw-4C0Z5QPJBHyp8kk6hdbIEg0hC3TD\/view?usp=sharing\">Normes b\u00e0siques de funcionament<\/a><\/li>\n<li><a href=\"https:\/\/drive.google.com\/file\/d\/1-LHKaXPpDBivsCq9rbWy_6DfCDb0yCln\/view?usp=sharing\" target=\"_blank\" rel=\"noopener\">Normes&hellip;  <a href=\"https:\/\/agora.xtec.cat\/ceipcastellciuro\/lescola\/informacio\/\" title=\"Read Informaci\u00f3 general\">Llegeix m\u00e9s\u00bb<\/a><br \/>\n","protected":false},"author":1,"featured_media":0,"parent":22,"menu_order":70,"comment_status":"closed","ping_status":"closed","template":"page-templates\/side-menu.php","meta":{"_bbp_topic_count":0,"_bbp_reply_count":0,"_bbp_total_topic_count":0,"_bbp_total_reply_count":0,"_bbp_voice_count":0,"_bbp_anonymous_reply_count":0,"_bbp_topic_count_hidden":0,"_bbp_reply_count_hidden":0,"_bbp_forum_subforum_count":0,"footnotes":""},"class_list":["post-38","page","type-page","status-publish","hentry"],"post_mailing_queue_ids":[],"_links":{"self":[{"href":"https:\/\/agora.xtec.cat\/ceipcastellciuro\/wp-json\/wp\/v2\/pages\/38","targetHints":{"allow":["GET"]}}],"collection":[{"href":"https:\/\/agora.xtec.cat\/ceipcastellciuro\/wp-json\/wp\/v2\/pages"}],"about":[{"href":"https:\/\/agora.xtec.cat\/ceipcastellciuro\/wp-json\/wp\/v2\/types\/page"}],"author":[{"embeddable":true,"href":"https:\/\/agora.xtec.cat\/ceipcastellciuro\/wp-json\/wp\/v2\/users\/1"}],"replies":[{"embeddable":true,"href":"https:\/\/agora.xtec.cat\/ceipcastellciuro\/wp-json\/wp\/v2\/comments?post=38"}],"version-history":[{"count":7,"href":"https:\/\/agora.xtec.cat\/ceipcastellciuro\/wp-json\/wp\/v2\/pages\/38\/revisions"}],"predecessor-version":[{"id":18010,"href":"https:\/\/agora.xtec.cat\/ceipcastellciuro\/wp-json\/wp\/v2\/pages\/38\/revisions\/18010"}],"up":[{"embeddable":true,"href":"https:\/\/agora.xtec.cat\/ceipcastellciuro\/wp-json\/wp\/v2\/pages\/22"}],"wp:attachment":[{"href":"https:\/\/agora.xtec.cat\/ceipcastellciuro\/wp-json\/wp\/v2\/media?parent=38"}],"curies":[{"name":"wp","href":"https:\/\/api.w.org\/{rel}","templated":true}]}}

Informació general

<p><strong>Informació general: </strong></p>
<ul style="list-style-type: circle;">
<li><a href="https://drive.google.com/file/d/1rP1yNMAwFz2zMroAciMe32QK-TYqe0uk/view?usp=sharing">Horari escolar curs 2025-2026 &#8211; Normes d&#8217;entrada i sortida del centre</a></li>
<li><a href="https://drive.google.com/file/d/1TUj6jSIcabMw69uGnu7p1d0CKJWm1GF0/view?usp=sharing">Horaris d&#8217;atenció a les famílies. Reunions d&#8217;inici de curs</a></li>
<li><a href="https://drive.google.com/file/d/1eePL42c-u2xYZB4mrcYBHp8lyMdaaEUf/view?usp=sharing">Dates de lliurament d&#8217;informes i Sortides i colònies</a></li>
<li>Psicomotricitat, educació física, i natació &#8211; Dates</li>
<li><a href="https://drive.google.com/file/d/1Xvw-4C0Z5QPJBHyp8kk6hdbIEg0hC3TD/view?usp=sharing">Normes bàsiques de funcionament</a></li>
<li><a href="https://drive.google.com/file/d/1-LHKaXPpDBivsCq9rbWy_6DfCDb0yCln/view?usp=sharing" target="_blank" rel="noopener">Normes de convivència &#8211; ACTUALITZACIÓ 20-09-2022</a></li>
<li><a href="http://familiaiescola.gencat.cat/ca/educar-creixer-en-familia/educacio-us-tecnologies/" target="_blank" rel="noopener noreferrer">Educació en l&#8217;ús de les tecnologies</a></li>
<li><a href="https://drive.google.com/open?id=1iBmvLbO6ujpNtjDz5kDHoGZdy9wJm42a" target="_blank" rel="noopener noreferrer">Resum de les dimensions dels àmbits curriculars a Educació Primària.</a></li>
</ul>
<p>&nbsp;</p>

<p>Informació general: </p>
<ul style="list-style-type: circle;">
<li><a href="https://drive.google.com/file/d/1rP1yNMAwFz2zMroAciMe32QK-TYqe0uk/view?usp=sharing">Horari escolar curs 2025-2026 &#8211; Normes d&#8217;entrada i sortida del centre</a></li>
<li><a href="https://drive.google.com/file/d/1TUj6jSIcabMw69uGnu7p1d0CKJWm1GF0/view?usp=sharing">Horaris d&#8217;atenció a les famílies. Reunions d&#8217;inici de curs</a></li>
<li><a href="https://drive.google.com/file/d/1eePL42c-u2xYZB4mrcYBHp8lyMdaaEUf/view?usp=sharing">Dates de lliurament d&#8217;informes i Sortides i colònies</a></li>
<li>Psicomotricitat, educació física, i natació &#8211; Dates</li>
<li><a href="https://drive.google.com/file/d/1Xvw-4C0Z5QPJBHyp8kk6hdbIEg0hC3TD/view?usp=sharing">Normes bàsiques de funcionament</a></li>
<li><a href="https://drive.google.com/file/d/1-LHKaXPpDBivsCq9rbWy_6DfCDb0yCln/view?usp=sharing" target="_blank" rel="noopener">Normes&hellip;  <a href="https://agora.xtec.cat/ceipcastellciuro/lescola/informacio/" title="Read Informació general">Llegeix més»</a><br />
