{"id":236,"date":"2016-02-19T22:00:51","date_gmt":"2016-02-19T21:00:51","guid":{"rendered":"http:\/\/agora.xtec.cat\/ceipcastellciuro\/?page_id=236"},"modified":"2023-09-14T10:46:21","modified_gmt":"2023-09-14T08:46:21","slug":"infantil","status":"publish","type":"page","link":"https:\/\/agora.xtec.cat\/ceipcastellciuro\/nivells\/infantil\/","title":{"rendered":"Educaci\u00f3 Infantil"},"content":{"rendered":"<p>Partim sempre del joc com a mitj\u00e0 imprescindible per a l\u2019aprenentatge.\u00a0<strong>A l&#8217;Educaci\u00f3 Infantil:<\/strong><\/p>\n<ul>\n<li>Ens basem en la participaci\u00f3 dels alumnes; els infants s\u00f3n protagonistes dels seus aprenentatges. La presa de decisions sobre aquests es realitza a partir de les seves aportacions.<\/li>\n<li>Creiem en la necessitat d\u2019una estreta relaci\u00f3 fam\u00edlia-escola. Volem una escola oberta a les fam\u00edlies on la confian\u00e7a rec\u00edproca sigui l\u2019eix que faci girar el motor del nostre dia a dia.<\/li>\n<li>Treballem per Espais d\u2019Aprenentatge intercicle, barrejant infants dels tres cursos, en diferents moments de la setmana. Vehiculem cada Espai a un \u00e0mbit concret i, dins d\u2019ell, oferim diferents propostes per les quals els infants es podran moure lliurement: matem\u00e0tica manipulativa, pl\u00e0stica, m\u00fasica i moviment, joc simb\u00f2lic, experimentaci\u00f3, espais foscos amb taules de llum i diverses activitats\u2026 mil possibilitats per a potenciar les intel\u00b7lig\u00e8ncies m\u00faltiples des del respecte a les individualitats de cada infant i mitjan\u00e7ant el treball cooperatiu.<\/li>\n<li>Fem, com a m\u00ednim, un projecte de treball cada curs, sempre lliure i triat pels infants a partir dels seus interessos.<\/li>\n<li>Potenciem l\u2019autonomia de cada nen i nena; creiem en les possibilitats dels infants, i en sentir-se recolzats i acompanyats podran de mica en mica assolir petites fites cap a la seva autonomia.<\/li>\n<li>Treballem la psicomotricitat amb la pr\u00e0ctica motriu Aucouturier, afavorint el plaer de pensar i de crear, tot mitjan\u00e7ant l\u2019experimentaci\u00f3 i expressi\u00f3 amb el propi cos.<\/li>\n<li>Assistim setmanalment dins de l&#8217;horari escolar a la piscina municipal. Els infants es familiaritzen amb el medi aqu\u00e0tic com a continuaci\u00f3 de les activitats psicomotrius que es duen a terme a l&#8217;escola.<\/li>\n<li>Defensem la necessitat de respectar els ritmes i necessitats de cada infant.<\/li>\n<li>Prenem comprom\u00eds com a escola verda des d&#8217;I3 (reducci\u00f3 d\u2019embolcalls, apadrinament d\u2019arbres, aula del bosc, Setmana Mediambiental\u2026)<\/li>\n<li>Fem sortides els tres cursos i col\u00f2nies a I4 i I5.<\/li>\n<li>Treballem l\u2019angl\u00e8s en situaci\u00f3 l\u00fadica, amb converses quotidianes, contes, jocs, etc.<\/li>\n<\/ul>\n<p><strong>Visiteu el nostre bloc:<\/strong><\/p>\n<p><a href=\"https:\/\/blocs.xtec.cat\/ciuroparvulari\/\"><img loading=\"lazy\" decoding=\"async\" class=\"wp-image-17500 size-medium alignleft\" src=\"https:\/\/agora.xtec.cat\/ceipcastellciuro\/wp-content\/uploads\/usu890\/2023\/09\/blocinf-300x105.png\" alt=\"\" width=\"300\" height=\"105\" srcset=\"https:\/\/agora.xtec.cat\/ceipcastellciuro\/wp-content\/uploads\/usu890\/2023\/09\/blocinf-300x105.png 300w, https:\/\/agora.xtec.cat\/ceipcastellciuro\/wp-content\/uploads\/usu890\/2023\/09\/blocinf-1024x357.png 1024w, https:\/\/agora.xtec.cat\/ceipcastellciuro\/wp-content\/uploads\/usu890\/2023\/09\/blocinf-768x268.png 768w, https:\/\/agora.xtec.cat\/ceipcastellciuro\/wp-content\/uploads\/usu890\/2023\/09\/blocinf.png 1230w\" sizes=\"auto, (max-width: 300px) 100vw, 300px\" \/><\/a><\/p>\n<p>&nbsp;<\/p>\n<p>&nbsp;<\/p>\n<p>&nbsp;<\/p>\n","protected":false},"excerpt":{"rendered":"<p>Partim sempre del joc com a mitj\u00e0 imprescindible per a l\u2019aprenentatge.\u00a0A l&#8217;Educaci\u00f3 Infantil:<\/p>\n<ul>\n<li>Ens basem en la participaci\u00f3 dels alumnes; els infants s\u00f3n protagonistes dels seus aprenentatges. La presa de decisions sobre aquests es realitza a partir de les seves aportacions.<\/li>\n<li>Creiem en la necessitat d\u2019una estreta&hellip;  <a href=\"https:\/\/agora.xtec.cat\/ceipcastellciuro\/nivells\/infantil\/\" title=\"Read Educaci\u00f3 Infantil\">Llegeix m\u00e9s\u00bb<\/a><br \/>\n","protected":false},"author":1,"featured_media":0,"parent":87,"menu_order":20,"comment_status":"closed","ping_status":"closed","template":"page-templates\/side-menu.php","meta":{"_bbp_topic_count":0,"_bbp_reply_count":0,"_bbp_total_topic_count":0,"_bbp_total_reply_count":0,"_bbp_voice_count":0,"_bbp_anonymous_reply_count":0,"_bbp_topic_count_hidden":0,"_bbp_reply_count_hidden":0,"_bbp_forum_subforum_count":0,"footnotes":""},"class_list":["post-236","page","type-page","status-publish","hentry"],"post_mailing_queue_ids":[],"_links":{"self":[{"href":"https:\/\/agora.xtec.cat\/ceipcastellciuro\/wp-json\/wp\/v2\/pages\/236","targetHints":{"allow":["GET"]}}],"collection":[{"href":"https:\/\/agora.xtec.cat\/ceipcastellciuro\/wp-json\/wp\/v2\/pages"}],"about":[{"href":"https:\/\/agora.xtec.cat\/ceipcastellciuro\/wp-json\/wp\/v2\/types\/page"}],"author":[{"embeddable":true,"href":"https:\/\/agora.xtec.cat\/ceipcastellciuro\/wp-json\/wp\/v2\/users\/1"}],"replies":[{"embeddable":true,"href":"https:\/\/agora.xtec.cat\/ceipcastellciuro\/wp-json\/wp\/v2\/comments?post=236"}],"version-history":[{"count":3,"href":"https:\/\/agora.xtec.cat\/ceipcastellciuro\/wp-json\/wp\/v2\/pages\/236\/revisions"}],"predecessor-version":[{"id":17502,"href":"https:\/\/agora.xtec.cat\/ceipcastellciuro\/wp-json\/wp\/v2\/pages\/236\/revisions\/17502"}],"up":[{"embeddable":true,"href":"https:\/\/agora.xtec.cat\/ceipcastellciuro\/wp-json\/wp\/v2\/pages\/87"}],"wp:attachment":[{"href":"https:\/\/agora.xtec.cat\/ceipcastellciuro\/wp-json\/wp\/v2\/media?parent=236"}],"curies":[{"name":"wp","href":"https:\/\/api.w.org\/{rel}","templated":true}]}}

Educació Infantil

<p>Partim sempre del joc com a mitjà imprescindible per a l’aprenentatge. <strong>A l&#8217;Educació Infantil:</strong></p>
<ul>
<li>Ens basem en la participació dels alumnes; els infants són protagonistes dels seus aprenentatges. La presa de decisions sobre aquests es realitza a partir de les seves aportacions.</li>
<li>Creiem en la necessitat d’una estreta relació família-escola. Volem una escola oberta a les famílies on la confiança recíproca sigui l’eix que faci girar el motor del nostre dia a dia.</li>
<li>Treballem per Espais d’Aprenentatge intercicle, barrejant infants dels tres cursos, en diferents moments de la setmana. Vehiculem cada Espai a un àmbit concret i, dins d’ell, oferim diferents propostes per les quals els infants es podran moure lliurement: matemàtica manipulativa, plàstica, música i moviment, joc simbòlic, experimentació, espais foscos amb taules de llum i diverses activitats… mil possibilitats per a potenciar les intel·ligències múltiples des del respecte a les individualitats de cada infant i mitjançant el treball cooperatiu.</li>
<li>Fem, com a mínim, un projecte de treball cada curs, sempre lliure i triat pels infants a partir dels seus interessos.</li>
<li>Potenciem l’autonomia de cada nen i nena; creiem en les possibilitats dels infants, i en sentir-se recolzats i acompanyats podran de mica en mica assolir petites fites cap a la seva autonomia.</li>
<li>Treballem la psicomotricitat amb la pràctica motriu Aucouturier, afavorint el plaer de pensar i de crear, tot mitjançant l’experimentació i expressió amb el propi cos.</li>
<li>Assistim setmanalment dins de l&#8217;horari escolar a la piscina municipal. Els infants es familiaritzen amb el medi aquàtic com a continuació de les activitats psicomotrius que es duen a terme a l&#8217;escola.</li>
<li>Defensem la necessitat de respectar els ritmes i necessitats de cada infant.</li>
<li>Prenem compromís com a escola verda des d&#8217;I3 (reducció d’embolcalls, apadrinament d’arbres, aula del bosc, Setmana Mediambiental…)</li>
<li>Fem sortides els tres cursos i colònies a I4 i I5.</li>
<li>Treballem l’anglès en situació lúdica, amb converses quotidianes, contes, jocs, etc.</li>
</ul>
<p><strong>Visiteu el nostre bloc:</strong></p>
<p><a href="https://blocs.xtec.cat/ciuroparvulari/"><img loading="lazy" decoding="async" class="wp-image-17500 size-medium alignleft" src="https://agora.xtec.cat/ceipcastellciuro/wp-content/uploads/usu890/2023/09/blocinf-300x105.png" alt="" width="300" height="105" srcset="https://agora.xtec.cat/ceipcastellciuro/wp-content/uploads/usu890/2023/09/blocinf-300x105.png 300w, https://agora.xtec.cat/ceipcastellciuro/wp-content/uploads/usu890/2023/09/blocinf-1024x357.png 1024w, https://agora.xtec.cat/ceipcastellciuro/wp-content/uploads/usu890/2023/09/blocinf-768x268.png 768w, https://agora.xtec.cat/ceipcastellciuro/wp-content/uploads/usu890/2023/09/blocinf.png 1230w" sizes="auto, (max-width: 300px) 100vw, 300px" /></a></p>
<p>&nbsp;</p>
<p>&nbsp;</p>
<p>&nbsp;</p>

<p>Partim sempre del joc com a mitjà imprescindible per a l’aprenentatge. A l&#8217;Educació Infantil:</p>
<ul>
<li>Ens basem en la participació dels alumnes; els infants són protagonistes dels seus aprenentatges. La presa de decisions sobre aquests es realitza a partir de les seves aportacions.</li>
<li>Creiem en la necessitat d’una estreta&hellip;  <a href="https://agora.xtec.cat/ceipcastellciuro/nivells/infantil/" title="Read Educació Infantil">Llegeix més»</a><br />
