{"id":16209,"date":"2019-09-23T17:55:03","date_gmt":"2019-09-23T15:55:03","guid":{"rendered":"http:\/\/agora.xtec.cat\/ceipcastellciuro\/?page_id=16209"},"modified":"2023-07-04T12:54:34","modified_gmt":"2023-07-04T10:54:34","slug":"tecnologies-digitals-per-a-laprenentatge","status":"publish","type":"page","link":"https:\/\/agora.xtec.cat\/ceipcastellciuro\/projectes-dinnovacio\/tecnologies-digitals-per-a-laprenentatge\/","title":{"rendered":"Transformaci\u00f3 Digital del Centre Educatiu"},"content":{"rendered":"<p>El curs 2018-2019 vam ser seleccionats per entrar a formar part del projecte pilot del Departament d\u2019Educaci\u00f3 de<b> Transformaci\u00f3 Digital dels Centres Educatius<\/b>\u00a0que<span class=\"\"> representa un repte apassionant per a la nostra escola. Aquest projecte contempla la dotaci\u00f3 dels recursos necessaris, la formaci\u00f3 i l\u2019aplicaci\u00f3 d\u2019aquests recursos amb els nostres alumnes per veure <\/span>reflectida en la millora de les capacitats i compet\u00e8ncies de l\u2019alumnat participant per mitj\u00e0 diferents \u00e0mbits de participaci\u00f3: la transformaci\u00f3 digital del centre, les tecnologies m\u00f2bils i la comunicaci\u00f3 digital.<\/p>\n<p>S\u00f3n molts els projectes que hem portat a terme aquests darrers cursos amb recursos digitals, i hem incorporat les eines TIC a la nostra metodologia d&#8217;aprenentatge.<\/p>\n<p>&nbsp;<\/p>\n<div style=\"width: 100%;\">\n<div style=\"position: relative; padding-bottom: 56.25%; padding-top: 0; height: 0;\"><iframe loading=\"lazy\" src=\"https:\/\/view.genial.ly\/601ee03da198a90d2050e248\" width=\"800\" height=\"450\" frameborder=\"0\"><span data-mce-type=\"bookmark\" style=\"display: inline-block; width: 0px; overflow: hidden; line-height: 0;\" class=\"mce_SELRES_start\">\ufeff<\/span><\/iframe><\/div>\n<div style=\"position: relative; padding-bottom: 56.25%; padding-top: 0; height: 0;\">En el seg\u00fcent enlla\u00e7, podeu veure una mostra de les evid\u00e8ncies que hem anat recollint al llarg d&#8217;aquest projecte a l&#8217;escola:<\/div>\n<p style=\"text-align: center;\"><a href=\"https:\/\/docs.google.com\/presentation\/d\/1R46_QFcfah3idAdi2wb2EO63VL_0eov0MOYAw9rLsjk\/edit?usp=sharing\"><img loading=\"lazy\" decoding=\"async\" class=\"size-full wp-image-17198 aligncenter\" src=\"https:\/\/agora.xtec.cat\/ceipcastellciuro\/wp-content\/uploads\/usu890\/2022\/06\/evidenciestransfdig.png\" alt=\"\" width=\"233\" height=\"236\" \/><\/a><\/p>\n","protected":false},"excerpt":{"rendered":"<p>El curs 2018-2019 vam ser seleccionats per entrar a formar part del projecte pilot del Departament d\u2019Educaci\u00f3 de Transformaci\u00f3 Digital dels Centres Educatius\u00a0que representa un repte apassionant per a la nostra escola. Aquest projecte contempla la dotaci\u00f3 dels recursos necessaris, la formaci\u00f3 i l\u2019aplicaci\u00f3 d\u2019aquests&hellip;  <a href=\"https:\/\/agora.xtec.cat\/ceipcastellciuro\/projectes-dinnovacio\/tecnologies-digitals-per-a-laprenentatge\/\" title=\"Read Transformaci\u00f3 Digital del Centre Educatiu\">Llegeix m\u00e9s\u00bb<\/a><\/p>\n","protected":false},"author":1,"featured_media":0,"parent":16202,"menu_order":2,"comment_status":"closed","ping_status":"closed","template":"","meta":{"_bbp_topic_count":0,"_bbp_reply_count":0,"_bbp_total_topic_count":0,"_bbp_total_reply_count":0,"_bbp_voice_count":0,"_bbp_anonymous_reply_count":0,"_bbp_topic_count_hidden":0,"_bbp_reply_count_hidden":0,"_bbp_forum_subforum_count":0,"footnotes":""},"class_list":["post-16209","page","type-page","status-publish","hentry"],"post_mailing_queue_ids":[],"_links":{"self":[{"href":"https:\/\/agora.xtec.cat\/ceipcastellciuro\/wp-json\/wp\/v2\/pages\/16209","targetHints":{"allow":["GET"]}}],"collection":[{"href":"https:\/\/agora.xtec.cat\/ceipcastellciuro\/wp-json\/wp\/v2\/pages"}],"about":[{"href":"https:\/\/agora.xtec.cat\/ceipcastellciuro\/wp-json\/wp\/v2\/types\/page"}],"author":[{"embeddable":true,"href":"https:\/\/agora.xtec.cat\/ceipcastellciuro\/wp-json\/wp\/v2\/users\/1"}],"replies":[{"embeddable":true,"href":"https:\/\/agora.xtec.cat\/ceipcastellciuro\/wp-json\/wp\/v2\/comments?post=16209"}],"version-history":[{"count":4,"href":"https:\/\/agora.xtec.cat\/ceipcastellciuro\/wp-json\/wp\/v2\/pages\/16209\/revisions"}],"predecessor-version":[{"id":16233,"href":"https:\/\/agora.xtec.cat\/ceipcastellciuro\/wp-json\/wp\/v2\/pages\/16209\/revisions\/16233"}],"up":[{"embeddable":true,"href":"https:\/\/agora.xtec.cat\/ceipcastellciuro\/wp-json\/wp\/v2\/pages\/16202"}],"wp:attachment":[{"href":"https:\/\/agora.xtec.cat\/ceipcastellciuro\/wp-json\/wp\/v2\/media?parent=16209"}],"curies":[{"name":"wp","href":"https:\/\/api.w.org\/{rel}","templated":true}]}}

Transformació Digital del Centre Educatiu

<p>El curs 2018-2019 vam ser seleccionats per entrar a formar part del projecte pilot del Departament d’Educació de<b> Transformació Digital dels Centres Educatius</b> que<span class=""> representa un repte apassionant per a la nostra escola. Aquest projecte contempla la dotació dels recursos necessaris, la formació i l’aplicació d’aquests recursos amb els nostres alumnes per veure </span>reflectida en la millora de les capacitats i competències de l’alumnat participant per mitjà diferents àmbits de participació: la transformació digital del centre, les tecnologies mòbils i la comunicació digital.</p>
<p>Són molts els projectes que hem portat a terme aquests darrers cursos amb recursos digitals, i hem incorporat les eines TIC a la nostra metodologia d&#8217;aprenentatge.</p>
<p>&nbsp;</p>
<div style="width: 100%;">
<div style="position: relative; padding-bottom: 56.25%; padding-top: 0; height: 0;"><iframe loading="lazy" src="https://view.genial.ly/601ee03da198a90d2050e248" width="800" height="450" frameborder="0"><span data-mce-type="bookmark" style="display: inline-block; width: 0px; overflow: hidden; line-height: 0;" class="mce_SELRES_start">﻿</span></iframe></div>
<div style="position: relative; padding-bottom: 56.25%; padding-top: 0; height: 0;">En el següent enllaç, podeu veure una mostra de les evidències que hem anat recollint al llarg d&#8217;aquest projecte a l&#8217;escola:</div>
<p style="text-align: center;"><a href="https://docs.google.com/presentation/d/1R46_QFcfah3idAdi2wb2EO63VL_0eov0MOYAw9rLsjk/edit?usp=sharing"><img loading="lazy" decoding="async" class="size-full wp-image-17198 aligncenter" src="https://agora.xtec.cat/ceipcastellciuro/wp-content/uploads/usu890/2022/06/evidenciestransfdig.png" alt="" width="233" height="236" /></a></p>

<p>El curs 2018-2019 vam ser seleccionats per entrar a formar part del projecte pilot del Departament d’Educació de Transformació Digital dels Centres Educatius que representa un repte apassionant per a la nostra escola. Aquest projecte contempla la dotació dels recursos necessaris, la formació i l’aplicació d’aquests&hellip;  <a href="https://agora.xtec.cat/ceipcastellciuro/projectes-dinnovacio/tecnologies-digitals-per-a-laprenentatge/" title="Read Transformació Digital del Centre Educatiu">Llegeix més»</a></p>
