{"id":16206,"date":"2019-09-23T17:52:43","date_gmt":"2019-09-23T15:52:43","guid":{"rendered":"http:\/\/agora.xtec.cat\/ceipcastellciuro\/?page_id=16206"},"modified":"2019-09-23T17:53:04","modified_gmt":"2019-09-23T15:53:04","slug":"xarxa-de-competencies-basiques","status":"publish","type":"page","link":"https:\/\/agora.xtec.cat\/ceipcastellciuro\/projectes-dinnovacio\/xarxa-de-competencies-basiques\/","title":{"rendered":"Xarxa de Compet\u00e8ncies B\u00e0siques"},"content":{"rendered":"<p>El curs 2017-2018 entrem a formar part de la Xarxa de Compet\u00e8ncies B\u00e0siques, una xarxa formada per un equip de docents que desenvolupen el treball per compet\u00e8ncies als seus centres, elaboren instruments de suport per orientar els processos de reflexi\u00f3 i la gesti\u00f3 del curr\u00edculum per compet\u00e8ncies b\u00e0siques i comparteixen processos d&#8217;autoavaluaci\u00f3.<\/p>\n<p><a href=\"http:\/\/xtec.gencat.cat\/ca\/curriculum\/xarxacb\/index.html\" target=\"_blank\" rel=\"noopener noreferrer\"><img loading=\"lazy\" decoding=\"async\" class=\"aligncenter wp-image-965 size-full\" src=\"http:\/\/agora.xtec.cat\/ceipcastellciuro\/wp-content\/uploads\/usu890\/2017\/10\/Logo_color1.png\" alt=\"\" width=\"373\" height=\"125\" srcset=\"https:\/\/agora.xtec.cat\/ceipcastellciuro\/wp-content\/uploads\/usu890\/2017\/10\/Logo_color1.png 373w, https:\/\/agora.xtec.cat\/ceipcastellciuro\/wp-content\/uploads\/usu890\/2017\/10\/Logo_color1-300x101.png 300w\" sizes=\"auto, (max-width: 373px) 100vw, 373px\" \/><\/a><\/p>\n","protected":false},"excerpt":{"rendered":"<p>El curs 2017-2018 entrem a formar part de la Xarxa de Compet\u00e8ncies B\u00e0siques, una xarxa formada per un equip de docents que desenvolupen el treball per compet\u00e8ncies als seus centres, elaboren instruments de suport per orientar els processos de reflexi\u00f3 i la gesti\u00f3 del curr\u00edculum&hellip;  <a href=\"https:\/\/agora.xtec.cat\/ceipcastellciuro\/projectes-dinnovacio\/xarxa-de-competencies-basiques\/\" title=\"Read Xarxa de Compet\u00e8ncies B\u00e0siques\">Llegeix m\u00e9s\u00bb<\/a><\/p>\n","protected":false},"author":1,"featured_media":0,"parent":16202,"menu_order":1,"comment_status":"closed","ping_status":"closed","template":"","meta":{"_bbp_topic_count":0,"_bbp_reply_count":0,"_bbp_total_topic_count":0,"_bbp_total_reply_count":0,"_bbp_voice_count":0,"_bbp_anonymous_reply_count":0,"_bbp_topic_count_hidden":0,"_bbp_reply_count_hidden":0,"_bbp_forum_subforum_count":0,"footnotes":""},"class_list":["post-16206","page","type-page","status-publish","hentry"],"post_mailing_queue_ids":[],"_links":{"self":[{"href":"https:\/\/agora.xtec.cat\/ceipcastellciuro\/wp-json\/wp\/v2\/pages\/16206","targetHints":{"allow":["GET"]}}],"collection":[{"href":"https:\/\/agora.xtec.cat\/ceipcastellciuro\/wp-json\/wp\/v2\/pages"}],"about":[{"href":"https:\/\/agora.xtec.cat\/ceipcastellciuro\/wp-json\/wp\/v2\/types\/page"}],"author":[{"embeddable":true,"href":"https:\/\/agora.xtec.cat\/ceipcastellciuro\/wp-json\/wp\/v2\/users\/1"}],"replies":[{"embeddable":true,"href":"https:\/\/agora.xtec.cat\/ceipcastellciuro\/wp-json\/wp\/v2\/comments?post=16206"}],"version-history":[{"count":2,"href":"https:\/\/agora.xtec.cat\/ceipcastellciuro\/wp-json\/wp\/v2\/pages\/16206\/revisions"}],"predecessor-version":[{"id":16208,"href":"https:\/\/agora.xtec.cat\/ceipcastellciuro\/wp-json\/wp\/v2\/pages\/16206\/revisions\/16208"}],"up":[{"embeddable":true,"href":"https:\/\/agora.xtec.cat\/ceipcastellciuro\/wp-json\/wp\/v2\/pages\/16202"}],"wp:attachment":[{"href":"https:\/\/agora.xtec.cat\/ceipcastellciuro\/wp-json\/wp\/v2\/media?parent=16206"}],"curies":[{"name":"wp","href":"https:\/\/api.w.org\/{rel}","templated":true}]}}

Xarxa de Competències Bàsiques

<p>El curs 2017-2018 entrem a formar part de la Xarxa de Competències Bàsiques, una xarxa formada per un equip de docents que desenvolupen el treball per competències als seus centres, elaboren instruments de suport per orientar els processos de reflexió i la gestió del currículum per competències bàsiques i comparteixen processos d&#8217;autoavaluació.</p>
<p><a href="http://xtec.gencat.cat/ca/curriculum/xarxacb/index.html" target="_blank" rel="noopener noreferrer"><img loading="lazy" decoding="async" class="aligncenter wp-image-965 size-full" src="http://agora.xtec.cat/ceipcastellciuro/wp-content/uploads/usu890/2017/10/Logo_color1.png" alt="" width="373" height="125" srcset="https://agora.xtec.cat/ceipcastellciuro/wp-content/uploads/usu890/2017/10/Logo_color1.png 373w, https://agora.xtec.cat/ceipcastellciuro/wp-content/uploads/usu890/2017/10/Logo_color1-300x101.png 300w" sizes="auto, (max-width: 373px) 100vw, 373px" /></a></p>

<p>El curs 2017-2018 entrem a formar part de la Xarxa de Competències Bàsiques, una xarxa formada per un equip de docents que desenvolupen el treball per competències als seus centres, elaboren instruments de suport per orientar els processos de reflexió i la gestió del currículum&hellip;  <a href="https://agora.xtec.cat/ceipcastellciuro/projectes-dinnovacio/xarxa-de-competencies-basiques/" title="Read Xarxa de Competències Bàsiques">Llegeix més»</a></p>
