{"id":16202,"date":"2019-09-23T17:44:17","date_gmt":"2019-09-23T15:44:17","guid":{"rendered":"http:\/\/agora.xtec.cat\/ceipcastellciuro\/?page_id=16202"},"modified":"2019-09-23T18:19:54","modified_gmt":"2019-09-23T16:19:54","slug":"projectes-dinnovacio","status":"publish","type":"page","link":"https:\/\/agora.xtec.cat\/ceipcastellciuro\/projectes-dinnovacio\/","title":{"rendered":"Projectes d&#8217;innovaci\u00f3"},"content":{"rendered":"<p>A continuaci\u00f3 us detallem els projectes d&#8217;innovaci\u00f3 que estem portant a terme a l&#8217;escola:<\/p>\n<ul>\n<li><a href=\"https:\/\/agora.xtec.cat\/ceipcastellciuro\/projectes-dinnovacio\/xarxa-de-competencies-basiques\/\">Xarxa de Compet\u00e8ncies B\u00e0siques<\/a><\/li>\n<li><a href=\"https:\/\/agora.xtec.cat\/ceipcastellciuro\/projectes-dinnovacio\/tecnologies-digitals-per-a-laprenentatge\/\">Projecte d&#8217;innovaci\u00f3 Tecnologies Digitals per a l&#8217;Aprenentatge<\/a><\/li>\n<li><a href=\"https:\/\/agora.xtec.cat\/ceipcastellciuro\/projectes-dinnovacio\/projecte-gep-generacio-plurilingue\/\">GEP &#8211; Generaci\u00f3 Pluril\u00edng\u00fce<\/a><\/li>\n<li><a href=\"https:\/\/agora.xtec.cat\/ceipcastellciuro\/projectes-dinnovacio\/projecte-apadrinem-el-nostre-territori\/\">Apadrinem el nostre patrimoni<\/a><\/li>\n<\/ul>\n<p>A m\u00e9s l&#8217;escola porta anys de continu\u00eftat d&#8217;altres projectes:<\/p>\n<ul>\n<li><a href=\"https:\/\/agora.xtec.cat\/ceipcastellciuro\/trets-d-identitat\/el-gust-per-la-lectura\/\">Biblioteques escolars Punt-Edu<\/a><\/li>\n<li><a href=\"https:\/\/agora.xtec.cat\/ceipcastellciuro\/trets-d-identitat\/escola-verda\/\">Escoles Verdes<\/a><\/li>\n<\/ul>\n","protected":false},"excerpt":{"rendered":"<p>A continuaci\u00f3 us detallem els projectes d&#8217;innovaci\u00f3 que estem portant a terme a l&#8217;escola:<\/p>\n<ul>\n<li><a href=\"https:\/\/agora.xtec.cat\/ceipcastellciuro\/projectes-dinnovacio\/xarxa-de-competencies-basiques\/\">Xarxa de Compet\u00e8ncies B\u00e0siques<\/a><\/li>\n<li><a href=\"https:\/\/agora.xtec.cat\/ceipcastellciuro\/projectes-dinnovacio\/tecnologies-digitals-per-a-laprenentatge\/\">Projecte d&#8217;innovaci\u00f3 Tecnologies Digitals per a l&#8217;Aprenentatge<\/a><\/li>\n<li><a href=\"https:\/\/agora.xtec.cat\/ceipcastellciuro\/projectes-dinnovacio\/projecte-gep-generacio-plurilingue\/\">GEP &#8211; Generaci\u00f3 Pluril\u00edng\u00fce<\/a><\/li>\n<li><a href=\"https:\/\/agora.xtec.cat\/ceipcastellciuro\/projectes-dinnovacio\/projecte-apadrinem-el-nostre-territori\/\">Apadrinem el nostre patrimoni<\/a><\/li>\n<\/ul>\n<p>A m\u00e9s l&#8217;escola porta anys de continu\u00eftat d&#8217;altres projectes:<\/p>\n<ul>\n<li><a href=\"https:\/\/agora.xtec.cat\/ceipcastellciuro\/trets-d-identitat\/el-gust-per-la-lectura\/\">Biblioteques escolars Punt-Edu<\/a><\/li>\n<li><a href=\"https:\/\/agora.xtec.cat\/ceipcastellciuro\/trets-d-identitat\/escola-verda\/\">Escoles&hellip;  <a href=\"https:\/\/agora.xtec.cat\/ceipcastellciuro\/projectes-dinnovacio\/\" title=\"Read Projectes d&#8217;innovaci\u00f3\">Llegeix m\u00e9s\u00bb<\/a><br \/>\n","protected":false},"author":1,"featured_media":0,"parent":0,"menu_order":0,"comment_status":"closed","ping_status":"closed","template":"","meta":{"_bbp_topic_count":0,"_bbp_reply_count":0,"_bbp_total_topic_count":0,"_bbp_total_reply_count":0,"_bbp_voice_count":0,"_bbp_anonymous_reply_count":0,"_bbp_topic_count_hidden":0,"_bbp_reply_count_hidden":0,"_bbp_forum_subforum_count":0,"footnotes":""},"class_list":["post-16202","page","type-page","status-publish","hentry"],"post_mailing_queue_ids":[],"_links":{"self":[{"href":"https:\/\/agora.xtec.cat\/ceipcastellciuro\/wp-json\/wp\/v2\/pages\/16202","targetHints":{"allow":["GET"]}}],"collection":[{"href":"https:\/\/agora.xtec.cat\/ceipcastellciuro\/wp-json\/wp\/v2\/pages"}],"about":[{"href":"https:\/\/agora.xtec.cat\/ceipcastellciuro\/wp-json\/wp\/v2\/types\/page"}],"author":[{"embeddable":true,"href":"https:\/\/agora.xtec.cat\/ceipcastellciuro\/wp-json\/wp\/v2\/users\/1"}],"replies":[{"embeddable":true,"href":"https:\/\/agora.xtec.cat\/ceipcastellciuro\/wp-json\/wp\/v2\/comments?post=16202"}],"version-history":[{"count":3,"href":"https:\/\/agora.xtec.cat\/ceipcastellciuro\/wp-json\/wp\/v2\/pages\/16202\/revisions"}],"predecessor-version":[{"id":16231,"href":"https:\/\/agora.xtec.cat\/ceipcastellciuro\/wp-json\/wp\/v2\/pages\/16202\/revisions\/16231"}],"wp:attachment":[{"href":"https:\/\/agora.xtec.cat\/ceipcastellciuro\/wp-json\/wp\/v2\/media?parent=16202"}],"curies":[{"name":"wp","href":"https:\/\/api.w.org\/{rel}","templated":true}]}}

Projectes d&#8217;innovació

<p>A continuació us detallem els projectes d&#8217;innovació que estem portant a terme a l&#8217;escola:</p>
<ul>
<li><a href="https://agora.xtec.cat/ceipcastellciuro/projectes-dinnovacio/xarxa-de-competencies-basiques/">Xarxa de Competències Bàsiques</a></li>
<li><a href="https://agora.xtec.cat/ceipcastellciuro/projectes-dinnovacio/tecnologies-digitals-per-a-laprenentatge/">Projecte d&#8217;innovació Tecnologies Digitals per a l&#8217;Aprenentatge</a></li>
<li><a href="https://agora.xtec.cat/ceipcastellciuro/projectes-dinnovacio/projecte-gep-generacio-plurilingue/">GEP &#8211; Generació Plurilíngüe</a></li>
<li><a href="https://agora.xtec.cat/ceipcastellciuro/projectes-dinnovacio/projecte-apadrinem-el-nostre-territori/">Apadrinem el nostre patrimoni</a></li>
</ul>
<p>A més l&#8217;escola porta anys de continuïtat d&#8217;altres projectes:</p>
<ul>
<li><a href="https://agora.xtec.cat/ceipcastellciuro/trets-d-identitat/el-gust-per-la-lectura/">Biblioteques escolars Punt-Edu</a></li>
<li><a href="https://agora.xtec.cat/ceipcastellciuro/trets-d-identitat/escola-verda/">Escoles Verdes</a></li>
</ul>

<p>A continuació us detallem els projectes d&#8217;innovació que estem portant a terme a l&#8217;escola:</p>
<ul>
<li><a href="https://agora.xtec.cat/ceipcastellciuro/projectes-dinnovacio/xarxa-de-competencies-basiques/">Xarxa de Competències Bàsiques</a></li>
<li><a href="https://agora.xtec.cat/ceipcastellciuro/projectes-dinnovacio/tecnologies-digitals-per-a-laprenentatge/">Projecte d&#8217;innovació Tecnologies Digitals per a l&#8217;Aprenentatge</a></li>
<li><a href="https://agora.xtec.cat/ceipcastellciuro/projectes-dinnovacio/projecte-gep-generacio-plurilingue/">GEP &#8211; Generació Plurilíngüe</a></li>
<li><a href="https://agora.xtec.cat/ceipcastellciuro/projectes-dinnovacio/projecte-apadrinem-el-nostre-territori/">Apadrinem el nostre patrimoni</a></li>
</ul>
<p>A més l&#8217;escola porta anys de continuïtat d&#8217;altres projectes:</p>
<ul>
<li><a href="https://agora.xtec.cat/ceipcastellciuro/trets-d-identitat/el-gust-per-la-lectura/">Biblioteques escolars Punt-Edu</a></li>
<li><a href="https://agora.xtec.cat/ceipcastellciuro/trets-d-identitat/escola-verda/">Escoles&hellip;  <a href="https://agora.xtec.cat/ceipcastellciuro/projectes-dinnovacio/" title="Read Projectes d&#8217;innovació">Llegeix més»</a><br />
