{"id":9021,"date":"2018-07-27T10:56:58","date_gmt":"2018-07-27T08:56:58","guid":{"rendered":"http:\/\/agora.xtec.cat\/ceipcassiacostal\/?page_id=9021"},"modified":"2023-07-10T11:57:54","modified_gmt":"2023-07-10T09:57:54","slug":"us-del-mobil","status":"publish","type":"page","link":"https:\/\/agora.xtec.cat\/ceipcassiacostal\/serveis\/us-del-mobil\/","title":{"rendered":"\u00das del M\u00f2bil"},"content":{"rendered":"<h1 class=\"style-scope ytd-watch-metadata\"><span style=\"font-size: 24pt;\"><strong>M\u00f2bil a casa:<\/strong> Trucs per reduir l&#8217;\u00fas <\/span><span style=\"font-size: 24pt;\">de pantalles<\/span><\/h1>\n<p><iframe loading=\"lazy\" title=\"1SEGON  -  Trucs per reduir l&#039;\u00fas de pantalles\" width=\"500\" height=\"281\" src=\"https:\/\/www.youtube.com\/embed\/LNTkKzdTJmE?feature=oembed\" frameborder=\"0\" allow=\"accelerometer; autoplay; clipboard-write; encrypted-media; gyroscope; picture-in-picture; web-share\" referrerpolicy=\"strict-origin-when-cross-origin\" allowfullscreen><\/iframe><\/p>\n<p>&nbsp;<\/p>\n<h1><span style=\"font-size: 24pt;\"><b>\u00das del m\u00f2bil a l&#8217;escola <\/b><\/span><\/h1>\n<h3>ALUMNES:<\/h3>\n<ul>\n<li style=\"font-weight: 400;\" aria-level=\"1\"><span style=\"font-weight: 400;\">L&#8217;alumnat no pot portar m\u00f2bils ni aparells electr\u00f2nics a l\u2019escola ni a les sortides que es realitzin fora del centre. <\/span><span style=\"font-weight: 400;\">Sense excepcions.\u00a0<\/span><\/li>\n<li style=\"font-weight: 400;\" aria-level=\"1\"><b>Est\u00e0 prohibit que els alumnes portin m\u00f2bil i altres dispositius digitals a l\u2019escola.<\/b><\/li>\n<\/ul>\n<p>En cas que el mestre confisqui un m\u00f2bil es posar\u00e0 dins un sobre. L\u2019alumne signar\u00e0 a la solapa (la signatura ocupar\u00e0 les dues parts del tancament) i es custodiar\u00e0 a direcci\u00f3, fins que la fam\u00edlia vagi a buscar-lo al centre. El mestre que ha confiscat el m\u00f2bil, trucar\u00e0 a la fam\u00edlia per explicar-li la situaci\u00f3.<\/p>\n<p>&nbsp;<\/p>\n<h3><b>MESTRES:<\/b><\/h3>\n<ol>\n<li><b>Es podr\u00e0 utilitzar m\u00f2bil en les sessions de classe, amb \u00fas educatiu sobretot en les sessions en qu\u00e8 no es disposa d\u2019ordinador<\/b>: fer observacions, posar notes, utilitzaci\u00f3 com cron\u00f2metre, consultar les activitats programades de classe (planificaci\u00f3), buscar algun recurs que s\u2019ha de llegir davant els alumnes, recollida d\u2019alguna imatge per posar al web o revista\u2026 En aquest darrer cas, en finalitzar les sessions amb alumnes, s\u2019hauran de descarregar aquestes imatges als dispositius d\u2019escola.<\/li>\n<li><b>Es podr\u00e0 utilitzar el m\u00f2bil igualment per rebre i fer trucades a\/de l\u2019escola i centres amb qu\u00e8 es fan activitats pedag\u00f2giques, <\/b>en cas de sortides, col\u00f2nies o espera d\u2019una confirmaci\u00f3\/supressi\u00f3 d\u2019activitat en un moment puntual.<\/li>\n<li><b>L\u2019equip directiu <\/b>podr\u00e0 utilitzar el m\u00f2bil per atendre trucades o avisos per diferents canals, provinents del Departament, Ajuntament, Consell Esportiu, LIC, EAP, serveis socials i altres entitats educatives que es comuniquen directament amb el tel\u00e8fon personal de la direcci\u00f3 (evitant els moments lectius, exceptuant casos molt urgents).<\/li>\n<li><b>Est\u00e0 prohibit utilitzar el m\u00f2bil per \u00fas personal ali\u00e8 a l\u2019\u00fas educatiu, en les sessions en qu\u00e8 s\u2019est\u00e0 atenent alumnes<\/b> (trucades, whatsapp\u2026). Quan es fa classe amb els alumnes el tel\u00e8fon hauria d\u2019estar endre\u00e7at i en silenci. Solament es traur\u00e0 si s\u2019ha d\u2019utilitzar amb \u00fas educatiu (veure punt 1) i sempre en silenci.<\/li>\n<li><b>Es podr\u00e0 utilitzar m\u00f2bil en cas de necessitat d\u2019\u00fas personal <\/b>en les sessions de perman\u00e8ncia al centre <b>sense alumnes,<\/b> a la sala de mestres o a les classes, si no hi ha alumnes (en aquest darrer cas seria quan coincideix una perman\u00e8ncia de mestre dins l\u2019horari lectiu dels alumnes o durant les sessions d\u2019esbarjo).<\/li>\n<li style=\"font-weight: 400;\" aria-level=\"1\"><strong>Els mestres no poden utilitzar el m\u00f2bil durant les reunions de cicle, claustre, comissions i\/o avaluacions, vigil\u00e0ncia de pati, etc.<\/strong><\/li>\n<\/ol>\n<p style=\"text-align: right;\"><span style=\"font-size: 10pt; color: #808080;\"><em>Darrera actualitzaci\u00f3: 10 de juliol de 2023<\/em><\/span><\/p>\n","protected":false},"excerpt":{"rendered":"<p>M\u00f2bil a casa: Trucs per reduir l&#8217;\u00fas de pantalles<\/p>\n<p>&nbsp;<br \/>\n\u00das del m\u00f2bil a l&#8217;escola<br \/>\nALUMNES:<\/p>\n<ul>\n<li style=\"font-weight: 400;\" aria-level=\"1\">L&#8217;alumnat no pot portar m\u00f2bils ni aparells electr\u00f2nics a l\u2019escola ni a les sortides que es realitzin fora del centre. Sense excepcions.\u00a0<\/li>\n<li style=\"font-weight: 400;\" aria-level=\"1\">Est\u00e0 prohibit que els alumnes&hellip;  <a href=\"https:\/\/agora.xtec.cat\/ceipcassiacostal\/serveis\/us-del-mobil\/\" title=\"Read \u00das del M\u00f2bil\">Llegeix m\u00e9s\u00bb<\/a><br \/>\n","protected":false},"author":1,"featured_media":0,"parent":66,"menu_order":20,"comment_status":"closed","ping_status":"closed","template":"page-templates\/side-menu.php","meta":{"_bbp_topic_count":0,"_bbp_reply_count":0,"_bbp_total_topic_count":0,"_bbp_total_reply_count":0,"_bbp_voice_count":0,"_bbp_anonymous_reply_count":0,"_bbp_topic_count_hidden":0,"_bbp_reply_count_hidden":0,"_bbp_forum_subforum_count":0,"footnotes":""},"class_list":["post-9021","page","type-page","status-publish","hentry"],"post_mailing_queue_ids":[],"_links":{"self":[{"href":"https:\/\/agora.xtec.cat\/ceipcassiacostal\/wp-json\/wp\/v2\/pages\/9021","targetHints":{"allow":["GET"]}}],"collection":[{"href":"https:\/\/agora.xtec.cat\/ceipcassiacostal\/wp-json\/wp\/v2\/pages"}],"about":[{"href":"https:\/\/agora.xtec.cat\/ceipcassiacostal\/wp-json\/wp\/v2\/types\/page"}],"author":[{"embeddable":true,"href":"https:\/\/agora.xtec.cat\/ceipcassiacostal\/wp-json\/wp\/v2\/users\/1"}],"replies":[{"embeddable":true,"href":"https:\/\/agora.xtec.cat\/ceipcassiacostal\/wp-json\/wp\/v2\/comments?post=9021"}],"version-history":[{"count":3,"href":"https:\/\/agora.xtec.cat\/ceipcassiacostal\/wp-json\/wp\/v2\/pages\/9021\/revisions"}],"predecessor-version":[{"id":30770,"href":"https:\/\/agora.xtec.cat\/ceipcassiacostal\/wp-json\/wp\/v2\/pages\/9021\/revisions\/30770"}],"up":[{"embeddable":true,"href":"https:\/\/agora.xtec.cat\/ceipcassiacostal\/wp-json\/wp\/v2\/pages\/66"}],"wp:attachment":[{"href":"https:\/\/agora.xtec.cat\/ceipcassiacostal\/wp-json\/wp\/v2\/media?parent=9021"}],"curies":[{"name":"wp","href":"https:\/\/api.w.org\/{rel}","templated":true}]}}