{"id":26,"date":"2014-09-18T12:24:32","date_gmt":"2014-09-18T11:24:32","guid":{"rendered":"http:\/\/agora.xtec.cat\/ceipcassiacostal\/?page_id=26"},"modified":"2023-01-24T12:21:10","modified_gmt":"2023-01-24T11:21:10","slug":"historia","status":"publish","type":"page","link":"https:\/\/agora.xtec.cat\/ceipcassiacostal\/lescola\/historia\/","title":{"rendered":"Hist\u00f2ria"},"content":{"rendered":"<h4><strong>DELS <img loading=\"lazy\" decoding=\"async\" class=\"alignleft wp-image-202\" src=\"http:\/\/agora.xtec.cat\/ceipcassiacostal\/wp-content\/uploads\/usu719\/2016\/02\/DSCF0259-1024x768.jpg\" alt=\"DSCF0259\" width=\"384\" height=\"288\" srcset=\"https:\/\/agora.xtec.cat\/ceipcassiacostal\/wp-content\/uploads\/usu719\/2016\/02\/DSCF0259-1024x768.jpg 1024w, https:\/\/agora.xtec.cat\/ceipcassiacostal\/wp-content\/uploads\/usu719\/2016\/02\/DSCF0259-300x225.jpg 300w, https:\/\/agora.xtec.cat\/ceipcassiacostal\/wp-content\/uploads\/usu719\/2016\/02\/DSCF0259-200x150.jpg 200w, https:\/\/agora.xtec.cat\/ceipcassiacostal\/wp-content\/uploads\/usu719\/2016\/02\/DSCF0259.jpg 2048w\" sizes=\"auto, (max-width: 384px) 100vw, 384px\" \/>NOSTRES ORIGENS&#8230; FINS&#8230;<\/strong><\/h4>\n<p>L\u2019escola Cassi\u00e0 Costal,\u00a0situada als antics terrenys de la RENFE, Va obrir les seves portes per primera vegada el setembre de 1981. Encara no tenia nom; se la coneixia com l\u2019escola de la RENFE o la del dip\u00f2sits.<\/p>\n<p>El dissabte 27 de novembre de 1982, al mat\u00ed, es va inagurar oficialment com el centre d\u2019EGB Cassi\u00e0 Costal. A l\u2019acte inaugural van assitir personalitats del m\u00f3n de la pol\u00edtica i la cultura de Girona. Es va agafar el comprom\u00eds de \u201cfer una escola catalana, cient\u00edfica, progressista i oberta a l\u2019entorn&#8221;.<\/p>\n<p>Ben aviat l\u2019APA de l\u2019escola va esdevenir una associaci\u00f3 prou forta per plantar cara a l\u2019Ajuntament i a qui fes falta per reivindicar millores pel centre. Aix\u00ed, per exemple, durant la construcci\u00f3 de l\u2019Hipercor (1988), l\u2019APA es va reunir diverses vegades amb l\u2019alcalde i amb l\u2019arquitecte per discutir el futur del vial que es trobava entre l\u2019escola i la via f\u00e8rria. Mentre l\u2019Ajuntament sostenia que fos obert a la circulaci\u00f3, els \u00f2rgans del col\u2022legi pressionaven perqu\u00e8 es convert\u00eds en una zona de vianants. No cal dir qui va guanyar.<\/p>\n<p>La construcci\u00f3 del nou parvulari no fou fins al cap de deu anys. Constava de quatre aules, una sala d\u2019usos m\u00faltiples i un porxo. Va tenir un mal comen\u00e7ament. L\u2019inici del curs escolar es va haver de retardar dos dies perqu\u00e8, segons el delegat d\u2019Ensenyament de Girona, van haver de posar una tapa protectora al comptador el\u00e8ctric que hi havia al pati. Des de l\u2019APA, per\u00f2, es va aconsellar als pares que no portessin els seus fills al parvulari perqu\u00e8 considerava que no estava en bones condicions: la tanca met\u00e0l\u2022lica que separava els patis estava foradada i amb filferros rovellats, hi havia uns taulons amb claus rovellats i punxeguts i, a m\u00e9s, es esglaons exteriors eren massa alts i amb cantells vius. Malgrat aquests detalls i les advert\u00e8ncies i despr\u00e9s del comprom\u00eds de l\u2019Ajuntament de reparar o canviar la tanca, els pares van decidir deixar-hi els seus fills.<\/p>\n<p>Tot i aix\u00f2, els problemes van continuar. La matinada del divendres 9 d\u2019octubre de 1992 van caure a Girona unes fortes pluges. Com a conseq\u00fc\u00e8ncia, l\u2019aula de P-3 de l\u2019escola va quedar totalment inundada per l\u2019aigua, igual que el pati del centre. Aquest fet va avivar la picabaralla que ja mantenien l\u2019Ajuntament i el Departament d\u2019Ensenyament pel que feia a responsabilitats. Amb el temps, per\u00f2 tot es va reparar.<\/p>\n<p>A principis de 1996 l\u2019escola va tenir un ensurt quan va saber la proposta del consell escolar municipal (CEM) de reconvertir el Cassi\u00e0 Costal en un centre de secund\u00e0ria. Va ser gr\u00e0cies a la pressi\u00f3 de l\u2019APA i del consell escolar de l\u2019escola que es va modificar la proposta de la zonificaci\u00f3 de l\u2019ESO arran de la Reforma Educativa.<\/p>\n<p>Poc despr\u00e9s, es van restaurar els antics dip\u00f2sits d\u2019aigua del ferrocarril que daten de l\u2019any 1912. L\u2019Ajuntament es va fer c\u00e0rrec de les obres i van tenir una durada de dos mesos.<\/p>\n<p>A mitjans d\u2019agost de 1999 es van iniciar les obres d\u2019ampliaci\u00f3 del parvulari. Set anys despr\u00e9s de la seva creaci\u00f3 s\u2019havia quedat petit i es varen construir dues aules m\u00e9s. Les obres es van acabar amb un cert retard, quan ja s\u2019havia iniciat el curs.<\/p>\n<p>Posteriorment,\u00a0despr\u00e9s de molts anys de demanda tant per part de l\u2019escola com de l\u2019AMPA, es va crear\u00a0un corredor cobert que va des del parvulari fins l\u2019edifici principal. Aquesta obra va suposar una gran aven\u00e7 per als nens i nenes del parvulari que es queden al menjador, sobre tot els dies de pluja.<\/p>\n<p><span style=\"font-size: 14pt;\"><strong>Durant el curs 2006\/07 vam celebrar el 25\u00e8 aniversari de l\u2019escola.<\/strong><\/span><\/p>\n<p>A principi del curs 2015-16 posem en funcionament la nova p\u00e0gina web del centre (\u00e0gora-nodes). A partir del curs 2016-17 la informaci\u00f3 de la p\u00e0gina web de l&#8217;AMPA s&#8217;integra a l\u2019espai WEB de l\u2019escola.<\/p>\n<p>A final de 2015-16 comencem el projecte &#8220;Activa el teu Pati&#8221; (pati d&#8217;educaci\u00f3 infantil). L&#8217;execuci\u00f3 es demorar\u00e0 degut a les obres previstes (pati cobert). La pintada dels jocs i parets del pati (que es va fer amb l&#8217;ajuda de les fam\u00edlies) i la instal\u00b7laci\u00f3 del nou sorral i les jardineres s&#8217;executa el primer trimestre de 2016-17 i resta pendent per 2017-18 la col\u00b7locaci\u00f3 d&#8217;algun joc infantil al pati.<\/p>\n<p>L&#8217;agost de 2017 comencen les obres per la construcci\u00f3 d\u2019un cobert al pati de prim\u00e0ria, amb una demora de 3 anys, ja que la primera previsi\u00f3 d&#8217;execuci\u00f3 era de l&#8217;estiu de 2015 i la segona del de 2016. Tot i que t\u00e9 prevista una durada de sis mesos el curs acaba sense poder fer la seva inauguraci\u00f3. S&#8217;espera que es pugui utilitzar durant el curs 2018-19, una vegada tingui totes les mesures de seguretat per alumnes d&#8217;infantil i prim\u00e0ria.\u00a0Finalment, a mitjans de febrer de 2019 els alumnes del Cassi\u00e0, poden comen\u00e7ar a utilitzar la pista coberta.<\/p>\n<p><a href=\"http:\/\/agora.xtec.cat\/ceipcassiacostal\/wp-content\/uploads\/usu719\/2014\/09\/cassia_origens.jpg\"><img loading=\"lazy\" decoding=\"async\" class=\"alignright wp-image-232 size-full\" src=\"http:\/\/agora.xtec.cat\/ceipcassiacostal\/wp-content\/uploads\/usu719\/2014\/09\/cassia_origens.jpg\" alt=\"\" width=\"280\" height=\"370\" srcset=\"https:\/\/agora.xtec.cat\/ceipcassiacostal\/wp-content\/uploads\/usu719\/2014\/09\/cassia_origens.jpg 280w, https:\/\/agora.xtec.cat\/ceipcassiacostal\/wp-content\/uploads\/usu719\/2014\/09\/cassia_origens-227x300.jpg 227w\" sizes=\"auto, (max-width: 280px) 100vw, 280px\" \/><\/a><\/p>\n<p>&nbsp;<\/p>\n<h4><strong>CASSI\u00c0 COSTAL<\/strong><\/h4>\n<p>Costal tenia 36 anys quan fou nomenat catedr\u00e0tic de Pedagogia de l&#8217;Institut de Girona. Havia viscut uns anys a l&#8217;estranger. El 1909 ingress\u00e0 a l&#8217;Escola Superior del Magisteri de Madrid, tot just estrenada. En sort\u00ed amb el n\u00famero u. Era un home ple de vitalitat, auster, optimista, d&#8217;esperit obert i enamorat de tots els esports: futbol, ciclisme, excursionisme i, sobretot, nataci\u00f3. Es f\u00e9u seva la m\u00e0xima de Juvenal: &#8220;Mens sana in corpore sano&#8221;. No era ambici\u00f3s. En proclamar-se la Rep\u00fablica, se&#8217;l nomen\u00e0 president de la Diputaci\u00f3. Hi renunci\u00e0 al cap de pocs dies. No li interessava la pol\u00edtica activa. De la seva vinculaci\u00f3, durant la seva estada a Madrid, a la Instituci\u00f3 Lliure de l&#8217;Ensenyament, provenia el seu tarann\u00e0 liberal i el seu esperit de toler\u00e0ncia i respecte envers la ideologia dels altres.<br \/>\nFou el director de la Normal de Girona des de la seva creaci\u00f3, el 1914. L&#8217;any 1925 la Dictadura el cess\u00e0, i nomen\u00e0 un delegat regi. Com era l\u00f2gic, en caure Primo de Rivera, se l&#8217;incorpor\u00e0 a la direcci\u00f3.<\/p>\n","protected":false},"excerpt":{"rendered":"<p>DELS NOSTRES ORIGENS&#8230; FINS&#8230;<br \/>\nL\u2019escola Cassi\u00e0 Costal,\u00a0situada als antics terrenys de la RENFE, Va obrir les seves portes per primera vegada el setembre de 1981. Encara no tenia nom; se la coneixia com l\u2019escola de la RENFE o la del dip\u00f2sits.<br \/>\nEl dissabte 27 de novembre de&hellip;  <a href=\"https:\/\/agora.xtec.cat\/ceipcassiacostal\/lescola\/historia\/\" title=\"Read Hist\u00f2ria\">Llegeix m\u00e9s\u00bb<\/a><\/p>\n","protected":false},"author":1,"featured_media":0,"parent":22,"menu_order":20,"comment_status":"closed","ping_status":"closed","template":"page-templates\/side-menu.php","meta":{"_bbp_topic_count":0,"_bbp_reply_count":0,"_bbp_total_topic_count":0,"_bbp_total_reply_count":0,"_bbp_voice_count":0,"_bbp_anonymous_reply_count":0,"_bbp_topic_count_hidden":0,"_bbp_reply_count_hidden":0,"_bbp_forum_subforum_count":0,"footnotes":""},"class_list":["post-26","page","type-page","status-publish","hentry"],"post_mailing_queue_ids":[],"_links":{"self":[{"href":"https:\/\/agora.xtec.cat\/ceipcassiacostal\/wp-json\/wp\/v2\/pages\/26","targetHints":{"allow":["GET"]}}],"collection":[{"href":"https:\/\/agora.xtec.cat\/ceipcassiacostal\/wp-json\/wp\/v2\/pages"}],"about":[{"href":"https:\/\/agora.xtec.cat\/ceipcassiacostal\/wp-json\/wp\/v2\/types\/page"}],"author":[{"embeddable":true,"href":"https:\/\/agora.xtec.cat\/ceipcassiacostal\/wp-json\/wp\/v2\/users\/1"}],"replies":[{"embeddable":true,"href":"https:\/\/agora.xtec.cat\/ceipcassiacostal\/wp-json\/wp\/v2\/comments?post=26"}],"version-history":[{"count":4,"href":"https:\/\/agora.xtec.cat\/ceipcassiacostal\/wp-json\/wp\/v2\/pages\/26\/revisions"}],"predecessor-version":[{"id":28507,"href":"https:\/\/agora.xtec.cat\/ceipcassiacostal\/wp-json\/wp\/v2\/pages\/26\/revisions\/28507"}],"up":[{"embeddable":true,"href":"https:\/\/agora.xtec.cat\/ceipcassiacostal\/wp-json\/wp\/v2\/pages\/22"}],"wp:attachment":[{"href":"https:\/\/agora.xtec.cat\/ceipcassiacostal\/wp-json\/wp\/v2\/media?parent=26"}],"curies":[{"name":"wp","href":"https:\/\/api.w.org\/{rel}","templated":true}]}}

Història

<h4><strong>DELS <img loading="lazy" decoding="async" class="alignleft wp-image-202" src="http://agora.xtec.cat/ceipcassiacostal/wp-content/uploads/usu719/2016/02/DSCF0259-1024x768.jpg" alt="DSCF0259" width="384" height="288" srcset="https://agora.xtec.cat/ceipcassiacostal/wp-content/uploads/usu719/2016/02/DSCF0259-1024x768.jpg 1024w, https://agora.xtec.cat/ceipcassiacostal/wp-content/uploads/usu719/2016/02/DSCF0259-300x225.jpg 300w, https://agora.xtec.cat/ceipcassiacostal/wp-content/uploads/usu719/2016/02/DSCF0259-200x150.jpg 200w, https://agora.xtec.cat/ceipcassiacostal/wp-content/uploads/usu719/2016/02/DSCF0259.jpg 2048w" sizes="auto, (max-width: 384px) 100vw, 384px" />NOSTRES ORIGENS&#8230; FINS&#8230;</strong></h4>
<p>L’escola Cassià Costal, situada als antics terrenys de la RENFE, Va obrir les seves portes per primera vegada el setembre de 1981. Encara no tenia nom; se la coneixia com l’escola de la RENFE o la del dipòsits.</p>
<p>El dissabte 27 de novembre de 1982, al matí, es va inagurar oficialment com el centre d’EGB Cassià Costal. A l’acte inaugural van assitir personalitats del món de la política i la cultura de Girona. Es va agafar el compromís de “fer una escola catalana, científica, progressista i oberta a l’entorn&#8221;.</p>
<p>Ben aviat l’APA de l’escola va esdevenir una associació prou forta per plantar cara a l’Ajuntament i a qui fes falta per reivindicar millores pel centre. Així, per exemple, durant la construcció de l’Hipercor (1988), l’APA es va reunir diverses vegades amb l’alcalde i amb l’arquitecte per discutir el futur del vial que es trobava entre l’escola i la via fèrria. Mentre l’Ajuntament sostenia que fos obert a la circulació, els òrgans del col•legi pressionaven perquè es convertís en una zona de vianants. No cal dir qui va guanyar.</p>
<p>La construcció del nou parvulari no fou fins al cap de deu anys. Constava de quatre aules, una sala d’usos múltiples i un porxo. Va tenir un mal començament. L’inici del curs escolar es va haver de retardar dos dies perquè, segons el delegat d’Ensenyament de Girona, van haver de posar una tapa protectora al comptador elèctric que hi havia al pati. Des de l’APA, però, es va aconsellar als pares que no portessin els seus fills al parvulari perquè considerava que no estava en bones condicions: la tanca metàl•lica que separava els patis estava foradada i amb filferros rovellats, hi havia uns taulons amb claus rovellats i punxeguts i, a més, es esglaons exteriors eren massa alts i amb cantells vius. Malgrat aquests detalls i les advertències i després del compromís de l’Ajuntament de reparar o canviar la tanca, els pares van decidir deixar-hi els seus fills.</p>
<p>Tot i això, els problemes van continuar. La matinada del divendres 9 d’octubre de 1992 van caure a Girona unes fortes pluges. Com a conseqüència, l’aula de P-3 de l’escola va quedar totalment inundada per l’aigua, igual que el pati del centre. Aquest fet va avivar la picabaralla que ja mantenien l’Ajuntament i el Departament d’Ensenyament pel que feia a responsabilitats. Amb el temps, però tot es va reparar.</p>
<p>A principis de 1996 l’escola va tenir un ensurt quan va saber la proposta del consell escolar municipal (CEM) de reconvertir el Cassià Costal en un centre de secundària. Va ser gràcies a la pressió de l’APA i del consell escolar de l’escola que es va modificar la proposta de la zonificació de l’ESO arran de la Reforma Educativa.</p>
<p>Poc després, es van restaurar els antics dipòsits d’aigua del ferrocarril que daten de l’any 1912. L’Ajuntament es va fer càrrec de les obres i van tenir una durada de dos mesos.</p>
<p>A mitjans d’agost de 1999 es van iniciar les obres d’ampliació del parvulari. Set anys després de la seva creació s’havia quedat petit i es varen construir dues aules més. Les obres es van acabar amb un cert retard, quan ja s’havia iniciat el curs.</p>
<p>Posteriorment, després de molts anys de demanda tant per part de l’escola com de l’AMPA, es va crear un corredor cobert que va des del parvulari fins l’edifici principal. Aquesta obra va suposar una gran avenç per als nens i nenes del parvulari que es queden al menjador, sobre tot els dies de pluja.</p>
<p><span style="font-size: 14pt;"><strong>Durant el curs 2006/07 vam celebrar el 25è aniversari de l’escola.</strong></span></p>
<p>A principi del curs 2015-16 posem en funcionament la nova pàgina web del centre (àgora-nodes). A partir del curs 2016-17 la informació de la pàgina web de l&#8217;AMPA s&#8217;integra a l’espai WEB de l’escola.</p>
<p>A final de 2015-16 comencem el projecte &#8220;Activa el teu Pati&#8221; (pati d&#8217;educació infantil). L&#8217;execució es demorarà degut a les obres previstes (pati cobert). La pintada dels jocs i parets del pati (que es va fer amb l&#8217;ajuda de les famílies) i la instal·lació del nou sorral i les jardineres s&#8217;executa el primer trimestre de 2016-17 i resta pendent per 2017-18 la col·locació d&#8217;algun joc infantil al pati.</p>
<p>L&#8217;agost de 2017 comencen les obres per la construcció d’un cobert al pati de primària, amb una demora de 3 anys, ja que la primera previsió d&#8217;execució era de l&#8217;estiu de 2015 i la segona del de 2016. Tot i que té prevista una durada de sis mesos el curs acaba sense poder fer la seva inauguració. S&#8217;espera que es pugui utilitzar durant el curs 2018-19, una vegada tingui totes les mesures de seguretat per alumnes d&#8217;infantil i primària. Finalment, a mitjans de febrer de 2019 els alumnes del Cassià, poden començar a utilitzar la pista coberta.</p>
<p><a href="http://agora.xtec.cat/ceipcassiacostal/wp-content/uploads/usu719/2014/09/cassia_origens.jpg"><img loading="lazy" decoding="async" class="alignright wp-image-232 size-full" src="http://agora.xtec.cat/ceipcassiacostal/wp-content/uploads/usu719/2014/09/cassia_origens.jpg" alt="" width="280" height="370" srcset="https://agora.xtec.cat/ceipcassiacostal/wp-content/uploads/usu719/2014/09/cassia_origens.jpg 280w, https://agora.xtec.cat/ceipcassiacostal/wp-content/uploads/usu719/2014/09/cassia_origens-227x300.jpg 227w" sizes="auto, (max-width: 280px) 100vw, 280px" /></a></p>
<p>&nbsp;</p>
<h4><strong>CASSIÀ COSTAL</strong></h4>
<p>Costal tenia 36 anys quan fou nomenat catedràtic de Pedagogia de l&#8217;Institut de Girona. Havia viscut uns anys a l&#8217;estranger. El 1909 ingressà a l&#8217;Escola Superior del Magisteri de Madrid, tot just estrenada. En sortí amb el número u. Era un home ple de vitalitat, auster, optimista, d&#8217;esperit obert i enamorat de tots els esports: futbol, ciclisme, excursionisme i, sobretot, natació. Es féu seva la màxima de Juvenal: &#8220;Mens sana in corpore sano&#8221;. No era ambiciós. En proclamar-se la República, se&#8217;l nomenà president de la Diputació. Hi renuncià al cap de pocs dies. No li interessava la política activa. De la seva vinculació, durant la seva estada a Madrid, a la Institució Lliure de l&#8217;Ensenyament, provenia el seu tarannà liberal i el seu esperit de tolerància i respecte envers la ideologia dels altres.<br />
Fou el director de la Normal de Girona des de la seva creació, el 1914. L&#8217;any 1925 la Dictadura el cessà, i nomenà un delegat regi. Com era lògic, en caure Primo de Rivera, se l&#8217;incorporà a la direcció.</p>

<p>DELS NOSTRES ORIGENS&#8230; FINS&#8230;<br />
L’escola Cassià Costal, situada als antics terrenys de la RENFE, Va obrir les seves portes per primera vegada el setembre de 1981. Encara no tenia nom; se la coneixia com l’escola de la RENFE o la del dipòsits.<br />
El dissabte 27 de novembre de&hellip;  <a href="https://agora.xtec.cat/ceipcassiacostal/lescola/historia/" title="Read Història">Llegeix més»</a></p>
