{"id":1552,"date":"2016-04-02T10:26:19","date_gmt":"2016-04-02T09:26:19","guid":{"rendered":"http:\/\/agora.xtec.cat\/ceipcassiacostal\/?page_id=1552"},"modified":"2025-09-02T05:52:31","modified_gmt":"2025-09-02T03:52:31","slug":"normativa-basica","status":"publish","type":"page","link":"https:\/\/agora.xtec.cat\/ceipcassiacostal\/projecte-educatiu\/normativa-basica\/","title":{"rendered":"Normativa b\u00e0sica"},"content":{"rendered":"<p>Pensem que educar \u00e9s una feina compartida entre pares i mestres i per aix\u00f2 us demanem el recolzament de la nostra feina i el comprom\u00eds de la vostra col\u00b7laboraci\u00f3 i implicaci\u00f3 a casa.<\/p>\n<p>Normes generals que es recorden a la circular de principi de curs:<\/p>\n<ul>\n<li>Procurar que l\u2019alumne\u00a0 porti el <strong>material necessari<\/strong>: llibres, xandall, etc<\/li>\n<li>\u00c9s important que els alumnes portin <strong>el xandall de l\u2019escola els dies que\u00a0 es fan sortides<\/strong>, ja que quan hi ha moltes escoles, ajuda a la seva identificaci\u00f3.<\/li>\n<li>\u00c9s imprescindible que <strong>retornin a l\u2019escola les autoritzacions<\/strong> signades quan es sol\u00b7liciten<\/li>\n<li>Es prega <strong>PUNTUALITAT<\/strong> tant en les entrades com en les sortides.<\/li>\n<li>Assegurar l\u2019assist\u00e8ncia i puntualitat del nen\/a i <strong>justificar<\/strong> al tutor\/a les <strong>abs\u00e8ncies i retards<\/strong> mitjan\u00e7ant l\u2019\u00fas de l\u2019agenda i si no \u00e9s possible trucant a l\u2019escola.<\/li>\n<li>Recordeu que <strong>els familiars no poden anar a les classes dins l\u2019 horari lectiu.<\/strong> Per a <strong>comentar qualsevol q\u00fcesti\u00f3 amb el professor\/a cal fer-ho a trav\u00e9s de l\u2019agenda<\/strong> o del conserge. Igualment, si voleu parlar amb el tutor, heu de <strong>demanar hora amb antelaci\u00f3<\/strong>. Si necessiteu justificant d\u2019assist\u00e8ncia per a la feina, ho podeu demanar a Secretaria.<\/li>\n<li><strong>Informar al Centre<\/strong> de tots els aspectes f\u00edsics o ps\u00edquics que afectin la salut del nen\/a<\/li>\n<li>Facilitar un <strong>espai i un temps per les seves tasques escolars<\/strong> i personals a casa.<\/li>\n<li><strong>Abonar la reposici\u00f3 dels desperfectes<\/strong> del mobiliari i material escolar sempre que siguin fruit d\u2019una acci\u00f3 intencionada o per incompliment de les normes de funcionament del centre.<\/li>\n<li>Us recordem que <strong><u>NO ES POT FUMAR NI ENTRAR AMB ANIMALS<\/u><\/strong><u> <strong>A TOT EL RECINTE ESCOLAR<\/strong><\/u><strong> (incloent pati d\u2019educaci\u00f3 infantil i porxo d\u2019educaci\u00f3 prim\u00e0ria).<\/strong><\/li>\n<li><strong>NO es poden portar joguines<\/strong> de cap tipus a l\u2019escola. En cas de portar-ne, l\u2019escola no \u00e9s fa responsable si es fan malb\u00e9\u00a0 o es perden.\u00a0<strong>Igualment no es poden portar llaminadures.<\/strong><\/li>\n<li><span style=\"text-decoration: underline;\"><strong>Est\u00e0 prohibit que els alumnes portin tel\u00e8fon m\u00f2bil o altres dispositius digitals a l&#8217;escola. <a href=\"http:\/\/agora.xtec.cat\/ceipcassiacostal\/serveis\/us-del-mobil\/\" target=\"_blank\" rel=\"noopener noreferrer\">(protocol en cas de veure que un alumne porta m\u00f2bil).<\/a><\/strong><\/span><\/li>\n<li>\u00c9s important <strong><u>MARCAR<\/u><\/strong><strong> LA ROBA<\/strong> dels alumnes amb noms i cognoms per tal d&#8217;evitar p\u00e8rdues i intercanvis. Cada alumne \u00e9s responsable del que porta a l\u2019escola.<\/li>\n<\/ul>\n<p>&nbsp;<\/p>\n<h4><strong>NORMES I Q\u00dcESTIONS INFORMATIVES GENERALS M\u00c9S RELACIONADES AMB LES TUTORIES:<\/strong><\/h4>\n<ol>\n<li>Es prega\u00a0<strong>puntualitat\u00a0<\/strong>en la entrada i sortida.<\/li>\n<li>L\u2019<strong>horari del curs\u00a0<\/strong>\u00e9s de 9 a 12:30 i de 15 a 16:30.<\/li>\n<li><strong><span style=\"color: #000000; font-size: 14pt;\">L\u2019agenda,<\/span> a Educaci\u00f3 Prim\u00e0ria (EP), \u00e9s l\u2019eina principal de comunicaci\u00f3 entre mestres i fam\u00edlies:<\/strong><\/li>\n<\/ol>\n<ul>\n<li>Els pares\/ tutors, l\u2019han de revisar tots els dies.<\/li>\n<li>\u00c9s on s\u2019apunten els deures i els comunicats dels mestres.<\/li>\n<li>Les fam\u00edlies han de posar els motius de les abs\u00e8ncies o retards dels alumnes (metge&#8230;), demandes d&#8217;entrevista als mestres&#8230;<\/li>\n<\/ul>\n<p><strong>4. A educaci\u00f3 Infantil (EI), com que no hi ha agenda, les abs\u00e8ncies dels alumnes es poden justificar per escrit o de paraula\u00a0<\/strong>(quan es deixen els alumnes). En cas de\u00a0<strong>malaltia cal avisar<\/strong>\u00a0trucant per tel\u00e8fon i cal portar justificant si s\u00f3n varios dies.<\/p>\n<p><span style=\"font-size: 14pt;\"><strong>Des de 2019-20 utilitzem <span style=\"font-size: 18pt;\"><a href=\"https:\/\/www.tokappschool.com\/\" target=\"_blank\" rel=\"noopener noreferrer\">tokappschool<\/a> <\/span>per enviar circulars, agilitzar la comunicaci\u00f3 i fer una escola m\u00e9s sostenible i conscienciada amb el medi ambient.\u00a0<\/strong><\/span><\/p>\n<p><strong>5.<span style=\"font-size: 14pt;\"> Entrevistes<\/span>:\u00a0<\/strong>el tutor es posa en contacte amb els pares per a demanar l\u2019entrevista (Normalment per TokApp). Els pares han de donar el vist i plau. Igualment, els pares tamb\u00e9 poden demanar als mestres poder parlar amb ells. <strong>S\u2019han de demanar amb anterioritat.<\/strong><\/p>\n<p><strong>FEM JUSTIFICANT D&#8217;ASSIST\u00c8NCIA A LA REUNI\u00d3 AMB EL TUTOR\/A<\/strong> del fill\/a si alg\u00fa ho demana (administrativa de l\u2019escola).<\/p>\n<p>6. Els mestres no poden administrar\u00a0<strong>medicaments:\u00a0<\/strong>CAL AUTORITZACI\u00d3 DELS PARES I PROSPECTE DEL METGE.<\/p>\n<p>7. Som una escola que\u00a0<strong>treballem pels h\u00e0bits saludables i la sostenibilitat:<\/strong><\/p>\n<ul>\n<li>Volem que els nostres alumnes portin esmorzars i berenars saludables: fruita, entrep\u00e0&#8230;<\/li>\n<li>Tenim un dia de la fruita: Dilluns, en qu\u00e8 demanen que l\u2019esmorzar sigui fruita.<\/li>\n<li>Participem dins el Pla catal\u00e0 de l\u2019esport (en col\u00b7laboraci\u00f3 amb l\u2019AFA).<\/li>\n<li>Treballem com objectiu d&#8217;escola l&#8217;\u00fas d&#8217;embolcalls reutilitzables per a portar els esmorzars (p.e.\u00a0carmanyoles&#8230;) i el reciclatge de residus: paper i pl\u00e0stic<\/li>\n<li>Treballem el benestar emocional de l&#8217;alumne: Programes Escoles sense bullying i Sigues tu.<\/li>\n<\/ul>\n<p>8. Volem atendre b\u00e9 els\u00a0<strong>diferents ritmes i necessitats dels nostres alumnes\u00a0<\/strong>i treballem de la manera m\u00e9s individualitzada possible:\u00a0Treball en agrupacions diverses: mitjos grups, grups redu\u00efts, grups flexibles, dos mestres a l\u2019aula, atenci\u00f3 a nens amb necessitats espec\u00edfiques (suport, educaci\u00f3 especial, altes capacitas&#8230;), atenci\u00f3 als alumnes nouvinguts (aula d\u2019acollida).<\/p>\n<p>Es prioritza l\u2019alumnat de P4 i P5, cicle inicial i de 6\u00e8 de l\u2019educaci\u00f3 Prim\u00e0ria.Els alumnes d\u2019 Educaci\u00f3 Infantil rebran atenci\u00f3 dins de l\u2019horari lectiu.<\/p>\n<p><strong>9. Eix transversal\u00a0<\/strong>d\u2019aquest curs: <span style=\"color: #3366ff; font-size: 18pt;\"><strong><em>\u201cGAUD\u00cd\u201d<\/em><\/strong><\/span><\/p>\n<p>10. Recordeu que a l\u2019escola\u00a0<strong><span style=\"font-size: 14pt;\">no es poden portar joguines, m\u00f2bils o altres dispositius digitals<\/span>, caramels, xiclets&#8230;<\/strong>ja que s\u00f3n font de conflictes.<strong> Si veiem un alumne amb m\u00f2bil, es confisca i la fam\u00edlia ha d&#8217;anar a buscar-lo a direcci\u00f3.<\/strong><\/p>\n<p>11. L&#8217;alumnat porta 1 <strong>ampolla d\u2019aigua <\/strong>per la sessi\u00f3 d&#8217;educaci\u00f3 f\u00edsica.<\/p>\n<p><strong>12. LA ROBA HA D\u2019ESTAR MARCADA\u00a0<\/strong>(sobretot jaquetes i jerseis que els alumnes es treuen quan fa calor). Les jaquetes i abrics \u00e9s bo que tinguin una veta per a penjar-les millor.<\/p>\n<p>13. S\u2019ha de portar\u00a0<strong>xandall i cal\u00e7at esportiu\u00a0<\/strong>per a fer educaci\u00f3 f\u00edsica (amb mitjons). \u00c9s molt important portar el xandall de l\u2019escola els dies que fem sortides.<\/p>\n<p>14. En cas\u00a0<strong><u>d\u2019aniversaris<\/u><\/strong>:<\/p>\n<ul>\n<li>No es poden donar invitacions dins l\u2019escola.<\/li>\n<li>No deixem portar llaminadures, per\u00f2 si voleu, podem portar alguna capsa de galetes assortides.<\/li>\n<\/ul>\n<p><strong>15.<span style=\"font-size: 14pt;\"> Informes<\/span>:<\/strong><\/p>\n<ul>\n<li>EI: es donen dos informes al llarg del curs, un abans del Nadal, i un altre a final de curs.<\/li>\n<li>EP: es donen tres informes al llarg del curs, un abans del Nadal, un altre al voltant del mes de mar\u00e7 i el darrer abans de final de curs.<\/li>\n<\/ul>\n<p><strong>16. \u00das de la Biblioteca (EP):<\/strong><\/p>\n<ul>\n<li>A principi de curs es passa un full d\u2019autoritzaci\u00f3 per a fer el servei de pr\u00e9stec.<\/li>\n<li>L\u2019alumne ha de tornar els llibres en el termini indicat i en bon estat.<\/li>\n<li>Fins que no es torna un llibre no se li deixa un altre. El mateix passa si es fa malb\u00e9.<\/li>\n<li>Si es perd un llibre o es fa malb\u00e9 s&#8217;ha de comprar una altre.<\/li>\n<\/ul>\n<p><strong>17. Sortides i activitats:<\/strong> Per a que pugui assistir l\u2019alumne\/a cal:<\/p>\n<ul>\n<li>L\u2019autoritzaci\u00f3 signada (es donar\u00e0 una que serveix per a totes les activitats del curs, a excepci\u00f3 de col\u00f2nies).<\/li>\n<li>Haver efectuat el pagament abans del termini indicat (cal portar el justificant del banc al tutor\/a). <strong>El pagament s&#8217;ha de fer al n\u00famero de compte bancari que us d\u00f3na l&#8217;escola. No es pot pagar al centre escolar.<\/strong><\/li>\n<\/ul>\n<p style=\"text-align: right;\"><span style=\"color: #999999;\"><em>(Darrera actualitzaci\u00f3: 1 de setembre de 2025)<\/em><\/span><\/p>\n","protected":false},"excerpt":{"rendered":"<p>Pensem que educar \u00e9s una feina compartida entre pares i mestres i per aix\u00f2 us demanem el recolzament de la nostra feina i el comprom\u00eds de la vostra col\u00b7laboraci\u00f3 i implicaci\u00f3 a casa.<br \/>\nNormes generals que es recorden a la circular de principi de curs:<\/p>\n<ul>\n<li>Procurar que&hellip;  <a href=\"https:\/\/agora.xtec.cat\/ceipcassiacostal\/projecte-educatiu\/normativa-basica\/\" title=\"Read Normativa b\u00e0sica\">Llegeix m\u00e9s\u00bb<\/a><br \/>\n","protected":false},"author":1,"featured_media":0,"parent":64,"menu_order":20,"comment_status":"closed","ping_status":"closed","template":"page-templates\/side-menu.php","meta":{"_bbp_topic_count":0,"_bbp_reply_count":0,"_bbp_total_topic_count":0,"_bbp_total_reply_count":0,"_bbp_voice_count":0,"_bbp_anonymous_reply_count":0,"_bbp_topic_count_hidden":0,"_bbp_reply_count_hidden":0,"_bbp_forum_subforum_count":0,"footnotes":""},"class_list":["post-1552","page","type-page","status-publish","hentry"],"post_mailing_queue_ids":[],"_links":{"self":[{"href":"https:\/\/agora.xtec.cat\/ceipcassiacostal\/wp-json\/wp\/v2\/pages\/1552","targetHints":{"allow":["GET"]}}],"collection":[{"href":"https:\/\/agora.xtec.cat\/ceipcassiacostal\/wp-json\/wp\/v2\/pages"}],"about":[{"href":"https:\/\/agora.xtec.cat\/ceipcassiacostal\/wp-json\/wp\/v2\/types\/page"}],"author":[{"embeddable":true,"href":"https:\/\/agora.xtec.cat\/ceipcassiacostal\/wp-json\/wp\/v2\/users\/1"}],"replies":[{"embeddable":true,"href":"https:\/\/agora.xtec.cat\/ceipcassiacostal\/wp-json\/wp\/v2\/comments?post=1552"}],"version-history":[{"count":5,"href":"https:\/\/agora.xtec.cat\/ceipcassiacostal\/wp-json\/wp\/v2\/pages\/1552\/revisions"}],"predecessor-version":[{"id":39000,"href":"https:\/\/agora.xtec.cat\/ceipcassiacostal\/wp-json\/wp\/v2\/pages\/1552\/revisions\/39000"}],"up":[{"embeddable":true,"href":"https:\/\/agora.xtec.cat\/ceipcassiacostal\/wp-json\/wp\/v2\/pages\/64"}],"wp:attachment":[{"href":"https:\/\/agora.xtec.cat\/ceipcassiacostal\/wp-json\/wp\/v2\/media?parent=1552"}],"curies":[{"name":"wp","href":"https:\/\/api.w.org\/{rel}","templated":true}]}}

Normativa bàsica

<p>Pensem que educar és una feina compartida entre pares i mestres i per això us demanem el recolzament de la nostra feina i el compromís de la vostra col·laboració i implicació a casa.</p>
<p>Normes generals que es recorden a la circular de principi de curs:</p>
<ul>
<li>Procurar que l’alumne  porti el <strong>material necessari</strong>: llibres, xandall, etc</li>
<li>És important que els alumnes portin <strong>el xandall de l’escola els dies que  es fan sortides</strong>, ja que quan hi ha moltes escoles, ajuda a la seva identificació.</li>
<li>És imprescindible que <strong>retornin a l’escola les autoritzacions</strong> signades quan es sol·liciten</li>
<li>Es prega <strong>PUNTUALITAT</strong> tant en les entrades com en les sortides.</li>
<li>Assegurar l’assistència i puntualitat del nen/a i <strong>justificar</strong> al tutor/a les <strong>absències i retards</strong> mitjançant l’ús de l’agenda i si no és possible trucant a l’escola.</li>
<li>Recordeu que <strong>els familiars no poden anar a les classes dins l’ horari lectiu.</strong> Per a <strong>comentar qualsevol qüestió amb el professor/a cal fer-ho a través de l’agenda</strong> o del conserge. Igualment, si voleu parlar amb el tutor, heu de <strong>demanar hora amb antelació</strong>. Si necessiteu justificant d’assistència per a la feina, ho podeu demanar a Secretaria.</li>
<li><strong>Informar al Centre</strong> de tots els aspectes físics o psíquics que afectin la salut del nen/a</li>
<li>Facilitar un <strong>espai i un temps per les seves tasques escolars</strong> i personals a casa.</li>
<li><strong>Abonar la reposició dels desperfectes</strong> del mobiliari i material escolar sempre que siguin fruit d’una acció intencionada o per incompliment de les normes de funcionament del centre.</li>
<li>Us recordem que <strong><u>NO ES POT FUMAR NI ENTRAR AMB ANIMALS</u></strong><u> <strong>A TOT EL RECINTE ESCOLAR</strong></u><strong> (incloent pati d’educació infantil i porxo d’educació primària).</strong></li>
<li><strong>NO es poden portar joguines</strong> de cap tipus a l’escola. En cas de portar-ne, l’escola no és fa responsable si es fan malbé  o es perden. <strong>Igualment no es poden portar llaminadures.</strong></li>
<li><span style="text-decoration: underline;"><strong>Està prohibit que els alumnes portin telèfon mòbil o altres dispositius digitals a l&#8217;escola. <a href="http://agora.xtec.cat/ceipcassiacostal/serveis/us-del-mobil/" target="_blank" rel="noopener noreferrer">(protocol en cas de veure que un alumne porta mòbil).</a></strong></span></li>
<li>És important <strong><u>MARCAR</u></strong><strong> LA ROBA</strong> dels alumnes amb noms i cognoms per tal d&#8217;evitar pèrdues i intercanvis. Cada alumne és responsable del que porta a l’escola.</li>
</ul>
<p>&nbsp;</p>
<h4><strong>NORMES I QÜESTIONS INFORMATIVES GENERALS MÉS RELACIONADES AMB LES TUTORIES:</strong></h4>
<ol>
<li>Es prega <strong>puntualitat </strong>en la entrada i sortida.</li>
<li>L’<strong>horari del curs </strong>és de 9 a 12:30 i de 15 a 16:30.</li>
<li><strong><span style="color: #000000; font-size: 14pt;">L’agenda,</span> a Educació Primària (EP), és l’eina principal de comunicació entre mestres i famílies:</strong></li>
</ol>
<ul>
<li>Els pares/ tutors, l’han de revisar tots els dies.</li>
<li>És on s’apunten els deures i els comunicats dels mestres.</li>
<li>Les famílies han de posar els motius de les absències o retards dels alumnes (metge&#8230;), demandes d&#8217;entrevista als mestres&#8230;</li>
</ul>
<p><strong>4. A educació Infantil (EI), com que no hi ha agenda, les absències dels alumnes es poden justificar per escrit o de paraula </strong>(quan es deixen els alumnes). En cas de <strong>malaltia cal avisar</strong> trucant per telèfon i cal portar justificant si són varios dies.</p>
<p><span style="font-size: 14pt;"><strong>Des de 2019-20 utilitzem <span style="font-size: 18pt;"><a href="https://www.tokappschool.com/" target="_blank" rel="noopener noreferrer">tokappschool</a> </span>per enviar circulars, agilitzar la comunicació i fer una escola més sostenible i conscienciada amb el medi ambient. </strong></span></p>
<p><strong>5.<span style="font-size: 14pt;"> Entrevistes</span>: </strong>el tutor es posa en contacte amb els pares per a demanar l’entrevista (Normalment per TokApp). Els pares han de donar el vist i plau. Igualment, els pares també poden demanar als mestres poder parlar amb ells. <strong>S’han de demanar amb anterioritat.</strong></p>
<p><strong>FEM JUSTIFICANT D&#8217;ASSISTÈNCIA A LA REUNIÓ AMB EL TUTOR/A</strong> del fill/a si algú ho demana (administrativa de l’escola).</p>
<p>6. Els mestres no poden administrar <strong>medicaments: </strong>CAL AUTORITZACIÓ DELS PARES I PROSPECTE DEL METGE.</p>
<p>7. Som una escola que <strong>treballem pels hàbits saludables i la sostenibilitat:</strong></p>
<ul>
<li>Volem que els nostres alumnes portin esmorzars i berenars saludables: fruita, entrepà&#8230;</li>
<li>Tenim un dia de la fruita: Dilluns, en què demanen que l’esmorzar sigui fruita.</li>
<li>Participem dins el Pla català de l’esport (en col·laboració amb l’AFA).</li>
<li>Treballem com objectiu d&#8217;escola l&#8217;ús d&#8217;embolcalls reutilitzables per a portar els esmorzars (p.e. carmanyoles&#8230;) i el reciclatge de residus: paper i plàstic</li>
<li>Treballem el benestar emocional de l&#8217;alumne: Programes Escoles sense bullying i Sigues tu.</li>
</ul>
<p>8. Volem atendre bé els <strong>diferents ritmes i necessitats dels nostres alumnes </strong>i treballem de la manera més individualitzada possible: Treball en agrupacions diverses: mitjos grups, grups reduïts, grups flexibles, dos mestres a l’aula, atenció a nens amb necessitats específiques (suport, educació especial, altes capacitas&#8230;), atenció als alumnes nouvinguts (aula d’acollida).</p>
<p>Es prioritza l’alumnat de P4 i P5, cicle inicial i de 6è de l’educació Primària.Els alumnes d’ Educació Infantil rebran atenció dins de l’horari lectiu.</p>
<p><strong>9. Eix transversal </strong>d’aquest curs: <span style="color: #3366ff; font-size: 18pt;"><strong><em>“GAUDÍ”</em></strong></span></p>
<p>10. Recordeu que a l’escola <strong><span style="font-size: 14pt;">no es poden portar joguines, mòbils o altres dispositius digitals</span>, caramels, xiclets&#8230;</strong>ja que són font de conflictes.<strong> Si veiem un alumne amb mòbil, es confisca i la família ha d&#8217;anar a buscar-lo a direcció.</strong></p>
<p>11. L&#8217;alumnat porta 1 <strong>ampolla d’aigua </strong>per la sessió d&#8217;educació física.</p>
<p><strong>12. LA ROBA HA D’ESTAR MARCADA </strong>(sobretot jaquetes i jerseis que els alumnes es treuen quan fa calor). Les jaquetes i abrics és bo que tinguin una veta per a penjar-les millor.</p>
<p>13. S’ha de portar <strong>xandall i calçat esportiu </strong>per a fer educació física (amb mitjons). És molt important portar el xandall de l’escola els dies que fem sortides.</p>
<p>14. En cas <strong><u>d’aniversaris</u></strong>:</p>
<ul>
<li>No es poden donar invitacions dins l’escola.</li>
<li>No deixem portar llaminadures, però si voleu, podem portar alguna capsa de galetes assortides.</li>
</ul>
<p><strong>15.<span style="font-size: 14pt;"> Informes</span>:</strong></p>
<ul>
<li>EI: es donen dos informes al llarg del curs, un abans del Nadal, i un altre a final de curs.</li>
<li>EP: es donen tres informes al llarg del curs, un abans del Nadal, un altre al voltant del mes de març i el darrer abans de final de curs.</li>
</ul>
<p><strong>16. Ús de la Biblioteca (EP):</strong></p>
<ul>
<li>A principi de curs es passa un full d’autorització per a fer el servei de préstec.</li>
<li>L’alumne ha de tornar els llibres en el termini indicat i en bon estat.</li>
<li>Fins que no es torna un llibre no se li deixa un altre. El mateix passa si es fa malbé.</li>
<li>Si es perd un llibre o es fa malbé s&#8217;ha de comprar una altre.</li>
</ul>
<p><strong>17. Sortides i activitats:</strong> Per a que pugui assistir l’alumne/a cal:</p>
<ul>
<li>L’autorització signada (es donarà una que serveix per a totes les activitats del curs, a excepció de colònies).</li>
<li>Haver efectuat el pagament abans del termini indicat (cal portar el justificant del banc al tutor/a). <strong>El pagament s&#8217;ha de fer al número de compte bancari que us dóna l&#8217;escola. No es pot pagar al centre escolar.</strong></li>
</ul>
<p style="text-align: right;"><span style="color: #999999;"><em>(Darrera actualització: 1 de setembre de 2025)</em></span></p>

<p>Pensem que educar és una feina compartida entre pares i mestres i per això us demanem el recolzament de la nostra feina i el compromís de la vostra col·laboració i implicació a casa.<br />
Normes generals que es recorden a la circular de principi de curs:</p>
<ul>
<li>Procurar que&hellip;  <a href="https://agora.xtec.cat/ceipcassiacostal/projecte-educatiu/normativa-basica/" title="Read Normativa bàsica">Llegeix més»</a><br />
