{"id":87,"date":"2014-09-18T14:28:12","date_gmt":"2014-09-18T13:28:12","guid":{"rendered":"http:\/\/agora.xtec.cat\/ceipcascavell\/?page_id=87"},"modified":"2025-11-06T12:57:02","modified_gmt":"2025-11-06T11:57:02","slug":"nivells","status":"publish","type":"page","link":"https:\/\/agora.xtec.cat\/ceipcascavell\/nivells\/","title":{"rendered":"Nivells"},"content":{"rendered":"<p data-start=\"376\" data-end=\"692\">A l\u2019escola<strong data-start=\"387\" data-end=\"403\">\u00a0Cascavell<\/strong> acompanyem els infants des de l\u2019etapa d\u2019<strong data-start=\"444\" data-end=\"465\">Educaci\u00f3 Infantil<\/strong> fins a <strong data-start=\"473\" data-end=\"491\">6\u00e8 de Prim\u00e0ria<\/strong>, promovent un aprenentatge <strong data-start=\"519\" data-end=\"553\">actiu, inclusiu i competencial<\/strong>.<br data-start=\"554\" data-end=\"557\" \/>A cada etapa respectem el ritme individual de cada nen i nena, afavorint la seva curiositat, autonomia i felicitat dins l\u2019aprenentatge.<\/p>\n<hr data-start=\"694\" data-end=\"697\" \/>\n<h3 data-start=\"699\" data-end=\"741\">\ud83c\udf3c <strong data-start=\"706\" data-end=\"741\">Educaci\u00f3 Infantil (I3, I4 i I5)<\/strong><\/h3>\n<p data-start=\"743\" data-end=\"953\">L\u2019etapa d\u2019Educaci\u00f3 Infantil \u00e9s un moment clau per <strong data-start=\"793\" data-end=\"830\">descobrir, experimentar i cr\u00e9ixer<\/strong>.<br data-start=\"831\" data-end=\"834\" \/>Acompanyem els infants amb afecte i respecte, posant l\u2019accent en el <strong data-start=\"902\" data-end=\"950\">joc, el moviment i la descoberta de l\u2019entorn<\/strong>.<\/p>\n<p data-start=\"955\" data-end=\"970\"><strong data-start=\"955\" data-end=\"970\">A Infantil:<\/strong><\/p>\n<ul data-start=\"971\" data-end=\"1326\">\n<li data-start=\"971\" data-end=\"1023\">\n<p data-start=\"973\" data-end=\"1023\">Aprenem a partir del <strong data-start=\"994\" data-end=\"1020\">joc i l\u2019experimentaci\u00f3<\/strong>.<\/p>\n<\/li>\n<li data-start=\"1024\" data-end=\"1085\">\n<p data-start=\"1026\" data-end=\"1085\">Fomentem la <strong data-start=\"1038\" data-end=\"1082\">curiositat, l\u2019autonomia i la conviv\u00e8ncia<\/strong>.<\/p>\n<\/li>\n<li data-start=\"1086\" data-end=\"1157\">\n<p data-start=\"1088\" data-end=\"1157\">Donem import\u00e0ncia al <strong data-start=\"1109\" data-end=\"1154\">llenguatge oral, la m\u00fasica i les emocions<\/strong>.<\/p>\n<\/li>\n<li data-start=\"1158\" data-end=\"1239\">\n<p data-start=\"1160\" data-end=\"1239\">Treballem en <strong data-start=\"1173\" data-end=\"1194\">ambients i racons<\/strong> adaptats a les necessitats de cada infant.<\/p>\n<\/li>\n<li data-start=\"1240\" data-end=\"1326\">\n<p data-start=\"1242\" data-end=\"1326\">Introdu\u00efm el <strong data-start=\"1255\" data-end=\"1306\">pensament computacional i la rob\u00f2tica educativa<\/strong> de manera l\u00fadica.<\/p>\n<\/li>\n<\/ul>\n<p data-start=\"1328\" data-end=\"1394\">\ud83e\udde9 <em data-start=\"1331\" data-end=\"1394\">Acompanyem cada pas amb afecte, respecte i mirada individual.<\/em><\/p>\n<hr data-start=\"1396\" data-end=\"1399\" \/>\n<h3 data-start=\"1401\" data-end=\"1446\">\u2728 <strong data-start=\"1407\" data-end=\"1446\">Cicle Inicial (1r i 2n de Prim\u00e0ria)<\/strong><\/h3>\n<p data-start=\"1448\" data-end=\"1693\">En aquest cicle iniciem el pas cap a l\u2019aprenentatge m\u00e9s estructurat, sempre des d\u2019una mirada <strong data-start=\"1541\" data-end=\"1569\">vivencial i manipulativa<\/strong>.<br data-start=\"1570\" data-end=\"1573\" \/>L\u2019objectiu \u00e9s <strong data-start=\"1587\" data-end=\"1608\">consolidar h\u00e0bits<\/strong>, <strong data-start=\"1610\" data-end=\"1644\">descobrir el gust per aprendre<\/strong> i <strong data-start=\"1647\" data-end=\"1690\">comen\u00e7ar a llegir i escriure amb sentit<\/strong>.<\/p>\n<p data-start=\"1695\" data-end=\"1715\"><strong data-start=\"1695\" data-end=\"1715\">A Cicle Inicial:<\/strong><\/p>\n<ul data-start=\"1716\" data-end=\"2083\">\n<li data-start=\"1716\" data-end=\"1796\">\n<p data-start=\"1718\" data-end=\"1796\">Aprenem amb <strong data-start=\"1730\" data-end=\"1762\">projectes interdisciplinaris<\/strong> i <strong data-start=\"1765\" data-end=\"1793\">activitats competencials<\/strong>.<\/p>\n<\/li>\n<li data-start=\"1797\" data-end=\"1854\">\n<p data-start=\"1799\" data-end=\"1854\">Potenciem la <strong data-start=\"1812\" data-end=\"1851\">lectura, l\u2019expressi\u00f3 oral i escrita<\/strong>.<\/p>\n<\/li>\n<li data-start=\"1855\" data-end=\"1943\">\n<p data-start=\"1857\" data-end=\"1943\">Treballem la <strong data-start=\"1870\" data-end=\"1889\">matem\u00e0tica viva<\/strong> amb materials manipulatius i propostes d\u2019Innovamat.<\/p>\n<\/li>\n<li data-start=\"1944\" data-end=\"2021\">\n<p data-start=\"1946\" data-end=\"2021\">Introdu\u00efm la <strong data-start=\"1959\" data-end=\"2018\">rob\u00f2tica i el pensament computacional (M-Tiny, Bee-Bot)<\/strong>.<\/p>\n<\/li>\n<li data-start=\"2022\" data-end=\"2083\">\n<p data-start=\"2024\" data-end=\"2083\">Fomentem la <strong data-start=\"2036\" data-end=\"2080\">conviv\u00e8ncia, el respecte i la cooperaci\u00f3<\/strong>.<\/p>\n<\/li>\n<\/ul>\n<p data-start=\"2085\" data-end=\"2161\">\ud83e\udde0 <em data-start=\"2088\" data-end=\"2161\">Fem de l\u2019aprenentatge una aventura plena de curiositat i descobriments.<\/em><\/p>\n<hr data-start=\"2163\" data-end=\"2166\" \/>\n<h3 data-start=\"2168\" data-end=\"2212\">\ud83c\udf3f <strong data-start=\"2175\" data-end=\"2212\">Cicle Mitj\u00e0 (3r i 4t de Prim\u00e0ria)<\/strong><\/h3>\n<p data-start=\"2214\" data-end=\"2400\">A Cicle Mitj\u00e0, l\u2019alumnat consolida coneixements i guanya autonomia.<br data-start=\"2281\" data-end=\"2284\" \/>\u00c9s un moment de <strong data-start=\"2300\" data-end=\"2334\">creixement personal i acad\u00e8mic<\/strong>, on es potencia la capacitat de <strong data-start=\"2367\" data-end=\"2397\">pensar, investigar i crear<\/strong>.<\/p>\n<p data-start=\"2402\" data-end=\"2420\"><strong data-start=\"2402\" data-end=\"2420\">A Cicle Mitj\u00e0:<\/strong><\/p>\n<ul data-start=\"2421\" data-end=\"2759\">\n<li data-start=\"2421\" data-end=\"2473\">\n<p data-start=\"2423\" data-end=\"2473\">Treballem per projectes i tasques competencials.<\/p>\n<\/li>\n<li data-start=\"2474\" data-end=\"2544\">\n<p data-start=\"2476\" data-end=\"2544\">Introdu\u00efm <strong data-start=\"2486\" data-end=\"2511\">l\u2019\u00fas d\u2019eines digitals<\/strong> com a suport a l\u2019aprenentatge.<\/p>\n<\/li>\n<li data-start=\"2545\" data-end=\"2616\">\n<p data-start=\"2547\" data-end=\"2616\">Fomentem el <strong data-start=\"2559\" data-end=\"2581\">treball cooperatiu<\/strong> i la responsabilitat individual.<\/p>\n<\/li>\n<li data-start=\"2617\" data-end=\"2682\">\n<p data-start=\"2619\" data-end=\"2682\">Potenciem la <strong data-start=\"2632\" data-end=\"2654\">comprensi\u00f3 lectora<\/strong> i la producci\u00f3 de textos.<\/p>\n<\/li>\n<li data-start=\"2683\" data-end=\"2759\">\n<p data-start=\"2685\" data-end=\"2759\">Participem en <strong data-start=\"2699\" data-end=\"2746\">projectes cient\u00edfics, art\u00edstics i culturals<\/strong> de centre.<\/p>\n<\/li>\n<\/ul>\n<p data-start=\"2761\" data-end=\"2813\">\ud83d\udca1 <em data-start=\"2764\" data-end=\"2813\">Aprenem a ser aut\u00f2noms, cr\u00edtics i responsables.<\/em><\/p>\n<hr data-start=\"2815\" data-end=\"2818\" \/>\n<h3 data-start=\"2820\" data-end=\"2867\">\ud83c\udf1f <strong data-start=\"2827\" data-end=\"2867\">Cicle Superior (5\u00e8 i 6\u00e8 de Prim\u00e0ria)<\/strong><\/h3>\n<p data-start=\"2869\" data-end=\"3058\">El Cicle Superior \u00e9s l\u2019etapa de preparaci\u00f3 per al pas a l\u2019ESO.<br data-start=\"2931\" data-end=\"2934\" \/>Acompanyem els infants per tal que siguin <strong data-start=\"2976\" data-end=\"3022\">persones segures, reflexives i compromeses<\/strong> amb el seu aprenentatge i entorn.<\/p>\n<p data-start=\"3060\" data-end=\"3081\"><strong data-start=\"3060\" data-end=\"3081\">A Cicle Superior:<\/strong><\/p>\n<ul data-start=\"3082\" data-end=\"3428\">\n<li data-start=\"3082\" data-end=\"3160\">\n<p data-start=\"3084\" data-end=\"3160\">Treballem compet\u00e8ncies avan\u00e7ades en <strong data-start=\"3120\" data-end=\"3157\">comunicaci\u00f3, ci\u00e8ncia i tecnologia<\/strong>.<\/p>\n<\/li>\n<li data-start=\"3161\" data-end=\"3224\">\n<p data-start=\"3163\" data-end=\"3224\">Fomentem la <strong data-start=\"3175\" data-end=\"3221\">resoluci\u00f3 de reptes i projectes de recerca<\/strong>.<\/p>\n<\/li>\n<li data-start=\"3225\" data-end=\"3295\">\n<p data-start=\"3227\" data-end=\"3295\">Desenvolupem la <strong data-start=\"3243\" data-end=\"3266\">compet\u00e8ncia digital<\/strong> i el <strong data-start=\"3272\" data-end=\"3292\">pensament cr\u00edtic<\/strong>.<\/p>\n<\/li>\n<li data-start=\"3296\" data-end=\"3362\">\n<p data-start=\"3298\" data-end=\"3362\">Potenciem la <strong data-start=\"3311\" data-end=\"3333\">autonomia personal<\/strong> i el <strong data-start=\"3339\" data-end=\"3359\">treball en equip<\/strong>.<\/p>\n<\/li>\n<li data-start=\"3363\" data-end=\"3428\">\n<p data-start=\"3365\" data-end=\"3428\">Participem en <strong data-start=\"3379\" data-end=\"3428\">projectes de servei comunitari i conviv\u00e8ncia.<\/strong><\/p>\n<\/li>\n<\/ul>\n<p data-start=\"3430\" data-end=\"3498\">\ud83d\ude80 <em data-start=\"3433\" data-end=\"3498\">Ens preparem per afrontar nous reptes amb confian\u00e7a i il\u00b7lusi\u00f3.<\/em><\/p>\n","protected":false},"excerpt":{"rendered":"<p>A l\u2019escola\u00a0Cascavell acompanyem els infants des de l\u2019etapa d\u2019Educaci\u00f3 Infantil fins a 6\u00e8 de Prim\u00e0ria, promovent un aprenentatge actiu, inclusiu i competencial.A cada etapa respectem el ritme individual de cada nen i nena, afavorint la seva curiositat, autonomia i felicitat dins l\u2019aprenentatge. \ud83c\udf3c Educaci\u00f3 Infantil (I3, I4 i I5) L\u2019etapa d\u2019Educaci\u00f3 Infantil \u00e9s un moment [&hellip;]<\/p>\n","protected":false},"author":1,"featured_media":0,"parent":0,"menu_order":0,"comment_status":"closed","ping_status":"closed","template":"page-templates\/side-menu.php","meta":{"_bbp_topic_count":0,"_bbp_reply_count":0,"_bbp_total_topic_count":0,"_bbp_total_reply_count":0,"_bbp_voice_count":0,"_bbp_anonymous_reply_count":0,"_bbp_topic_count_hidden":0,"_bbp_reply_count_hidden":0,"_bbp_forum_subforum_count":0,"site-sidebar-layout":"default","site-content-layout":"","ast-site-content-layout":"","site-content-style":"default","site-sidebar-style":"default","ast-global-header-display":"","ast-banner-title-visibility":"","ast-main-header-display":"","ast-hfb-above-header-display":"","ast-hfb-below-header-display":"","ast-hfb-mobile-header-display":"","site-post-title":"","ast-breadcrumbs-content":"","ast-featured-img":"","footer-sml-layout":"","theme-transparent-header-meta":"","adv-header-id-meta":"","stick-header-meta":"","header-above-stick-meta":"","header-main-stick-meta":"","header-below-stick-meta":"","astra-migrate-meta-layouts":"default","ast-page-background-enabled":"default","ast-page-background-meta":{"desktop":{"background-color":"var(--ast-global-color-4)","background-image":"","background-repeat":"repeat","background-position":"center center","background-size":"auto","background-attachment":"scroll","background-type":"","background-media":"","overlay-type":"","overlay-color":"","overlay-opacity":"","overlay-gradient":""},"tablet":{"background-color":"","background-image":"","background-repeat":"repeat","background-position":"center center","background-size":"auto","background-attachment":"scroll","background-type":"","background-media":"","overlay-type":"","overlay-color":"","overlay-opacity":"","overlay-gradient":""},"mobile":{"background-color":"","background-image":"","background-repeat":"repeat","background-position":"center center","background-size":"auto","background-attachment":"scroll","background-type":"","background-media":"","overlay-type":"","overlay-color":"","overlay-opacity":"","overlay-gradient":""}},"ast-content-background-meta":{"desktop":{"background-color":"var(--ast-global-color-5)","background-image":"","background-repeat":"repeat","background-position":"center center","background-size":"auto","background-attachment":"scroll","background-type":"","background-media":"","overlay-type":"","overlay-color":"","overlay-opacity":"","overlay-gradient":""},"tablet":{"background-color":"var(--ast-global-color-5)","background-image":"","background-repeat":"repeat","background-position":"center center","background-size":"auto","background-attachment":"scroll","background-type":"","background-media":"","overlay-type":"","overlay-color":"","overlay-opacity":"","overlay-gradient":""},"mobile":{"background-color":"var(--ast-global-color-5)","background-image":"","background-repeat":"repeat","background-position":"center center","background-size":"auto","background-attachment":"scroll","background-type":"","background-media":"","overlay-type":"","overlay-color":"","overlay-opacity":"","overlay-gradient":""}},"footnotes":""},"class_list":["post-87","page","type-page","status-publish","hentry"],"post_mailing_queue_ids":[],"_links":{"self":[{"href":"https:\/\/agora.xtec.cat\/ceipcascavell\/wp-json\/wp\/v2\/pages\/87","targetHints":{"allow":["GET"]}}],"collection":[{"href":"https:\/\/agora.xtec.cat\/ceipcascavell\/wp-json\/wp\/v2\/pages"}],"about":[{"href":"https:\/\/agora.xtec.cat\/ceipcascavell\/wp-json\/wp\/v2\/types\/page"}],"author":[{"embeddable":true,"href":"https:\/\/agora.xtec.cat\/ceipcascavell\/wp-json\/wp\/v2\/users\/1"}],"replies":[{"embeddable":true,"href":"https:\/\/agora.xtec.cat\/ceipcascavell\/wp-json\/wp\/v2\/comments?post=87"}],"version-history":[{"count":4,"href":"https:\/\/agora.xtec.cat\/ceipcascavell\/wp-json\/wp\/v2\/pages\/87\/revisions"}],"predecessor-version":[{"id":3742,"href":"https:\/\/agora.xtec.cat\/ceipcascavell\/wp-json\/wp\/v2\/pages\/87\/revisions\/3742"}],"wp:attachment":[{"href":"https:\/\/agora.xtec.cat\/ceipcascavell\/wp-json\/wp\/v2\/media?parent=87"}],"curies":[{"name":"wp","href":"https:\/\/api.w.org\/{rel}","templated":true}]}}