{"id":28,"date":"2014-09-18T12:29:35","date_gmt":"2014-09-18T10:29:35","guid":{"rendered":"http:\/\/agora.xtec.cat\/ceipcascavell\/?page_id=28"},"modified":"2025-11-06T12:29:15","modified_gmt":"2025-11-06T11:29:15","slug":"consell-escolar","status":"publish","type":"page","link":"https:\/\/agora.xtec.cat\/ceipcascavell\/lescola\/consell-escolar\/","title":{"rendered":"Consell Escolar"},"content":{"rendered":"<p style=\"text-align: justify;\">Les reunions del Consell Escolar s\u00f3n en convocat\u00f2ria ordin\u00e0ria trimestral i al llarg del curs quan ho requereixi algun sector del Consell.<\/p>\n<p style=\"text-align: justify;\"><strong><u>Sector mestres<\/u><\/strong>:\u00a0 Mireia Garcia, Pau Garc\u00e9s, Gl\u00f2ria Clap\u00e8s.<\/p>\n<p style=\"text-align: justify;\"><strong><u>Representant de l&#8217;AFA i sector pares<\/u><\/strong>: Continuem treballant en la construcci\u00f3 de l&#8217;AFA: Antonia Mart\u00ednez, Leonardo Bussio. i com a representant de fam\u00edlies\u00a0 participen:\u00a0 Enrique Amaya Manzano, Vanesa Samper Balagu\u00e9,<\/p>\n<p style=\"text-align: justify;\"><strong><u>Representant de l&#8217;Ajuntament<\/u><\/strong>: Andr\u00e9s Pozo (regidor de cultura)<\/p>\n<p><strong><u>Personal de l&#8217;administraci\u00f3 educativa: <\/u><\/strong>Naomi Artiaga<\/p>\n<p style=\"text-align: justify;\"><strong><u>Personal de l&#8217;administraci\u00f3 i serveis<\/u><\/strong>: Isabel L\u00f3pez<\/p>\n<p style=\"text-align: justify;\"><strong><u>Equip directiu:<\/u><\/strong><\/p>\n<p style=\"text-align: justify;\">Cap d&#8217;estudis: Georgina Vidal<\/p>\n<p style=\"text-align: justify;\">Director: Francesc Cortacans Roca<\/p>\n<p style=\"text-align: justify;\">Secretaria: Laura Pechobierto<\/p>\n","protected":false},"excerpt":{"rendered":"<p>Les reunions del Consell Escolar s\u00f3n en convocat\u00f2ria ordin\u00e0ria trimestral i al llarg del curs quan ho requereixi algun sector del Consell. Sector mestres:\u00a0 Mireia Garcia, Pau Garc\u00e9s, Gl\u00f2ria Clap\u00e8s. Representant de l&#8217;AFA i sector pares: Continuem treballant en la construcci\u00f3 de l&#8217;AFA: Antonia Mart\u00ednez, Leonardo Bussio. i com a representant de fam\u00edlies\u00a0 participen:\u00a0 Enrique [&hellip;]<\/p>\n","protected":false},"author":1,"featured_media":0,"parent":22,"menu_order":4,"comment_status":"closed","ping_status":"closed","template":"page-templates\/side-menu.php","meta":{"_bbp_topic_count":0,"_bbp_reply_count":0,"_bbp_total_topic_count":0,"_bbp_total_reply_count":0,"_bbp_voice_count":0,"_bbp_anonymous_reply_count":0,"_bbp_topic_count_hidden":0,"_bbp_reply_count_hidden":0,"_bbp_forum_subforum_count":0,"site-sidebar-layout":"default","site-content-layout":"","ast-site-content-layout":"","site-content-style":"default","site-sidebar-style":"default","ast-global-header-display":"","ast-banner-title-visibility":"","ast-main-header-display":"","ast-hfb-above-header-display":"","ast-hfb-below-header-display":"","ast-hfb-mobile-header-display":"","site-post-title":"","ast-breadcrumbs-content":"","ast-featured-img":"","footer-sml-layout":"","theme-transparent-header-meta":"","adv-header-id-meta":"","stick-header-meta":"","header-above-stick-meta":"","header-main-stick-meta":"","header-below-stick-meta":"","astra-migrate-meta-layouts":"default","ast-page-background-enabled":"default","ast-page-background-meta":{"desktop":{"background-color":"var(--ast-global-color-4)","background-image":"","background-repeat":"repeat","background-position":"center center","background-size":"auto","background-attachment":"scroll","background-type":"","background-media":"","overlay-type":"","overlay-color":"","overlay-opacity":"","overlay-gradient":""},"tablet":{"background-color":"","background-image":"","background-repeat":"repeat","background-position":"center center","background-size":"auto","background-attachment":"scroll","background-type":"","background-media":"","overlay-type":"","overlay-color":"","overlay-opacity":"","overlay-gradient":""},"mobile":{"background-color":"","background-image":"","background-repeat":"repeat","background-position":"center center","background-size":"auto","background-attachment":"scroll","background-type":"","background-media":"","overlay-type":"","overlay-color":"","overlay-opacity":"","overlay-gradient":""}},"ast-content-background-meta":{"desktop":{"background-color":"var(--ast-global-color-5)","background-image":"","background-repeat":"repeat","background-position":"center center","background-size":"auto","background-attachment":"scroll","background-type":"","background-media":"","overlay-type":"","overlay-color":"","overlay-opacity":"","overlay-gradient":""},"tablet":{"background-color":"var(--ast-global-color-5)","background-image":"","background-repeat":"repeat","background-position":"center center","background-size":"auto","background-attachment":"scroll","background-type":"","background-media":"","overlay-type":"","overlay-color":"","overlay-opacity":"","overlay-gradient":""},"mobile":{"background-color":"var(--ast-global-color-5)","background-image":"","background-repeat":"repeat","background-position":"center center","background-size":"auto","background-attachment":"scroll","background-type":"","background-media":"","overlay-type":"","overlay-color":"","overlay-opacity":"","overlay-gradient":""}},"footnotes":""},"class_list":["post-28","page","type-page","status-publish","hentry"],"post_mailing_queue_ids":[],"_links":{"self":[{"href":"https:\/\/agora.xtec.cat\/ceipcascavell\/wp-json\/wp\/v2\/pages\/28","targetHints":{"allow":["GET"]}}],"collection":[{"href":"https:\/\/agora.xtec.cat\/ceipcascavell\/wp-json\/wp\/v2\/pages"}],"about":[{"href":"https:\/\/agora.xtec.cat\/ceipcascavell\/wp-json\/wp\/v2\/types\/page"}],"author":[{"embeddable":true,"href":"https:\/\/agora.xtec.cat\/ceipcascavell\/wp-json\/wp\/v2\/users\/1"}],"replies":[{"embeddable":true,"href":"https:\/\/agora.xtec.cat\/ceipcascavell\/wp-json\/wp\/v2\/comments?post=28"}],"version-history":[{"count":6,"href":"https:\/\/agora.xtec.cat\/ceipcascavell\/wp-json\/wp\/v2\/pages\/28\/revisions"}],"predecessor-version":[{"id":3741,"href":"https:\/\/agora.xtec.cat\/ceipcascavell\/wp-json\/wp\/v2\/pages\/28\/revisions\/3741"}],"up":[{"embeddable":true,"href":"https:\/\/agora.xtec.cat\/ceipcascavell\/wp-json\/wp\/v2\/pages\/22"}],"wp:attachment":[{"href":"https:\/\/agora.xtec.cat\/ceipcascavell\/wp-json\/wp\/v2\/media?parent=28"}],"curies":[{"name":"wp","href":"https:\/\/api.w.org\/{rel}","templated":true}]}}

<p style="text-align: justify;">Les reunions del Consell Escolar són en convocatòria ordinària trimestral i al llarg del curs quan ho requereixi algun sector del Consell.</p>
<p style="text-align: justify;"><strong><u>Sector mestres</u></strong>:  Mireia Garcia, Pau Garcés, Glòria Clapès.</p>
<p style="text-align: justify;"><strong><u>Representant de l&#8217;AFA i sector pares</u></strong>: Continuem treballant en la construcció de l&#8217;AFA: Antonia Martínez, Leonardo Bussio. i com a representant de famílies  participen:  Enrique Amaya Manzano, Vanesa Samper Balagué,</p>
<p style="text-align: justify;"><strong><u>Representant de l&#8217;Ajuntament</u></strong>: Andrés Pozo (regidor de cultura)</p>
<p><strong><u>Personal de l&#8217;administració educativa: </u></strong>Naomi Artiaga</p>
<p style="text-align: justify;"><strong><u>Personal de l&#8217;administració i serveis</u></strong>: Isabel López</p>
<p style="text-align: justify;"><strong><u>Equip directiu:</u></strong></p>
<p style="text-align: justify;">Cap d&#8217;estudis: Georgina Vidal</p>
<p style="text-align: justify;">Director: Francesc Cortacans Roca</p>
<p style="text-align: justify;">Secretaria: Laura Pechobierto</p>

<p>Les reunions del Consell Escolar són en convocatòria ordinària trimestral i al llarg del curs quan ho requereixi algun sector del Consell. Sector mestres:  Mireia Garcia, Pau Garcés, Glòria Clapès. Representant de l&#8217;AFA i sector pares: Continuem treballant en la construcció de l&#8217;AFA: Antonia Martínez, Leonardo Bussio. i com a representant de famílies  participen:  Enrique [&hellip;]</p>
