{"id":2791,"date":"2023-03-03T09:31:53","date_gmt":"2023-03-03T08:31:53","guid":{"rendered":"https:\/\/agora.xtec.cat\/ceipcascavell\/?page_id=2791"},"modified":"2023-11-15T20:40:09","modified_gmt":"2023-11-15T19:40:09","slug":"biblioteca-tutoritzada","status":"publish","type":"page","link":"https:\/\/agora.xtec.cat\/ceipcascavell\/biblioteca-tutoritzada\/","title":{"rendered":"Biblioteca tutoritzada"},"content":{"rendered":"<figure id=\"attachment_3027\" aria-describedby=\"caption-attachment-3027\" style=\"width: 300px\" class=\"wp-caption alignright\"><a href=\"https:\/\/agora.xtec.cat\/ceipcascavell\/wp-content\/uploads\/usu963\/2023\/11\/20231115_162107-scaled.jpg\"><img loading=\"lazy\" decoding=\"async\" class=\"wp-image-3027 size-medium\" src=\"https:\/\/agora.xtec.cat\/ceipcascavell\/wp-content\/uploads\/usu963\/2023\/11\/20231115_162107-300x148.jpg\" alt=\"\" width=\"300\" height=\"148\" srcset=\"https:\/\/agora.xtec.cat\/ceipcascavell\/wp-content\/uploads\/usu963\/2023\/11\/20231115_162107-300x148.jpg 300w, https:\/\/agora.xtec.cat\/ceipcascavell\/wp-content\/uploads\/usu963\/2023\/11\/20231115_162107-1024x507.jpg 1024w, https:\/\/agora.xtec.cat\/ceipcascavell\/wp-content\/uploads\/usu963\/2023\/11\/20231115_162107-768x380.jpg 768w, https:\/\/agora.xtec.cat\/ceipcascavell\/wp-content\/uploads\/usu963\/2023\/11\/20231115_162107-1536x760.jpg 1536w, https:\/\/agora.xtec.cat\/ceipcascavell\/wp-content\/uploads\/usu963\/2023\/11\/20231115_162107-2048x1013.jpg 2048w\" sizes=\"auto, (max-width: 300px) 100vw, 300px\" \/><\/a><figcaption id=\"caption-attachment-3027\" class=\"wp-caption-text\">Grup de grans<\/figcaption><\/figure>\n<p style=\"text-align: justify;\">La\u00a0<b>biblioteca tutoritzada<\/b> \u00e9s una <span style=\"text-decoration: underline;\">actuaci\u00f3 educativa d&#8217;\u00e8xit<\/span> que consisteix en un conjunt d&#8217;activitats d&#8217;aprenentatge que reforcen les tasques escolars, millorant el rendiment dels alumnes. Aquesta actuaci\u00f3 afavoreix la inclusi\u00f3 educativa de tots els estudiants, ampliant el temps d&#8217;aprenentatge mitjan\u00e7ant diverses activitats com s\u00f3n, tert\u00falies, lectures col\u00b7lectives i suport a la realitzaci\u00f3 de deures a trav\u00e9s d&#8217;activitats orientades cap a l&#8217;aprenentatge instrumental amb acc\u00e9s lliure i gratu\u00eft.<\/p>\n<p style=\"text-align: justify;\">Aquestes activitats solen ser proposades per una comissi\u00f3 mixta de treball que, d\u2019una banda, organitza al voluntariat en aquest espai, i de l\u2019altra, coordina el treball amb els professors de l\u2019escola per a un millor aprofitament. Aquesta \u00e9s tamb\u00e9 una alternativa inclusiva que supera la segregaci\u00f3 durant el temps escolar dels alumnes que necessiten refor\u00e7.<\/p>\n<figure id=\"attachment_3028\" aria-describedby=\"caption-attachment-3028\" style=\"width: 300px\" class=\"wp-caption alignright\"><a href=\"https:\/\/agora.xtec.cat\/ceipcascavell\/wp-content\/uploads\/usu963\/2023\/11\/20231115_162035-scaled.jpg\"><img loading=\"lazy\" decoding=\"async\" class=\"wp-image-3028 size-medium\" src=\"https:\/\/agora.xtec.cat\/ceipcascavell\/wp-content\/uploads\/usu963\/2023\/11\/20231115_162035-300x165.jpg\" alt=\"\" width=\"300\" height=\"165\" srcset=\"https:\/\/agora.xtec.cat\/ceipcascavell\/wp-content\/uploads\/usu963\/2023\/11\/20231115_162035-300x165.jpg 300w, https:\/\/agora.xtec.cat\/ceipcascavell\/wp-content\/uploads\/usu963\/2023\/11\/20231115_162035-1024x565.jpg 1024w, https:\/\/agora.xtec.cat\/ceipcascavell\/wp-content\/uploads\/usu963\/2023\/11\/20231115_162035-768x423.jpg 768w, https:\/\/agora.xtec.cat\/ceipcascavell\/wp-content\/uploads\/usu963\/2023\/11\/20231115_162035-1536x847.jpg 1536w, https:\/\/agora.xtec.cat\/ceipcascavell\/wp-content\/uploads\/usu963\/2023\/11\/20231115_162035-2048x1129.jpg 2048w\" sizes=\"auto, (max-width: 300px) 100vw, 300px\" \/><\/a><figcaption id=\"caption-attachment-3028\" class=\"wp-caption-text\">Grup de grans<\/figcaption><\/figure>\n<p style=\"text-align: justify;\">Per poder arribar al m\u00e0xim d&#8217;alumnes possibles assegurant un bon clima, el centre inverteix dues tardes, de 16:00 h. a 17:00 h. El primer dia \u00e9s pels alumnes de 1r, 2n i 3r, mentre que el segon, \u00e9s pels alumnes de 4t, 5\u00e8 i 6\u00e8.<\/p>\n<p style=\"text-align: justify;\">Aquesta extensi\u00f3 del temps d\u2019aprenentatge es duu a terme amb voluntaris, el paper \u00e9s el de promoure l\u2019ajuda m\u00fatua i optimitzar les interaccions entre els alumnes de diferents edats, que solen trobar-se en aquest espai.\u00a0La biblioteca est\u00e0 oberta a qualsevol persona de la comunitat que vulgui participar en ella i donar un cop de m\u00e0 en la millora dels coneixements dels alumnes.<\/p>\n<p>A la biblioteca tutoritzada, l\u2019aprenentatge de tots els alumnes s\u2019accelera gr\u00e0cies a la interacci\u00f3 amb persones diverses, el que beneficia especialment als alumnes amb alguna necessitat espec\u00edfica.<\/p>\n","protected":false},"excerpt":{"rendered":"<p>La\u00a0biblioteca tutoritzada \u00e9s una actuaci\u00f3 educativa d&#8217;\u00e8xit que consisteix en un conjunt d&#8217;activitats d&#8217;aprenentatge que reforcen les tasques escolars, millorant el rendiment dels alumnes. Aquesta actuaci\u00f3 afavoreix la inclusi\u00f3 educativa de tots els estudiants, ampliant el temps d&#8217;aprenentatge mitjan\u00e7ant diverses activitats com s\u00f3n, tert\u00falies, lectures col\u00b7lectives i suport a la realitzaci\u00f3 de deures a trav\u00e9s [&hellip;]<\/p>\n","protected":false},"author":21,"featured_media":0,"parent":0,"menu_order":0,"comment_status":"closed","ping_status":"closed","template":"","meta":{"_bbp_topic_count":0,"_bbp_reply_count":0,"_bbp_total_topic_count":0,"_bbp_total_reply_count":0,"_bbp_voice_count":0,"_bbp_anonymous_reply_count":0,"_bbp_topic_count_hidden":0,"_bbp_reply_count_hidden":0,"_bbp_forum_subforum_count":0,"site-sidebar-layout":"default","site-content-layout":"","ast-site-content-layout":"","site-content-style":"default","site-sidebar-style":"default","ast-global-header-display":"","ast-banner-title-visibility":"","ast-main-header-display":"","ast-hfb-above-header-display":"","ast-hfb-below-header-display":"","ast-hfb-mobile-header-display":"","site-post-title":"","ast-breadcrumbs-content":"","ast-featured-img":"","footer-sml-layout":"","theme-transparent-header-meta":"","adv-header-id-meta":"","stick-header-meta":"","header-above-stick-meta":"","header-main-stick-meta":"","header-below-stick-meta":"","astra-migrate-meta-layouts":"default","ast-page-background-enabled":"default","ast-page-background-meta":{"desktop":{"background-color":"var(--ast-global-color-4)","background-image":"","background-repeat":"repeat","background-position":"center center","background-size":"auto","background-attachment":"scroll","background-type":"","background-media":"","overlay-type":"","overlay-color":"","overlay-opacity":"","overlay-gradient":""},"tablet":{"background-color":"","background-image":"","background-repeat":"repeat","background-position":"center center","background-size":"auto","background-attachment":"scroll","background-type":"","background-media":"","overlay-type":"","overlay-color":"","overlay-opacity":"","overlay-gradient":""},"mobile":{"background-color":"","background-image":"","background-repeat":"repeat","background-position":"center center","background-size":"auto","background-attachment":"scroll","background-type":"","background-media":"","overlay-type":"","overlay-color":"","overlay-opacity":"","overlay-gradient":""}},"ast-content-background-meta":{"desktop":{"background-color":"var(--ast-global-color-5)","background-image":"","background-repeat":"repeat","background-position":"center center","background-size":"auto","background-attachment":"scroll","background-type":"","background-media":"","overlay-type":"","overlay-color":"","overlay-opacity":"","overlay-gradient":""},"tablet":{"background-color":"var(--ast-global-color-5)","background-image":"","background-repeat":"repeat","background-position":"center center","background-size":"auto","background-attachment":"scroll","background-type":"","background-media":"","overlay-type":"","overlay-color":"","overlay-opacity":"","overlay-gradient":""},"mobile":{"background-color":"var(--ast-global-color-5)","background-image":"","background-repeat":"repeat","background-position":"center center","background-size":"auto","background-attachment":"scroll","background-type":"","background-media":"","overlay-type":"","overlay-color":"","overlay-opacity":"","overlay-gradient":""}},"footnotes":""},"class_list":["post-2791","page","type-page","status-publish","hentry"],"post_mailing_queue_ids":[],"_links":{"self":[{"href":"https:\/\/agora.xtec.cat\/ceipcascavell\/wp-json\/wp\/v2\/pages\/2791","targetHints":{"allow":["GET"]}}],"collection":[{"href":"https:\/\/agora.xtec.cat\/ceipcascavell\/wp-json\/wp\/v2\/pages"}],"about":[{"href":"https:\/\/agora.xtec.cat\/ceipcascavell\/wp-json\/wp\/v2\/types\/page"}],"author":[{"embeddable":true,"href":"https:\/\/agora.xtec.cat\/ceipcascavell\/wp-json\/wp\/v2\/users\/21"}],"replies":[{"embeddable":true,"href":"https:\/\/agora.xtec.cat\/ceipcascavell\/wp-json\/wp\/v2\/comments?post=2791"}],"version-history":[{"count":6,"href":"https:\/\/agora.xtec.cat\/ceipcascavell\/wp-json\/wp\/v2\/pages\/2791\/revisions"}],"predecessor-version":[{"id":3032,"href":"https:\/\/agora.xtec.cat\/ceipcascavell\/wp-json\/wp\/v2\/pages\/2791\/revisions\/3032"}],"wp:attachment":[{"href":"https:\/\/agora.xtec.cat\/ceipcascavell\/wp-json\/wp\/v2\/media?parent=2791"}],"curies":[{"name":"wp","href":"https:\/\/api.w.org\/{rel}","templated":true}]}}

<figure id="attachment_3027" aria-describedby="caption-attachment-3027" style="width: 300px" class="wp-caption alignright"><a href="https://agora.xtec.cat/ceipcascavell/wp-content/uploads/usu963/2023/11/20231115_162107-scaled.jpg"><img loading="lazy" decoding="async" class="wp-image-3027 size-medium" src="https://agora.xtec.cat/ceipcascavell/wp-content/uploads/usu963/2023/11/20231115_162107-300x148.jpg" alt="" width="300" height="148" srcset="https://agora.xtec.cat/ceipcascavell/wp-content/uploads/usu963/2023/11/20231115_162107-300x148.jpg 300w, https://agora.xtec.cat/ceipcascavell/wp-content/uploads/usu963/2023/11/20231115_162107-1024x507.jpg 1024w, https://agora.xtec.cat/ceipcascavell/wp-content/uploads/usu963/2023/11/20231115_162107-768x380.jpg 768w, https://agora.xtec.cat/ceipcascavell/wp-content/uploads/usu963/2023/11/20231115_162107-1536x760.jpg 1536w, https://agora.xtec.cat/ceipcascavell/wp-content/uploads/usu963/2023/11/20231115_162107-2048x1013.jpg 2048w" sizes="auto, (max-width: 300px) 100vw, 300px" /></a><figcaption id="caption-attachment-3027" class="wp-caption-text">Grup de grans</figcaption></figure>
<p style="text-align: justify;">La <b>biblioteca tutoritzada</b> és una <span style="text-decoration: underline;">actuació educativa d&#8217;èxit</span> que consisteix en un conjunt d&#8217;activitats d&#8217;aprenentatge que reforcen les tasques escolars, millorant el rendiment dels alumnes. Aquesta actuació afavoreix la inclusió educativa de tots els estudiants, ampliant el temps d&#8217;aprenentatge mitjançant diverses activitats com són, tertúlies, lectures col·lectives i suport a la realització de deures a través d&#8217;activitats orientades cap a l&#8217;aprenentatge instrumental amb accés lliure i gratuït.</p>
<p style="text-align: justify;">Aquestes activitats solen ser proposades per una comissió mixta de treball que, d’una banda, organitza al voluntariat en aquest espai, i de l’altra, coordina el treball amb els professors de l’escola per a un millor aprofitament. Aquesta és també una alternativa inclusiva que supera la segregació durant el temps escolar dels alumnes que necessiten reforç.</p>
<figure id="attachment_3028" aria-describedby="caption-attachment-3028" style="width: 300px" class="wp-caption alignright"><a href="https://agora.xtec.cat/ceipcascavell/wp-content/uploads/usu963/2023/11/20231115_162035-scaled.jpg"><img loading="lazy" decoding="async" class="wp-image-3028 size-medium" src="https://agora.xtec.cat/ceipcascavell/wp-content/uploads/usu963/2023/11/20231115_162035-300x165.jpg" alt="" width="300" height="165" srcset="https://agora.xtec.cat/ceipcascavell/wp-content/uploads/usu963/2023/11/20231115_162035-300x165.jpg 300w, https://agora.xtec.cat/ceipcascavell/wp-content/uploads/usu963/2023/11/20231115_162035-1024x565.jpg 1024w, https://agora.xtec.cat/ceipcascavell/wp-content/uploads/usu963/2023/11/20231115_162035-768x423.jpg 768w, https://agora.xtec.cat/ceipcascavell/wp-content/uploads/usu963/2023/11/20231115_162035-1536x847.jpg 1536w, https://agora.xtec.cat/ceipcascavell/wp-content/uploads/usu963/2023/11/20231115_162035-2048x1129.jpg 2048w" sizes="auto, (max-width: 300px) 100vw, 300px" /></a><figcaption id="caption-attachment-3028" class="wp-caption-text">Grup de grans</figcaption></figure>
<p style="text-align: justify;">Per poder arribar al màxim d&#8217;alumnes possibles assegurant un bon clima, el centre inverteix dues tardes, de 16:00 h. a 17:00 h. El primer dia és pels alumnes de 1r, 2n i 3r, mentre que el segon, és pels alumnes de 4t, 5è i 6è.</p>
<p style="text-align: justify;">Aquesta extensió del temps d’aprenentatge es duu a terme amb voluntaris, el paper és el de promoure l’ajuda mútua i optimitzar les interaccions entre els alumnes de diferents edats, que solen trobar-se en aquest espai. La biblioteca està oberta a qualsevol persona de la comunitat que vulgui participar en ella i donar un cop de mà en la millora dels coneixements dels alumnes.</p>
<p>A la biblioteca tutoritzada, l’aprenentatge de tots els alumnes s’accelera gràcies a la interacció amb persones diverses, el que beneficia especialment als alumnes amb alguna necessitat específica.</p>

<p>La biblioteca tutoritzada és una actuació educativa d&#8217;èxit que consisteix en un conjunt d&#8217;activitats d&#8217;aprenentatge que reforcen les tasques escolars, millorant el rendiment dels alumnes. Aquesta actuació afavoreix la inclusió educativa de tots els estudiants, ampliant el temps d&#8217;aprenentatge mitjançant diverses activitats com són, tertúlies, lectures col·lectives i suport a la realització de deures a través [&hellip;]</p>
