{"id":26,"date":"2017-01-09T16:24:32","date_gmt":"2017-01-09T15:24:32","guid":{"rendered":"http:\/\/agora.xtec.cat\/ceipcascavell\/?page_id=26"},"modified":"2024-02-18T09:44:57","modified_gmt":"2024-02-18T08:44:57","slug":"historia","status":"publish","type":"page","link":"https:\/\/agora.xtec.cat\/ceipcascavell\/lescola\/historia\/","title":{"rendered":"Hist\u00f2ria"},"content":{"rendered":"<p style=\"text-align: justify;\">L&#8217;Escola Cascavell forma part de la Xarxa P\u00fablica del Departament d&#8217;Educaci\u00f3 de la Generalitat de Catalunya. \u00c9s un centre d&#8217;Ensenyament Infantil i Prim\u00e0ria que es troba situat a la Localitat de Sant Adri\u00e0 de Bes\u00f2s.<\/p>\n<p style=\"text-align: justify;\">L&#8217;escola Cascavell \u00e9s una escola p\u00fablica, catalana, arrelada i compromesa amb l&#8217;entorn, on la coeducaci\u00f3 \u00e9s fonamental i on poden tenir cabuda tots els infants, aix\u00ed com les seves fam\u00edlies. Un centre que atribueix a l&#8217;educaci\u00f3 una funci\u00f3 social compartida dirigida cap el desenvolupament personal de totes les persones de la Comunitat Educativa.<\/p>\n<p style=\"text-align: justify;\">Som una escola que vol proporcionar als nostres alumnes una educaci\u00f3 adequada i unes compet\u00e8ncies que els permetin inserir-se en la societat i desenvolupar-se com a persona.<\/p>\n<p style=\"text-align: justify;\">Fomentar la formaci\u00f3 i participaci\u00f3 del professorat en motivaci\u00f3 educativa com a eina per aconseguir una millora professional i personal.<\/p>\n<p style=\"text-align: justify;\">Oferim oportunitats i facilitats utilitzant diferents recursos: materials, econ\u00f2mics, humans, pedag\u00f2gics i de l&#8217;entorn<\/p>\n<p style=\"text-align: justify;\">La nostra visi\u00f3 com a centre actiu, emprenedor, seria una visi\u00f3 de futur, que pret\u00e9n la millora constant del rendiment acad\u00e8mic dels alumnes mitjan\u00e7ant l&#8217;\u00fas habitual de les TIC, l&#8217;impuls de les lleng\u00fces estrangeres i la promoci\u00f3 de les habilitats socials i el treball cooperatiu per arribar a ser un referent de qualitat educativa.<\/p>\n<p style=\"text-align: justify;\">Volem aconseguir l&#8217;atenci\u00f3 inclusiva de la diversitat. L&#8217;obertura de l&#8217;escola a les fam\u00edlies, la formaci\u00f3 de la comunitat educativa que acompanyi el proc\u00e9s innovaci\u00f3 del centre.<\/p>\n<p style=\"text-align: justify;\">Volem ser una escola que ofereixi al nostre alumnat una millor formaci\u00f3 i integraci\u00f3 en l&#8217;entorn, millorant la seva compet\u00e8ncia ling\u00fc\u00edstica i social.<\/p>\n<p style=\"text-align: justify;\">Vetllarem per la implicaci\u00f3 i participaci\u00f3 de les fam\u00edlies en l&#8217;educaci\u00f3 dels seus fills.<\/p>\n<p style=\"text-align: justify;\">Treballarem estrat\u00e8gies que ens permetin mantenir i augmentar la cohesi\u00f3 i la implicaci\u00f3 de totes les persones, docents i no docents, que desenvolupen la seva tasca en el centre.<\/p>\n<p style=\"text-align: justify;\">Per aix\u00f2, la nostra escola el 3 de juny del 2016 va fer una assemblea per presentar el seu\u00a0 nou projecte educatiu on va explicar el desig de convertir-se en Comunitats d&#8217;aprenentatge per tal de millorar els resultats acad\u00e8mics i millorar la conviv\u00e8ncia entre l&#8217;alumnat i les fam\u00edlies.<\/p>\n<p>Des del curs 2019-20, vam participar del projecte d&#8217;innovaci\u00f3 educativa anomenat Laboratori de Transformaci\u00f3 Educativa amb l&#8217;objectiu de revisar i actualitzar la nostra tasca educativa d&#8217;acord amb les noves propostes metodol\u00f2giques per atendre amb millor qualitat als nostres infants.<\/p>\n<p>Curs 23-24 \u00e9s el darrer curs del Pacte ( Pla d&#8217;acceleraci\u00f3 a la Transformaci\u00f3 Educativa), entenent que malgrat tota la transformaci\u00f3 feta fins al moment, treballem amb una revisi\u00f3 constant de tot el que fem.<\/p>\n<p>Seguim.<\/p>\n","protected":false},"excerpt":{"rendered":"<p>L&#8217;Escola Cascavell forma part de la Xarxa P\u00fablica del Departament d&#8217;Educaci\u00f3 de la Generalitat de Catalunya. \u00c9s un centre d&#8217;Ensenyament Infantil i Prim\u00e0ria que es troba situat a la Localitat de Sant Adri\u00e0 de Bes\u00f2s. L&#8217;escola Cascavell \u00e9s una escola p\u00fablica, catalana, arrelada i compromesa amb l&#8217;entorn, on la coeducaci\u00f3 \u00e9s fonamental i on poden [&hellip;]<\/p>\n","protected":false},"author":1,"featured_media":0,"parent":22,"menu_order":2,"comment_status":"closed","ping_status":"closed","template":"page-templates\/side-menu.php","meta":{"_bbp_topic_count":0,"_bbp_reply_count":0,"_bbp_total_topic_count":0,"_bbp_total_reply_count":0,"_bbp_voice_count":0,"_bbp_anonymous_reply_count":0,"_bbp_topic_count_hidden":0,"_bbp_reply_count_hidden":0,"_bbp_forum_subforum_count":0,"site-sidebar-layout":"default","site-content-layout":"","ast-site-content-layout":"","site-content-style":"default","site-sidebar-style":"default","ast-global-header-display":"","ast-banner-title-visibility":"","ast-main-header-display":"","ast-hfb-above-header-display":"","ast-hfb-below-header-display":"","ast-hfb-mobile-header-display":"","site-post-title":"","ast-breadcrumbs-content":"","ast-featured-img":"","footer-sml-layout":"","theme-transparent-header-meta":"","adv-header-id-meta":"","stick-header-meta":"","header-above-stick-meta":"","header-main-stick-meta":"","header-below-stick-meta":"","astra-migrate-meta-layouts":"default","ast-page-background-enabled":"default","ast-page-background-meta":{"desktop":{"background-color":"var(--ast-global-color-4)","background-image":"","background-repeat":"repeat","background-position":"center center","background-size":"auto","background-attachment":"scroll","background-type":"","background-media":"","overlay-type":"","overlay-color":"","overlay-opacity":"","overlay-gradient":""},"tablet":{"background-color":"","background-image":"","background-repeat":"repeat","background-position":"center center","background-size":"auto","background-attachment":"scroll","background-type":"","background-media":"","overlay-type":"","overlay-color":"","overlay-opacity":"","overlay-gradient":""},"mobile":{"background-color":"","background-image":"","background-repeat":"repeat","background-position":"center center","background-size":"auto","background-attachment":"scroll","background-type":"","background-media":"","overlay-type":"","overlay-color":"","overlay-opacity":"","overlay-gradient":""}},"ast-content-background-meta":{"desktop":{"background-color":"var(--ast-global-color-5)","background-image":"","background-repeat":"repeat","background-position":"center center","background-size":"auto","background-attachment":"scroll","background-type":"","background-media":"","overlay-type":"","overlay-color":"","overlay-opacity":"","overlay-gradient":""},"tablet":{"background-color":"var(--ast-global-color-5)","background-image":"","background-repeat":"repeat","background-position":"center center","background-size":"auto","background-attachment":"scroll","background-type":"","background-media":"","overlay-type":"","overlay-color":"","overlay-opacity":"","overlay-gradient":""},"mobile":{"background-color":"var(--ast-global-color-5)","background-image":"","background-repeat":"repeat","background-position":"center center","background-size":"auto","background-attachment":"scroll","background-type":"","background-media":"","overlay-type":"","overlay-color":"","overlay-opacity":"","overlay-gradient":""}},"footnotes":""},"class_list":["post-26","page","type-page","status-publish","hentry"],"post_mailing_queue_ids":[],"_links":{"self":[{"href":"https:\/\/agora.xtec.cat\/ceipcascavell\/wp-json\/wp\/v2\/pages\/26","targetHints":{"allow":["GET"]}}],"collection":[{"href":"https:\/\/agora.xtec.cat\/ceipcascavell\/wp-json\/wp\/v2\/pages"}],"about":[{"href":"https:\/\/agora.xtec.cat\/ceipcascavell\/wp-json\/wp\/v2\/types\/page"}],"author":[{"embeddable":true,"href":"https:\/\/agora.xtec.cat\/ceipcascavell\/wp-json\/wp\/v2\/users\/1"}],"replies":[{"embeddable":true,"href":"https:\/\/agora.xtec.cat\/ceipcascavell\/wp-json\/wp\/v2\/comments?post=26"}],"version-history":[{"count":5,"href":"https:\/\/agora.xtec.cat\/ceipcascavell\/wp-json\/wp\/v2\/pages\/26\/revisions"}],"predecessor-version":[{"id":3189,"href":"https:\/\/agora.xtec.cat\/ceipcascavell\/wp-json\/wp\/v2\/pages\/26\/revisions\/3189"}],"up":[{"embeddable":true,"href":"https:\/\/agora.xtec.cat\/ceipcascavell\/wp-json\/wp\/v2\/pages\/22"}],"wp:attachment":[{"href":"https:\/\/agora.xtec.cat\/ceipcascavell\/wp-json\/wp\/v2\/media?parent=26"}],"curies":[{"name":"wp","href":"https:\/\/api.w.org\/{rel}","templated":true}]}}

Història

<p style="text-align: justify;">L&#8217;Escola Cascavell forma part de la Xarxa Pública del Departament d&#8217;Educació de la Generalitat de Catalunya. És un centre d&#8217;Ensenyament Infantil i Primària que es troba situat a la Localitat de Sant Adrià de Besòs.</p>
<p style="text-align: justify;">L&#8217;escola Cascavell és una escola pública, catalana, arrelada i compromesa amb l&#8217;entorn, on la coeducació és fonamental i on poden tenir cabuda tots els infants, així com les seves famílies. Un centre que atribueix a l&#8217;educació una funció social compartida dirigida cap el desenvolupament personal de totes les persones de la Comunitat Educativa.</p>
<p style="text-align: justify;">Som una escola que vol proporcionar als nostres alumnes una educació adequada i unes competències que els permetin inserir-se en la societat i desenvolupar-se com a persona.</p>
<p style="text-align: justify;">Fomentar la formació i participació del professorat en motivació educativa com a eina per aconseguir una millora professional i personal.</p>
<p style="text-align: justify;">Oferim oportunitats i facilitats utilitzant diferents recursos: materials, econòmics, humans, pedagògics i de l&#8217;entorn</p>
<p style="text-align: justify;">La nostra visió com a centre actiu, emprenedor, seria una visió de futur, que pretén la millora constant del rendiment acadèmic dels alumnes mitjançant l&#8217;ús habitual de les TIC, l&#8217;impuls de les llengües estrangeres i la promoció de les habilitats socials i el treball cooperatiu per arribar a ser un referent de qualitat educativa.</p>
<p style="text-align: justify;">Volem aconseguir l&#8217;atenció inclusiva de la diversitat. L&#8217;obertura de l&#8217;escola a les famílies, la formació de la comunitat educativa que acompanyi el procés innovació del centre.</p>
<p style="text-align: justify;">Volem ser una escola que ofereixi al nostre alumnat una millor formació i integració en l&#8217;entorn, millorant la seva competència lingüística i social.</p>
<p style="text-align: justify;">Vetllarem per la implicació i participació de les famílies en l&#8217;educació dels seus fills.</p>
<p style="text-align: justify;">Treballarem estratègies que ens permetin mantenir i augmentar la cohesió i la implicació de totes les persones, docents i no docents, que desenvolupen la seva tasca en el centre.</p>
<p style="text-align: justify;">Per això, la nostra escola el 3 de juny del 2016 va fer una assemblea per presentar el seu  nou projecte educatiu on va explicar el desig de convertir-se en Comunitats d&#8217;aprenentatge per tal de millorar els resultats acadèmics i millorar la convivència entre l&#8217;alumnat i les famílies.</p>
<p>Des del curs 2019-20, vam participar del projecte d&#8217;innovació educativa anomenat Laboratori de Transformació Educativa amb l&#8217;objectiu de revisar i actualitzar la nostra tasca educativa d&#8217;acord amb les noves propostes metodològiques per atendre amb millor qualitat als nostres infants.</p>
<p>Curs 23-24 és el darrer curs del Pacte ( Pla d&#8217;acceleració a la Transformació Educativa), entenent que malgrat tota la transformació feta fins al moment, treballem amb una revisió constant de tot el que fem.</p>
<p>Seguim.</p>

<p>L&#8217;Escola Cascavell forma part de la Xarxa Pública del Departament d&#8217;Educació de la Generalitat de Catalunya. És un centre d&#8217;Ensenyament Infantil i Primària que es troba situat a la Localitat de Sant Adrià de Besòs. L&#8217;escola Cascavell és una escola pública, catalana, arrelada i compromesa amb l&#8217;entorn, on la coeducació és fonamental i on poden [&hellip;]</p>
