{"id":1814,"date":"2020-04-03T18:16:04","date_gmt":"2020-04-03T16:16:04","guid":{"rendered":"http:\/\/agora.xtec.cat\/ceipcascavell\/?page_id=1814"},"modified":"2020-04-03T18:19:51","modified_gmt":"2020-04-03T16:19:51","slug":"material-audiovisual","status":"publish","type":"page","link":"https:\/\/agora.xtec.cat\/ceipcascavell\/material-audiovisual\/","title":{"rendered":"Material audiovisual"},"content":{"rendered":"<h3 style=\"text-align: justify;\"><span style=\"color: #000080;\">V\u00eddeos de l&#8217;escola<\/span><\/h3>\n<p style=\"text-align: justify;\"><a href=\"https:\/\/www.youtube.com\/watch?v=WmPS4FHPweM\" target=\"_blank\" rel=\"noopener noreferrer\"><img loading=\"lazy\" decoding=\"async\" class=\"wp-image-1825 alignleft\" src=\"https:\/\/agora.xtec.cat\/ceipcascavell\/wp-content\/uploads\/usu963\/2020\/04\/Enlla\u00e7-video-Tot-anir\u00e0-b\u00e9.png\" alt=\"\" width=\"243\" height=\"137\" srcset=\"https:\/\/agora.xtec.cat\/ceipcascavell\/wp-content\/uploads\/usu963\/2020\/04\/Enlla\u00e7-video-Tot-anir\u00e0-b\u00e9.png 757w, https:\/\/agora.xtec.cat\/ceipcascavell\/wp-content\/uploads\/usu963\/2020\/04\/Enlla\u00e7-video-Tot-anir\u00e0-b\u00e9-300x170.png 300w\" sizes=\"auto, (max-width: 243px) 100vw, 243px\" \/><\/a><\/p>\n<p style=\"text-align: justify;\"><em>&#8220;Aquest v\u00eddeo \u00e9s la manera que hem trobat, tot el personal de l\u2019Escola Cascavell, de fer-vos una abra\u00e7ada des de les nostres llars i potser, arrencar-vos un somriure\u2026&#8221;<\/em><\/p>\n<p style=\"text-align: justify;\">3 d&#8217;abril de 2020<\/p>\n<p>&nbsp;<\/p>\n<h3 style=\"text-align: justify;\"><span style=\"color: #000080;\">V\u00eddeos relacionats amb l&#8217;escola<\/span><\/h3>\n<p style=\"text-align: justify;\"><a href=\"https:\/\/www.youtube.com\/watch?v=lyU3TTvzIec\" target=\"_blank\" rel=\"noopener noreferrer\"><img loading=\"lazy\" decoding=\"async\" class=\"wp-image-1817 alignleft\" src=\"https:\/\/agora.xtec.cat\/ceipcascavell\/wp-content\/uploads\/usu963\/2020\/04\/Enlla\u00e7-video-Mina-i-Zosen-1.png\" alt=\"\" width=\"242\" height=\"138\" srcset=\"https:\/\/agora.xtec.cat\/ceipcascavell\/wp-content\/uploads\/usu963\/2020\/04\/Enlla\u00e7-video-Mina-i-Zosen-1.png 758w, https:\/\/agora.xtec.cat\/ceipcascavell\/wp-content\/uploads\/usu963\/2020\/04\/Enlla\u00e7-video-Mina-i-Zosen-1-300x171.png 300w\" sizes=\"auto, (max-width: 242px) 100vw, 242px\" \/><\/a><\/p>\n<p style=\"text-align: justify;\">Entrevista en angl\u00e8s a Mina Hamada i Zosen, els artistes urbans que van materialitzar a la paret de la nostra escola, en forma de grafiti, els dibuixos, idees i pensaments que els alumnes els van transmetre.<\/p>\n<p style=\"text-align: justify;\">10 de juny de 2019<\/p>\n<p>&nbsp;<\/p>\n<p style=\"text-align: justify;\"><a href=\"https:\/\/www.youtube.com\/watch?v=xXegixm1Mfs\" target=\"_blank\" rel=\"noopener noreferrer\"><img loading=\"lazy\" decoding=\"async\" class=\"wp-image-1823 alignleft\" src=\"https:\/\/agora.xtec.cat\/ceipcascavell\/wp-content\/uploads\/usu963\/2020\/04\/Enlla\u00e7-video-Angels.png\" alt=\"\" width=\"240\" height=\"135\" srcset=\"https:\/\/agora.xtec.cat\/ceipcascavell\/wp-content\/uploads\/usu963\/2020\/04\/Enlla\u00e7-video-Angels.png 762w, https:\/\/agora.xtec.cat\/ceipcascavell\/wp-content\/uploads\/usu963\/2020\/04\/Enlla\u00e7-video-Angels-300x169.png 300w\" sizes=\"auto, (max-width: 240px) 100vw, 240px\" \/><\/a> Xerrada entre l&#8217;\u00c0ngels P\u00e9rez, directora de la nostra escola, i el Juan Manuel Mart\u00edn, director del Casal dels Infants del Bes\u00f2s i la Mina, entitat que desenvolupa el servei &#8220;Entorn Escolar&#8221;.<\/p>\n<p style=\"text-align: justify;\">9 d&#8217;agost de 2018<\/p>\n<p>&nbsp;<\/p>\n","protected":false},"excerpt":{"rendered":"<p>V\u00eddeos de l&#8217;escola &#8220;Aquest v\u00eddeo \u00e9s la manera que hem trobat, tot el personal de l\u2019Escola Cascavell, de fer-vos una abra\u00e7ada des de les nostres llars i potser, arrencar-vos un somriure\u2026&#8221; 3 d&#8217;abril de 2020 &nbsp; V\u00eddeos relacionats amb l&#8217;escola Entrevista en angl\u00e8s a Mina Hamada i Zosen, els artistes urbans que van materialitzar a [&hellip;]<\/p>\n","protected":false},"author":1,"featured_media":0,"parent":0,"menu_order":0,"comment_status":"closed","ping_status":"closed","template":"page-templates\/side-menu.php","meta":{"_bbp_topic_count":0,"_bbp_reply_count":0,"_bbp_total_topic_count":0,"_bbp_total_reply_count":0,"_bbp_voice_count":0,"_bbp_anonymous_reply_count":0,"_bbp_topic_count_hidden":0,"_bbp_reply_count_hidden":0,"_bbp_forum_subforum_count":0,"site-sidebar-layout":"default","site-content-layout":"","ast-site-content-layout":"","site-content-style":"default","site-sidebar-style":"default","ast-global-header-display":"","ast-banner-title-visibility":"","ast-main-header-display":"","ast-hfb-above-header-display":"","ast-hfb-below-header-display":"","ast-hfb-mobile-header-display":"","site-post-title":"","ast-breadcrumbs-content":"","ast-featured-img":"","footer-sml-layout":"","theme-transparent-header-meta":"","adv-header-id-meta":"","stick-header-meta":"","header-above-stick-meta":"","header-main-stick-meta":"","header-below-stick-meta":"","astra-migrate-meta-layouts":"default","ast-page-background-enabled":"default","ast-page-background-meta":{"desktop":{"background-color":"var(--ast-global-color-4)","background-image":"","background-repeat":"repeat","background-position":"center center","background-size":"auto","background-attachment":"scroll","background-type":"","background-media":"","overlay-type":"","overlay-color":"","overlay-opacity":"","overlay-gradient":""},"tablet":{"background-color":"","background-image":"","background-repeat":"repeat","background-position":"center center","background-size":"auto","background-attachment":"scroll","background-type":"","background-media":"","overlay-type":"","overlay-color":"","overlay-opacity":"","overlay-gradient":""},"mobile":{"background-color":"","background-image":"","background-repeat":"repeat","background-position":"center center","background-size":"auto","background-attachment":"scroll","background-type":"","background-media":"","overlay-type":"","overlay-color":"","overlay-opacity":"","overlay-gradient":""}},"ast-content-background-meta":{"desktop":{"background-color":"var(--ast-global-color-5)","background-image":"","background-repeat":"repeat","background-position":"center center","background-size":"auto","background-attachment":"scroll","background-type":"","background-media":"","overlay-type":"","overlay-color":"","overlay-opacity":"","overlay-gradient":""},"tablet":{"background-color":"var(--ast-global-color-5)","background-image":"","background-repeat":"repeat","background-position":"center center","background-size":"auto","background-attachment":"scroll","background-type":"","background-media":"","overlay-type":"","overlay-color":"","overlay-opacity":"","overlay-gradient":""},"mobile":{"background-color":"var(--ast-global-color-5)","background-image":"","background-repeat":"repeat","background-position":"center center","background-size":"auto","background-attachment":"scroll","background-type":"","background-media":"","overlay-type":"","overlay-color":"","overlay-opacity":"","overlay-gradient":""}},"footnotes":""},"class_list":["post-1814","page","type-page","status-publish","hentry"],"post_mailing_queue_ids":[],"_links":{"self":[{"href":"https:\/\/agora.xtec.cat\/ceipcascavell\/wp-json\/wp\/v2\/pages\/1814","targetHints":{"allow":["GET"]}}],"collection":[{"href":"https:\/\/agora.xtec.cat\/ceipcascavell\/wp-json\/wp\/v2\/pages"}],"about":[{"href":"https:\/\/agora.xtec.cat\/ceipcascavell\/wp-json\/wp\/v2\/types\/page"}],"author":[{"embeddable":true,"href":"https:\/\/agora.xtec.cat\/ceipcascavell\/wp-json\/wp\/v2\/users\/1"}],"replies":[{"embeddable":true,"href":"https:\/\/agora.xtec.cat\/ceipcascavell\/wp-json\/wp\/v2\/comments?post=1814"}],"version-history":[{"count":3,"href":"https:\/\/agora.xtec.cat\/ceipcascavell\/wp-json\/wp\/v2\/pages\/1814\/revisions"}],"predecessor-version":[{"id":1829,"href":"https:\/\/agora.xtec.cat\/ceipcascavell\/wp-json\/wp\/v2\/pages\/1814\/revisions\/1829"}],"wp:attachment":[{"href":"https:\/\/agora.xtec.cat\/ceipcascavell\/wp-json\/wp\/v2\/media?parent=1814"}],"curies":[{"name":"wp","href":"https:\/\/api.w.org\/{rel}","templated":true}]}}

<h3 style="text-align: justify;"><span style="color: #000080;">Vídeos de l&#8217;escola</span></h3>
<p style="text-align: justify;"><a href="https://www.youtube.com/watch?v=WmPS4FHPweM" target="_blank" rel="noopener noreferrer"><img loading="lazy" decoding="async" class="wp-image-1825 alignleft" src="https://agora.xtec.cat/ceipcascavell/wp-content/uploads/usu963/2020/04/Enllaç-video-Tot-anirà-bé.png" alt="" width="243" height="137" srcset="https://agora.xtec.cat/ceipcascavell/wp-content/uploads/usu963/2020/04/Enllaç-video-Tot-anirà-bé.png 757w, https://agora.xtec.cat/ceipcascavell/wp-content/uploads/usu963/2020/04/Enllaç-video-Tot-anirà-bé-300x170.png 300w" sizes="auto, (max-width: 243px) 100vw, 243px" /></a></p>
<p style="text-align: justify;"><em>&#8220;Aquest vídeo és la manera que hem trobat, tot el personal de l’Escola Cascavell, de fer-vos una abraçada des de les nostres llars i potser, arrencar-vos un somriure…&#8221;</em></p>
<p style="text-align: justify;">3 d&#8217;abril de 2020</p>
<p>&nbsp;</p>
<h3 style="text-align: justify;"><span style="color: #000080;">Vídeos relacionats amb l&#8217;escola</span></h3>
<p style="text-align: justify;"><a href="https://www.youtube.com/watch?v=lyU3TTvzIec" target="_blank" rel="noopener noreferrer"><img loading="lazy" decoding="async" class="wp-image-1817 alignleft" src="https://agora.xtec.cat/ceipcascavell/wp-content/uploads/usu963/2020/04/Enllaç-video-Mina-i-Zosen-1.png" alt="" width="242" height="138" srcset="https://agora.xtec.cat/ceipcascavell/wp-content/uploads/usu963/2020/04/Enllaç-video-Mina-i-Zosen-1.png 758w, https://agora.xtec.cat/ceipcascavell/wp-content/uploads/usu963/2020/04/Enllaç-video-Mina-i-Zosen-1-300x171.png 300w" sizes="auto, (max-width: 242px) 100vw, 242px" /></a></p>
<p style="text-align: justify;">Entrevista en anglès a Mina Hamada i Zosen, els artistes urbans que van materialitzar a la paret de la nostra escola, en forma de grafiti, els dibuixos, idees i pensaments que els alumnes els van transmetre.</p>
<p style="text-align: justify;">10 de juny de 2019</p>
<p>&nbsp;</p>
<p style="text-align: justify;"><a href="https://www.youtube.com/watch?v=xXegixm1Mfs" target="_blank" rel="noopener noreferrer"><img loading="lazy" decoding="async" class="wp-image-1823 alignleft" src="https://agora.xtec.cat/ceipcascavell/wp-content/uploads/usu963/2020/04/Enllaç-video-Angels.png" alt="" width="240" height="135" srcset="https://agora.xtec.cat/ceipcascavell/wp-content/uploads/usu963/2020/04/Enllaç-video-Angels.png 762w, https://agora.xtec.cat/ceipcascavell/wp-content/uploads/usu963/2020/04/Enllaç-video-Angels-300x169.png 300w" sizes="auto, (max-width: 240px) 100vw, 240px" /></a> Xerrada entre l&#8217;Àngels Pérez, directora de la nostra escola, i el Juan Manuel Martín, director del Casal dels Infants del Besòs i la Mina, entitat que desenvolupa el servei &#8220;Entorn Escolar&#8221;.</p>
<p style="text-align: justify;">9 d&#8217;agost de 2018</p>
<p>&nbsp;</p>

<p>Vídeos de l&#8217;escola &#8220;Aquest vídeo és la manera que hem trobat, tot el personal de l’Escola Cascavell, de fer-vos una abraçada des de les nostres llars i potser, arrencar-vos un somriure…&#8221; 3 d&#8217;abril de 2020 &nbsp; Vídeos relacionats amb l&#8217;escola Entrevista en anglès a Mina Hamada i Zosen, els artistes urbans que van materialitzar a [&hellip;]</p>
