{"id":1244,"date":"2020-01-27T16:51:20","date_gmt":"2020-01-27T15:51:20","guid":{"rendered":"http:\/\/agora.xtec.cat\/ceipcascavell\/?page_id=1244"},"modified":"2024-02-24T12:06:00","modified_gmt":"2024-02-24T11:06:00","slug":"tallers","status":"publish","type":"page","link":"https:\/\/agora.xtec.cat\/ceipcascavell\/projecte-educatiu\/tallers\/","title":{"rendered":"Ambients\/Tallers"},"content":{"rendered":"<h3 style=\"text-align: justify;\"><span style=\"text-decoration: underline;\"><strong>Ambients a infantil:<\/strong><\/span><\/h3>\n<p style=\"text-align: justify;\"><span style=\"font-weight: 400;\">A infantil portem a terme la metodologia per <\/span><b>ambients d\u2019aprenentatge<\/b><span style=\"font-weight: 400;\"> on els infants gaudeixen d\u2019un entorn tem\u00e0tic amb diferents propostes per poder viure experi\u00e8ncies de forma aut\u00f2noma. \u00c9s una din\u00e0mica que permet als infants crear un vincle entre els companys\/es, comunicar-se, actuar, manipular, construir i sobretot, emocionar-se d\u2019all\u00f2 que estan explorant.\u00a0<\/span><\/p>\n<p style=\"text-align: justify;\"><span style=\"font-weight: 400;\">En definitiva, els ambients proporcionen un entorn ric i estimulant que afavoreix l&#8217;aprenentatge actiu, l\u2019exploraci\u00f3, la interacci\u00f3 social i la creativitat amb l&#8217;objectiu d\u2019estimular el desenvolupament integral dels infants.\u00a0<\/span><\/p>\n<p style=\"text-align: justify;\"><span style=\"font-weight: 400;\">La seva <\/span><b>din\u00e0mica<\/b><span style=\"font-weight: 400;\"> s\u2019organitza d\u2019acord a les necessitats i interessos de la comunitat de petits, sent 4 ambients de refer\u00e8ncia com: atelier (art\u00edstic), joc simb\u00f2lic, experimentaci\u00f3 i llum i natura. Podem gaudir dels ambients en la franja de la tarda dos dies a la setmana, dimarts i divendres. Durant aquestes sessions, acudeixen diferents grups heterogenis, barrejats per edats, de manera que les propostes que oferim estan pensades per els diferents nens i nenes de I3, I4 i I5 amb els seus moments evolutius. Cada setmana els infants passen per 2 ambients i d&#8217;aquesta manera ens assegurem que tots els infants passen al llarg del curs pels 4 ambients.<\/span><\/p>\n<p style=\"text-align: justify;\"><span style=\"font-weight: 400;\">Un aspecte fonamental \u00e9s la<\/span><b> prese\u0300ncia de l\u2019adult o de l\u2019adulta<\/b> <span style=\"font-weight: 400;\">durant aquesta franja.\u00a0 Durant els ambientes, els mestres s\u00f3n de vital import\u00e0ncia i ens converteixen en models de refer\u00e8ncia i guia, tot i que no ha d\u2019interferir en els desitjos i les necessitats dels infants. L&#8217;adult ha de posar la mirada cap a un acompanyament i suport dels infants, de manera que, inviti a l\u2019aprenentatge i la relaci\u00f3 del grup, l\u2019exploraci\u00f3 de l\u2019espai, els materials i les propostes.\u00a0\u00a0<\/span><\/p>\n<p style=\"text-align: justify;\"><span style=\"font-weight: 400;\">Per tant, a infantil tenim els seg\u00fcents ambientes d\u2019aprenentatge: <a href=\"https:\/\/agora.xtec.cat\/ceipcascavell\/wp-content\/uploads\/usu963\/2024\/02\/atelier.jpg\"><img loading=\"lazy\" decoding=\"async\" class=\" wp-image-3246 alignright\" src=\"https:\/\/agora.xtec.cat\/ceipcascavell\/wp-content\/uploads\/usu963\/2024\/02\/atelier-300x225.jpg\" alt=\"\" width=\"242\" height=\"181\" srcset=\"https:\/\/agora.xtec.cat\/ceipcascavell\/wp-content\/uploads\/usu963\/2024\/02\/atelier-300x225.jpg 300w, https:\/\/agora.xtec.cat\/ceipcascavell\/wp-content\/uploads\/usu963\/2024\/02\/atelier-1024x768.jpg 1024w, https:\/\/agora.xtec.cat\/ceipcascavell\/wp-content\/uploads\/usu963\/2024\/02\/atelier-768x576.jpg 768w, https:\/\/agora.xtec.cat\/ceipcascavell\/wp-content\/uploads\/usu963\/2024\/02\/atelier-1536x1152.jpg 1536w, https:\/\/agora.xtec.cat\/ceipcascavell\/wp-content\/uploads\/usu963\/2024\/02\/atelier-200x150.jpg 200w, https:\/\/agora.xtec.cat\/ceipcascavell\/wp-content\/uploads\/usu963\/2024\/02\/atelier.jpg 2048w\" sizes=\"auto, (max-width: 242px) 100vw, 242px\" \/><\/a><\/span><\/p>\n<ul style=\"text-align: justify;\">\n<li style=\"font-weight: 400;\" aria-level=\"1\"><b>Atelier: <\/b><span style=\"font-weight: 400;\">\u00e9s un espai dedicat a l\u2019expressi\u00f3 art\u00edstica, la investigaci\u00f3 i la creaci\u00f3. Aqu\u00ed els infants gaudeixen d\u2019un espai obert i flexible on poden explorar amb diferents materials, realitzar obres art\u00edstiques i expressar-se de manera lliure i creativa. Oferim als infants una gran varietat de materials com pintures de colors, ceres naturals, carbonets, fang, esponges, pinzells, i tamb\u00e9 materials reciclats com botons, boles, cart\u00f3, etc.\u00a0<\/span><\/li>\n<\/ul>\n<p style=\"text-align: justify;\"><i><span style=\"font-weight: 400;\">\u201cTots els infants neixen artistes. El problema \u00e9s com continuar seguint sent artistes quan creixen\u201d (Pablo Picasso)<a href=\"https:\/\/agora.xtec.cat\/ceipcascavell\/wp-content\/uploads\/usu963\/2024\/02\/llum-e1708507825840.jpg\"><img loading=\"lazy\" decoding=\"async\" class=\" wp-image-3248 alignright\" src=\"https:\/\/agora.xtec.cat\/ceipcascavell\/wp-content\/uploads\/usu963\/2024\/02\/llum-e1708507825840-261x300.jpg\" alt=\"\" width=\"180\" height=\"207\" srcset=\"https:\/\/agora.xtec.cat\/ceipcascavell\/wp-content\/uploads\/usu963\/2024\/02\/llum-e1708507825840-261x300.jpg 261w, https:\/\/agora.xtec.cat\/ceipcascavell\/wp-content\/uploads\/usu963\/2024\/02\/llum-e1708507825840-891x1024.jpg 891w, https:\/\/agora.xtec.cat\/ceipcascavell\/wp-content\/uploads\/usu963\/2024\/02\/llum-e1708507825840-768x882.jpg 768w, https:\/\/agora.xtec.cat\/ceipcascavell\/wp-content\/uploads\/usu963\/2024\/02\/llum-e1708507825840-1337x1536.jpg 1337w, https:\/\/agora.xtec.cat\/ceipcascavell\/wp-content\/uploads\/usu963\/2024\/02\/llum-e1708507825840.jpg 1500w\" sizes=\"auto, (max-width: 180px) 100vw, 180px\" \/><\/a><\/span><\/i><\/p>\n<ul style=\"text-align: justify;\">\n<li style=\"font-weight: 400;\" aria-level=\"1\"><b>Experimentaci\u00f3 i llum:<\/b><span style=\"font-weight: 400;\"> dissenyada per fomentar l\u2019exploraci\u00f3 cient\u00edfica i l\u2019aprenentatge basat en la investigaci\u00f3. Aquest espai est\u00e0 creat amb propostes cient\u00edfiques i sensorials on els infants troben diferents materials com s\u00f3n safates amb elements (llegums, sorra, farina\u2026), perfums i algunes eines. Tamb\u00e9, disposen d\u2019una sala de llum on la foscor \u00e9s l\u2019element necessari perqu\u00e8 els infants puguin experimentar amb les llums i ombres amb materials transl\u00facids, taula de llum, retroprojector, llanterners, etc.\u00a0<\/span><\/li>\n<\/ul>\n<ul style=\"text-align: justify;\">\n<li style=\"font-weight: 400;\" aria-level=\"1\"><b>Joc simb\u00f2lic:<\/b><span style=\"font-weight: 400;\"> \u00e9s un espai de descobertes i aprenentatges <a href=\"https:\/\/agora.xtec.cat\/ceipcascavell\/wp-content\/uploads\/usu963\/2024\/02\/exploracio-e1708507930415.jpg\"><img loading=\"lazy\" decoding=\"async\" class=\" wp-image-3247 alignright\" src=\"https:\/\/agora.xtec.cat\/ceipcascavell\/wp-content\/uploads\/usu963\/2024\/02\/exploracio-e1708507930415-271x300.jpg\" alt=\"\" width=\"217\" height=\"241\" srcset=\"https:\/\/agora.xtec.cat\/ceipcascavell\/wp-content\/uploads\/usu963\/2024\/02\/exploracio-e1708507930415-271x300.jpg 271w, https:\/\/agora.xtec.cat\/ceipcascavell\/wp-content\/uploads\/usu963\/2024\/02\/exploracio-e1708507930415-924x1024.jpg 924w, https:\/\/agora.xtec.cat\/ceipcascavell\/wp-content\/uploads\/usu963\/2024\/02\/exploracio-e1708507930415-768x851.jpg 768w, https:\/\/agora.xtec.cat\/ceipcascavell\/wp-content\/uploads\/usu963\/2024\/02\/exploracio-e1708507930415.jpg 1200w\" sizes=\"auto, (max-width: 217px) 100vw, 217px\" \/><\/a>per als infants on tenen la possibilitat de con\u00e8ixer qui \u00e9s, qu\u00e8 representa i qu\u00e8 vol ser, sent un element fonamental per a la construcci\u00f3 del m\u00f3n internet de l\u2019infant. Aquest espai permet a l\u2019infant viure situacions quotidianes i pr\u00f2pies de la seva vida. A infantil proposem cada trimestre dues viv\u00e8ncies com s\u00f3n:<\/span><\/li>\n<\/ul>\n<ul>\n<li style=\"font-weight: 400;\" aria-level=\"1\"><span style=\"font-weight: 400;\"><span style=\"text-decoration: underline;\">1r trimestre:<\/span> supermercat i casa.\u00a0<\/span><\/li>\n<li style=\"font-weight: 400;\" aria-level=\"1\"><span style=\"font-weight: 400;\"><span style=\"text-decoration: underline;\">2n trimestre:<\/span> disfresses i teatres de titelles.<\/span><\/li>\n<li style=\"font-weight: 400;\" aria-level=\"1\"><span style=\"font-weight: 400;\"><span style=\"text-decoration: underline;\">3r trimestre:<\/span> mec\u00e0nic i metges.<\/span><\/li>\n<\/ul>\n<ul>\n<li style=\"text-align: justify;\"><b><span style=\"font-weight: 400;\"><a href=\"https:\/\/agora.xtec.cat\/ceipcascavell\/wp-content\/uploads\/usu963\/2024\/02\/natura-scaled-e1708508532945.jpg\"><img loading=\"lazy\" decoding=\"async\" class=\" wp-image-3249 alignleft\" src=\"https:\/\/agora.xtec.cat\/ceipcascavell\/wp-content\/uploads\/usu963\/2024\/02\/natura-scaled-e1708508532945-182x300.jpg\" alt=\"\" width=\"116\" height=\"191\" srcset=\"https:\/\/agora.xtec.cat\/ceipcascavell\/wp-content\/uploads\/usu963\/2024\/02\/natura-scaled-e1708508532945-182x300.jpg 182w, https:\/\/agora.xtec.cat\/ceipcascavell\/wp-content\/uploads\/usu963\/2024\/02\/natura-scaled-e1708508532945-622x1024.jpg 622w, https:\/\/agora.xtec.cat\/ceipcascavell\/wp-content\/uploads\/usu963\/2024\/02\/natura-scaled-e1708508532945-768x1264.jpg 768w, https:\/\/agora.xtec.cat\/ceipcascavell\/wp-content\/uploads\/usu963\/2024\/02\/natura-scaled-e1708508532945-934x1536.jpg 934w, https:\/\/agora.xtec.cat\/ceipcascavell\/wp-content\/uploads\/usu963\/2024\/02\/natura-scaled-e1708508532945.jpg 1156w\" sizes=\"auto, (max-width: 116px) 100vw, 116px\" \/><\/a><\/span>Natura: <\/b><span style=\"font-weight: 400;\">\u00e9s un espai clau per poder donar import\u00e0ncia a l\u2019entorn natural\u00a0 i crear una connexi\u00f3 amb la naturalesa. A l\u2019escola els infants tenen l\u2019oportunitat de poder trobar espais verds amb plantes, arbres, troncs i tamb\u00e9 un hort i jard\u00ed vertical d\u2019herbes arom\u00e0tiques. Aqu\u00ed els nens i nenes d\u2019infantil gaudeixen del contacte amb els insectes, la plantaci\u00f3 de llavors, regar les plantes o l&#8217;exploraci\u00f3 amb les lupes.<\/span><\/li>\n<\/ul>\n<h3><\/h3>\n<h3><\/h3>\n<h3 style=\"text-align: justify;\"><span style=\"text-decoration: underline;\"><strong>Tallers a prim\u00e0ria:<\/strong><\/span><\/h3>\n<p style=\"text-align: justify;\">Cada cicle a les tardes, dos dies a la setmana, es barregen alumnes amb tres grups.<\/p>\n<p style=\"text-align: justify;\">Cada grup durant 4 sessions fa un dels tallers que es proposa.<\/p>\n<ul style=\"text-align: justify;\">\n<li><strong>Taller Art\u00edstic:<\/strong> en aquest taller es vol potenciar la creativitat dels infants mitjan\u00e7ant les diferents t\u00e8cniques art\u00edstiques sortint dels artistes m\u00e9s habituals.<\/li>\n<\/ul>\n<ul style=\"text-align: justify;\">\n<li><strong>Taller ling\u00fc\u00edstic:<\/strong> donem molta import\u00e0ncia a la llengua catalana i a la seva expressi\u00f3. Per aquest motiu, a trav\u00e9s de l&#8217;Enrola&#8217;t, curtes representacions, els diferents grups aprenen vocabulari i noves expressions.<\/li>\n<\/ul>\n<ul style=\"text-align: justify;\">\n<li style=\"text-align: justify;\"><strong>Taller cient\u00edfic \/ <a href=\"https:\/\/educambientcoop.wixsite.com\/educa\">Educambient<\/a>:<\/strong> mitjan\u00e7ant el m\u00e8tode cient\u00edfic els alumnes observen, formulen hip\u00f2tesis, experimenten i extreuen conclusions per tal d&#8217;elaborar les seves pr\u00f2pies teories. Tamb\u00e9 alternem aquest taller per treballar el projecte proposat des d&#8217;Educambient per conscienciar i sensibilitzar als nostres alumnes en la import\u00e0ncia de respectar i tenir cura del medi ambient.<\/li>\n<\/ul>\n<p style=\"text-align: justify;\">\r\n\t<div class=\"slideshow_container slideshow_container_style-light\" style=\"height: 300px; \" data-slideshow-id=\"3225\" data-style-name=\"style-light\" data-style-version=\"2.3.1\" >\r\n\r\n\t\t\t\t\t<div class=\"slideshow_loading_icon\"><\/div>\r\n\t\t\r\n\t\t<div class=\"slideshow_content\" style=\"display: none;\">\r\n\r\n\t\t\t<div class=\"slideshow_view\">\r\n\t\t\t\t<div class=\"slideshow_slide slideshow_slide_image\">\r\n\t\t\t\t\t\t\t\t\t\t\t<img src=\"https:\/\/agora.xtec.cat\/ceipcascavell\/wp-content\/uploads\/usu963\/2024\/02\/taller-cient3.jpg\" alt=\"taller cient3\" width=\"1200\" height=\"1600\" \/>\r\n\t\t\t\t\t\t\t\t\t\t<div class=\"slideshow_description_box slideshow_transparent\">\r\n\t\t\t\t\t\t<div class=\"slideshow_title\">taller cient3<\/div>\t\t\t\t\t\t\t\t\t\t\t<\/div>\r\n\t\t\t\t<\/div>\r\n\r\n\t\t\t\t\t\t<div style=\"clear: both;\"><\/div><\/div><div class=\"slideshow_view\">\r\n\t\t\t\t<div class=\"slideshow_slide slideshow_slide_image\">\r\n\t\t\t\t\t\t\t\t\t\t\t<img src=\"https:\/\/agora.xtec.cat\/ceipcascavell\/wp-content\/uploads\/usu963\/2024\/02\/taller-cient4.jpg\" alt=\"taller cient4\" width=\"1200\" height=\"1600\" \/>\r\n\t\t\t\t\t\t\t\t\t\t<div class=\"slideshow_description_box slideshow_transparent\">\r\n\t\t\t\t\t\t<div class=\"slideshow_title\">taller cient4<\/div>\t\t\t\t\t\t\t\t\t\t\t<\/div>\r\n\t\t\t\t<\/div>\r\n\r\n\t\t\t\t\t\t<div style=\"clear: both;\"><\/div><\/div><div class=\"slideshow_view\">\r\n\t\t\t\t<div class=\"slideshow_slide slideshow_slide_image\">\r\n\t\t\t\t\t\t\t\t\t\t\t<img src=\"https:\/\/agora.xtec.cat\/ceipcascavell\/wp-content\/uploads\/usu963\/2024\/02\/taller-cient2-scaled.jpg\" alt=\"taller cient2\" width=\"1181\" height=\"2560\" \/>\r\n\t\t\t\t\t\t\t\t\t\t<div class=\"slideshow_description_box slideshow_transparent\">\r\n\t\t\t\t\t\t<div class=\"slideshow_title\">taller cient2<\/div>\t\t\t\t\t\t\t\t\t\t\t<\/div>\r\n\t\t\t\t<\/div>\r\n\r\n\t\t\t\t\t\t<div style=\"clear: both;\"><\/div><\/div><div class=\"slideshow_view\">\r\n\t\t\t\t<div class=\"slideshow_slide slideshow_slide_image\">\r\n\t\t\t\t\t\t\t\t\t\t\t<img src=\"https:\/\/agora.xtec.cat\/ceipcascavell\/wp-content\/uploads\/usu963\/2024\/02\/taller-cient1-scaled.jpg\" alt=\"taller cient1\" width=\"1181\" height=\"2560\" \/>\r\n\t\t\t\t\t\t\t\t\t\t<div class=\"slideshow_description_box slideshow_transparent\">\r\n\t\t\t\t\t\t<div class=\"slideshow_title\">taller cient1<\/div>\t\t\t\t\t\t\t\t\t\t\t<\/div>\r\n\t\t\t\t<\/div>\r\n\r\n\t\t\t\t\t\t<div style=\"clear: both;\"><\/div><\/div><div class=\"slideshow_view\">\r\n\t\t\t\t<div class=\"slideshow_slide slideshow_slide_image\">\r\n\t\t\t\t\t\t\t\t\t\t\t<img src=\"https:\/\/agora.xtec.cat\/ceipcascavell\/wp-content\/uploads\/usu963\/2024\/02\/taller-cient-scaled.jpg\" alt=\"taller cient\" width=\"1181\" height=\"2560\" \/>\r\n\t\t\t\t\t\t\t\t\t\t<div class=\"slideshow_description_box slideshow_transparent\">\r\n\t\t\t\t\t\t<div class=\"slideshow_title\">taller cient<\/div>\t\t\t\t\t\t\t\t\t\t\t<\/div>\r\n\t\t\t\t<\/div>\r\n\r\n\t\t\t\t\t\t<div style=\"clear: both;\"><\/div><\/div><div class=\"slideshow_view\">\r\n\t\t\t\t<div class=\"slideshow_slide slideshow_slide_image\">\r\n\t\t\t\t\t\t\t\t\t\t\t<img src=\"https:\/\/agora.xtec.cat\/ceipcascavell\/wp-content\/uploads\/usu963\/2024\/02\/Taller-artistic-1-scaled.jpg\" alt=\"Taller art\u00edstic (1)\" width=\"2560\" height=\"1920\" \/>\r\n\t\t\t\t\t\t\t\t\t\t<div class=\"slideshow_description_box slideshow_transparent\">\r\n\t\t\t\t\t\t<div class=\"slideshow_title\">Taller art\u00edstic (1)<\/div>\t\t\t\t\t\t\t\t\t\t\t<\/div>\r\n\t\t\t\t<\/div>\r\n\r\n\t\t\t\t\t\t<div style=\"clear: both;\"><\/div><\/div><div class=\"slideshow_view\">\r\n\t\t\t\t<div class=\"slideshow_slide slideshow_slide_image\">\r\n\t\t\t\t\t\t\t\t\t\t\t<img src=\"https:\/\/agora.xtec.cat\/ceipcascavell\/wp-content\/uploads\/usu963\/2024\/02\/Taller-artistic--scaled.jpg\" alt=\"Taller art\u00edstic\" width=\"2560\" height=\"1920\" \/>\r\n\t\t\t\t\t\t\t\t\t\t<div class=\"slideshow_description_box slideshow_transparent\">\r\n\t\t\t\t\t\t<div class=\"slideshow_title\">Taller art\u00edstic<\/div>\t\t\t\t\t\t\t\t\t\t\t<\/div>\r\n\t\t\t\t<\/div>\r\n\r\n\t\t\t\t\t\t<div style=\"clear: both;\"><\/div><\/div>\r\n\t\t<\/div>\r\n\r\n\t\t<div class=\"slideshow_controlPanel slideshow_transparent\" style=\"display: none;\"><ul><li class=\"slideshow_togglePlay\" data-play-text=\"Visualitza\" data-pause-text=\"Pausa\"><\/li><\/ul><\/div>\r\n\r\n\t\t<div class=\"slideshow_button slideshow_previous slideshow_transparent\" role=\"button\" data-previous-text=\"Anterior\" style=\"display: none;\"><\/div>\r\n\t\t<div class=\"slideshow_button slideshow_next slideshow_transparent\" role=\"button\" data-next-text=\"Seg\u00fcent\" style=\"display: none;\"><\/div>\r\n\r\n\t\t<div class=\"slideshow_pagination\" style=\"display: none;\" data-go-to-text=\"V\u00e9s a la diapositiva\"><div class=\"slideshow_pagination_center\"><\/div><\/div>\r\n\r\n\t\t<!-- WordPress Slideshow Version 2.3.1 -->\r\n\r\n\t\t\t<\/div>\r\n\r\n<\/p>\n","protected":false},"excerpt":{"rendered":"<p>Ambients a infantil: A infantil portem a terme la metodologia per ambients d\u2019aprenentatge on els infants gaudeixen d\u2019un entorn tem\u00e0tic amb diferents propostes per poder viure experi\u00e8ncies de forma aut\u00f2noma. \u00c9s una din\u00e0mica que permet als infants crear un vincle entre els companys\/es, comunicar-se, actuar, manipular, construir i sobretot, emocionar-se d\u2019all\u00f2 que estan explorant.\u00a0 En [&hellip;]<\/p>\n","protected":false},"author":1,"featured_media":0,"parent":64,"menu_order":8,"comment_status":"closed","ping_status":"closed","template":"page-templates\/side-menu.php","meta":{"_bbp_topic_count":0,"_bbp_reply_count":0,"_bbp_total_topic_count":0,"_bbp_total_reply_count":0,"_bbp_voice_count":0,"_bbp_anonymous_reply_count":0,"_bbp_topic_count_hidden":0,"_bbp_reply_count_hidden":0,"_bbp_forum_subforum_count":0,"site-sidebar-layout":"default","site-content-layout":"","ast-site-content-layout":"","site-content-style":"default","site-sidebar-style":"default","ast-global-header-display":"","ast-banner-title-visibility":"","ast-main-header-display":"","ast-hfb-above-header-display":"","ast-hfb-below-header-display":"","ast-hfb-mobile-header-display":"","site-post-title":"","ast-breadcrumbs-content":"","ast-featured-img":"","footer-sml-layout":"","theme-transparent-header-meta":"","adv-header-id-meta":"","stick-header-meta":"","header-above-stick-meta":"","header-main-stick-meta":"","header-below-stick-meta":"","astra-migrate-meta-layouts":"default","ast-page-background-enabled":"default","ast-page-background-meta":{"desktop":{"background-color":"var(--ast-global-color-4)","background-image":"","background-repeat":"repeat","background-position":"center center","background-size":"auto","background-attachment":"scroll","background-type":"","background-media":"","overlay-type":"","overlay-color":"","overlay-opacity":"","overlay-gradient":""},"tablet":{"background-color":"","background-image":"","background-repeat":"repeat","background-position":"center center","background-size":"auto","background-attachment":"scroll","background-type":"","background-media":"","overlay-type":"","overlay-color":"","overlay-opacity":"","overlay-gradient":""},"mobile":{"background-color":"","background-image":"","background-repeat":"repeat","background-position":"center center","background-size":"auto","background-attachment":"scroll","background-type":"","background-media":"","overlay-type":"","overlay-color":"","overlay-opacity":"","overlay-gradient":""}},"ast-content-background-meta":{"desktop":{"background-color":"var(--ast-global-color-5)","background-image":"","background-repeat":"repeat","background-position":"center center","background-size":"auto","background-attachment":"scroll","background-type":"","background-media":"","overlay-type":"","overlay-color":"","overlay-opacity":"","overlay-gradient":""},"tablet":{"background-color":"var(--ast-global-color-5)","background-image":"","background-repeat":"repeat","background-position":"center center","background-size":"auto","background-attachment":"scroll","background-type":"","background-media":"","overlay-type":"","overlay-color":"","overlay-opacity":"","overlay-gradient":""},"mobile":{"background-color":"var(--ast-global-color-5)","background-image":"","background-repeat":"repeat","background-position":"center center","background-size":"auto","background-attachment":"scroll","background-type":"","background-media":"","overlay-type":"","overlay-color":"","overlay-opacity":"","overlay-gradient":""}},"footnotes":""},"class_list":["post-1244","page","type-page","status-publish","hentry"],"post_mailing_queue_ids":[],"_links":{"self":[{"href":"https:\/\/agora.xtec.cat\/ceipcascavell\/wp-json\/wp\/v2\/pages\/1244","targetHints":{"allow":["GET"]}}],"collection":[{"href":"https:\/\/agora.xtec.cat\/ceipcascavell\/wp-json\/wp\/v2\/pages"}],"about":[{"href":"https:\/\/agora.xtec.cat\/ceipcascavell\/wp-json\/wp\/v2\/types\/page"}],"author":[{"embeddable":true,"href":"https:\/\/agora.xtec.cat\/ceipcascavell\/wp-json\/wp\/v2\/users\/1"}],"replies":[{"embeddable":true,"href":"https:\/\/agora.xtec.cat\/ceipcascavell\/wp-json\/wp\/v2\/comments?post=1244"}],"version-history":[{"count":8,"href":"https:\/\/agora.xtec.cat\/ceipcascavell\/wp-json\/wp\/v2\/pages\/1244\/revisions"}],"predecessor-version":[{"id":3273,"href":"https:\/\/agora.xtec.cat\/ceipcascavell\/wp-json\/wp\/v2\/pages\/1244\/revisions\/3273"}],"up":[{"embeddable":true,"href":"https:\/\/agora.xtec.cat\/ceipcascavell\/wp-json\/wp\/v2\/pages\/64"}],"wp:attachment":[{"href":"https:\/\/agora.xtec.cat\/ceipcascavell\/wp-json\/wp\/v2\/media?parent=1244"}],"curies":[{"name":"wp","href":"https:\/\/api.w.org\/{rel}","templated":true}]}}