{"id":1236,"date":"2020-01-27T16:49:56","date_gmt":"2020-01-27T15:49:56","guid":{"rendered":"http:\/\/agora.xtec.cat\/ceipcascavell\/?page_id=1236"},"modified":"2024-02-18T10:35:53","modified_gmt":"2024-02-18T09:35:53","slug":"projecte-cueme","status":"publish","type":"page","link":"https:\/\/agora.xtec.cat\/ceipcascavell\/projecte-educatiu\/projecte-cueme\/","title":{"rendered":"Projecte CUEME"},"content":{"rendered":"<p style=\"text-align: justify;\">Cada curs l\u2019alumnat de 6\u00e8 forma part d\u2019un projecte educatiu proposat \u00a0<a href=\"https:\/\/agora.xtec.cat\/ceipcascavell\/wp-content\/uploads\/usu963\/2024\/02\/cueme4-scaled-e1707653939850.jpg\"><img loading=\"lazy\" decoding=\"async\" class=\" wp-image-3165 alignright\" src=\"https:\/\/agora.xtec.cat\/ceipcascavell\/wp-content\/uploads\/usu963\/2024\/02\/cueme4-scaled-e1707653939850-285x300.jpg\" alt=\"\" width=\"223\" height=\"235\" srcset=\"https:\/\/agora.xtec.cat\/ceipcascavell\/wp-content\/uploads\/usu963\/2024\/02\/cueme4-scaled-e1707653939850-285x300.jpg 285w, https:\/\/agora.xtec.cat\/ceipcascavell\/wp-content\/uploads\/usu963\/2024\/02\/cueme4-scaled-e1707653939850-974x1024.jpg 974w, https:\/\/agora.xtec.cat\/ceipcascavell\/wp-content\/uploads\/usu963\/2024\/02\/cueme4-scaled-e1707653939850-768x807.jpg 768w, https:\/\/agora.xtec.cat\/ceipcascavell\/wp-content\/uploads\/usu963\/2024\/02\/cueme4-scaled-e1707653939850.jpg 1440w\" sizes=\"auto, (max-width: 223px) 100vw, 223px\" \/><\/a>i liderat per l\u2019<a href=\"https:\/\/www.sant-adria.cat\/\">ajuntament de Sant Adri\u00e0 del Bes\u00f2s<\/a> anomenat \u201c<a href=\"https:\/\/www.diba.cat\/web\/cueme\/curs-2023-2024\">Emprendre a l\u2019escola<\/a>\u201d. Aquest projecte est\u00e0 dissenyat per fomentar la cultura emprenedora a trav\u00e9s de diferents propostes did\u00e0ctiques i activitats l\u00fadiques. Els nois i noies crearan la seva pr\u00f2pia empresa, dissenyaran i elaboraran els seus productes i els posaran a la venda havent fet pr\u00e8viament un estudi de mercat. Amb els diners que es guanyen es fa un donatiu a una ONG o Entitat sense \u00e0nim de lucre. El treball cooperatiu entre les diferents entitats del barri, ajuden a fer cr\u00e9ixer el projecte de comunitat.<\/p>\n<p>&nbsp;<\/p>\n<table style=\"border-collapse: collapse; width: 100%;\">\n<tbody>\n<tr>\n<td style=\"width: 50%;\"><a href=\"https:\/\/agora.xtec.cat\/ceipcascavell\/wp-content\/uploads\/usu963\/2024\/02\/cueme1-scaled.jpg\"><img loading=\"lazy\" decoding=\"async\" class=\"aligncenter size-medium wp-image-3167\" src=\"https:\/\/agora.xtec.cat\/ceipcascavell\/wp-content\/uploads\/usu963\/2024\/02\/cueme1-300x169.jpg\" alt=\"\" width=\"300\" height=\"169\" srcset=\"https:\/\/agora.xtec.cat\/ceipcascavell\/wp-content\/uploads\/usu963\/2024\/02\/cueme1-300x169.jpg 300w, https:\/\/agora.xtec.cat\/ceipcascavell\/wp-content\/uploads\/usu963\/2024\/02\/cueme1-1024x576.jpg 1024w, https:\/\/agora.xtec.cat\/ceipcascavell\/wp-content\/uploads\/usu963\/2024\/02\/cueme1-768x432.jpg 768w, https:\/\/agora.xtec.cat\/ceipcascavell\/wp-content\/uploads\/usu963\/2024\/02\/cueme1-1536x864.jpg 1536w, https:\/\/agora.xtec.cat\/ceipcascavell\/wp-content\/uploads\/usu963\/2024\/02\/cueme1-2048x1152.jpg 2048w\" sizes=\"auto, (max-width: 300px) 100vw, 300px\" \/><\/a><\/td>\n<td style=\"width: 50%;\"><a href=\"https:\/\/agora.xtec.cat\/ceipcascavell\/wp-content\/uploads\/usu963\/2024\/02\/Cueme5-scaled.jpg\"><img loading=\"lazy\" decoding=\"async\" class=\"aligncenter size-medium wp-image-3209\" src=\"https:\/\/agora.xtec.cat\/ceipcascavell\/wp-content\/uploads\/usu963\/2024\/02\/Cueme5-300x169.jpg\" alt=\"\" width=\"300\" height=\"169\" srcset=\"https:\/\/agora.xtec.cat\/ceipcascavell\/wp-content\/uploads\/usu963\/2024\/02\/Cueme5-300x169.jpg 300w, https:\/\/agora.xtec.cat\/ceipcascavell\/wp-content\/uploads\/usu963\/2024\/02\/Cueme5-1024x576.jpg 1024w, https:\/\/agora.xtec.cat\/ceipcascavell\/wp-content\/uploads\/usu963\/2024\/02\/Cueme5-768x432.jpg 768w, https:\/\/agora.xtec.cat\/ceipcascavell\/wp-content\/uploads\/usu963\/2024\/02\/Cueme5-1536x864.jpg 1536w, https:\/\/agora.xtec.cat\/ceipcascavell\/wp-content\/uploads\/usu963\/2024\/02\/Cueme5-2048x1152.jpg 2048w\" sizes=\"auto, (max-width: 300px) 100vw, 300px\" \/><\/a><\/td>\n<\/tr>\n<\/tbody>\n<\/table>\n<p>&nbsp;<\/p>\n","protected":false},"excerpt":{"rendered":"<p>Cada curs l\u2019alumnat de 6\u00e8 forma part d\u2019un projecte educatiu proposat \u00a0i liderat per l\u2019ajuntament de Sant Adri\u00e0 del Bes\u00f2s anomenat \u201cEmprendre a l\u2019escola\u201d. Aquest projecte est\u00e0 dissenyat per fomentar la cultura emprenedora a trav\u00e9s de diferents propostes did\u00e0ctiques i activitats l\u00fadiques. Els nois i noies crearan la seva pr\u00f2pia empresa, dissenyaran i elaboraran els [&hellip;]<\/p>\n","protected":false},"author":1,"featured_media":0,"parent":64,"menu_order":7,"comment_status":"closed","ping_status":"closed","template":"page-templates\/side-menu.php","meta":{"_bbp_topic_count":0,"_bbp_reply_count":0,"_bbp_total_topic_count":0,"_bbp_total_reply_count":0,"_bbp_voice_count":0,"_bbp_anonymous_reply_count":0,"_bbp_topic_count_hidden":0,"_bbp_reply_count_hidden":0,"_bbp_forum_subforum_count":0,"site-sidebar-layout":"default","site-content-layout":"","ast-site-content-layout":"","site-content-style":"default","site-sidebar-style":"default","ast-global-header-display":"","ast-banner-title-visibility":"","ast-main-header-display":"","ast-hfb-above-header-display":"","ast-hfb-below-header-display":"","ast-hfb-mobile-header-display":"","site-post-title":"","ast-breadcrumbs-content":"","ast-featured-img":"","footer-sml-layout":"","theme-transparent-header-meta":"","adv-header-id-meta":"","stick-header-meta":"","header-above-stick-meta":"","header-main-stick-meta":"","header-below-stick-meta":"","astra-migrate-meta-layouts":"default","ast-page-background-enabled":"default","ast-page-background-meta":{"desktop":{"background-color":"var(--ast-global-color-4)","background-image":"","background-repeat":"repeat","background-position":"center center","background-size":"auto","background-attachment":"scroll","background-type":"","background-media":"","overlay-type":"","overlay-color":"","overlay-opacity":"","overlay-gradient":""},"tablet":{"background-color":"","background-image":"","background-repeat":"repeat","background-position":"center center","background-size":"auto","background-attachment":"scroll","background-type":"","background-media":"","overlay-type":"","overlay-color":"","overlay-opacity":"","overlay-gradient":""},"mobile":{"background-color":"","background-image":"","background-repeat":"repeat","background-position":"center center","background-size":"auto","background-attachment":"scroll","background-type":"","background-media":"","overlay-type":"","overlay-color":"","overlay-opacity":"","overlay-gradient":""}},"ast-content-background-meta":{"desktop":{"background-color":"var(--ast-global-color-5)","background-image":"","background-repeat":"repeat","background-position":"center center","background-size":"auto","background-attachment":"scroll","background-type":"","background-media":"","overlay-type":"","overlay-color":"","overlay-opacity":"","overlay-gradient":""},"tablet":{"background-color":"var(--ast-global-color-5)","background-image":"","background-repeat":"repeat","background-position":"center center","background-size":"auto","background-attachment":"scroll","background-type":"","background-media":"","overlay-type":"","overlay-color":"","overlay-opacity":"","overlay-gradient":""},"mobile":{"background-color":"var(--ast-global-color-5)","background-image":"","background-repeat":"repeat","background-position":"center center","background-size":"auto","background-attachment":"scroll","background-type":"","background-media":"","overlay-type":"","overlay-color":"","overlay-opacity":"","overlay-gradient":""}},"footnotes":""},"class_list":["post-1236","page","type-page","status-publish","hentry"],"post_mailing_queue_ids":[],"_links":{"self":[{"href":"https:\/\/agora.xtec.cat\/ceipcascavell\/wp-json\/wp\/v2\/pages\/1236","targetHints":{"allow":["GET"]}}],"collection":[{"href":"https:\/\/agora.xtec.cat\/ceipcascavell\/wp-json\/wp\/v2\/pages"}],"about":[{"href":"https:\/\/agora.xtec.cat\/ceipcascavell\/wp-json\/wp\/v2\/types\/page"}],"author":[{"embeddable":true,"href":"https:\/\/agora.xtec.cat\/ceipcascavell\/wp-json\/wp\/v2\/users\/1"}],"replies":[{"embeddable":true,"href":"https:\/\/agora.xtec.cat\/ceipcascavell\/wp-json\/wp\/v2\/comments?post=1236"}],"version-history":[{"count":7,"href":"https:\/\/agora.xtec.cat\/ceipcascavell\/wp-json\/wp\/v2\/pages\/1236\/revisions"}],"predecessor-version":[{"id":3211,"href":"https:\/\/agora.xtec.cat\/ceipcascavell\/wp-json\/wp\/v2\/pages\/1236\/revisions\/3211"}],"up":[{"embeddable":true,"href":"https:\/\/agora.xtec.cat\/ceipcascavell\/wp-json\/wp\/v2\/pages\/64"}],"wp:attachment":[{"href":"https:\/\/agora.xtec.cat\/ceipcascavell\/wp-json\/wp\/v2\/media?parent=1236"}],"curies":[{"name":"wp","href":"https:\/\/api.w.org\/{rel}","templated":true}]}}

<p style="text-align: justify;">Cada curs l’alumnat de 6è forma part d’un projecte educatiu proposat  <a href="https://agora.xtec.cat/ceipcascavell/wp-content/uploads/usu963/2024/02/cueme4-scaled-e1707653939850.jpg"><img loading="lazy" decoding="async" class=" wp-image-3165 alignright" src="https://agora.xtec.cat/ceipcascavell/wp-content/uploads/usu963/2024/02/cueme4-scaled-e1707653939850-285x300.jpg" alt="" width="223" height="235" srcset="https://agora.xtec.cat/ceipcascavell/wp-content/uploads/usu963/2024/02/cueme4-scaled-e1707653939850-285x300.jpg 285w, https://agora.xtec.cat/ceipcascavell/wp-content/uploads/usu963/2024/02/cueme4-scaled-e1707653939850-974x1024.jpg 974w, https://agora.xtec.cat/ceipcascavell/wp-content/uploads/usu963/2024/02/cueme4-scaled-e1707653939850-768x807.jpg 768w, https://agora.xtec.cat/ceipcascavell/wp-content/uploads/usu963/2024/02/cueme4-scaled-e1707653939850.jpg 1440w" sizes="auto, (max-width: 223px) 100vw, 223px" /></a>i liderat per l’<a href="https://www.sant-adria.cat/">ajuntament de Sant Adrià del Besòs</a> anomenat “<a href="https://www.diba.cat/web/cueme/curs-2023-2024">Emprendre a l’escola</a>”. Aquest projecte està dissenyat per fomentar la cultura emprenedora a través de diferents propostes didàctiques i activitats lúdiques. Els nois i noies crearan la seva pròpia empresa, dissenyaran i elaboraran els seus productes i els posaran a la venda havent fet prèviament un estudi de mercat. Amb els diners que es guanyen es fa un donatiu a una ONG o Entitat sense ànim de lucre. El treball cooperatiu entre les diferents entitats del barri, ajuden a fer créixer el projecte de comunitat.</p>
<p>&nbsp;</p>
<table style="border-collapse: collapse; width: 100%;">
<tbody>
<tr>
<td style="width: 50%;"><a href="https://agora.xtec.cat/ceipcascavell/wp-content/uploads/usu963/2024/02/cueme1-scaled.jpg"><img loading="lazy" decoding="async" class="aligncenter size-medium wp-image-3167" src="https://agora.xtec.cat/ceipcascavell/wp-content/uploads/usu963/2024/02/cueme1-300x169.jpg" alt="" width="300" height="169" srcset="https://agora.xtec.cat/ceipcascavell/wp-content/uploads/usu963/2024/02/cueme1-300x169.jpg 300w, https://agora.xtec.cat/ceipcascavell/wp-content/uploads/usu963/2024/02/cueme1-1024x576.jpg 1024w, https://agora.xtec.cat/ceipcascavell/wp-content/uploads/usu963/2024/02/cueme1-768x432.jpg 768w, https://agora.xtec.cat/ceipcascavell/wp-content/uploads/usu963/2024/02/cueme1-1536x864.jpg 1536w, https://agora.xtec.cat/ceipcascavell/wp-content/uploads/usu963/2024/02/cueme1-2048x1152.jpg 2048w" sizes="auto, (max-width: 300px) 100vw, 300px" /></a></td>
<td style="width: 50%;"><a href="https://agora.xtec.cat/ceipcascavell/wp-content/uploads/usu963/2024/02/Cueme5-scaled.jpg"><img loading="lazy" decoding="async" class="aligncenter size-medium wp-image-3209" src="https://agora.xtec.cat/ceipcascavell/wp-content/uploads/usu963/2024/02/Cueme5-300x169.jpg" alt="" width="300" height="169" srcset="https://agora.xtec.cat/ceipcascavell/wp-content/uploads/usu963/2024/02/Cueme5-300x169.jpg 300w, https://agora.xtec.cat/ceipcascavell/wp-content/uploads/usu963/2024/02/Cueme5-1024x576.jpg 1024w, https://agora.xtec.cat/ceipcascavell/wp-content/uploads/usu963/2024/02/Cueme5-768x432.jpg 768w, https://agora.xtec.cat/ceipcascavell/wp-content/uploads/usu963/2024/02/Cueme5-1536x864.jpg 1536w, https://agora.xtec.cat/ceipcascavell/wp-content/uploads/usu963/2024/02/Cueme5-2048x1152.jpg 2048w" sizes="auto, (max-width: 300px) 100vw, 300px" /></a></td>
</tr>
</tbody>
</table>
<p>&nbsp;</p>

<p>Cada curs l’alumnat de 6è forma part d’un projecte educatiu proposat  i liderat per l’ajuntament de Sant Adrià del Besòs anomenat “Emprendre a l’escola”. Aquest projecte està dissenyat per fomentar la cultura emprenedora a través de diferents propostes didàctiques i activitats lúdiques. Els nois i noies crearan la seva pròpia empresa, dissenyaran i elaboraran els [&hellip;]</p>
