{"id":1228,"date":"2020-01-27T16:29:42","date_gmt":"2020-01-27T15:29:42","guid":{"rendered":"http:\/\/agora.xtec.cat\/ceipcascavell\/?page_id=1228"},"modified":"2024-02-11T11:22:43","modified_gmt":"2024-02-11T10:22:43","slug":"biblioteca-tutoritzada","status":"publish","type":"page","link":"https:\/\/agora.xtec.cat\/ceipcascavell\/comunitats-daprenentatge\/biblioteca-tutoritzada\/","title":{"rendered":"Biblioteca tutoritzada"},"content":{"rendered":"<p style=\"text-align: justify;\"><span style=\"font-weight: 400;\">La Biblioteca Tutoritzada \u00e9s una de les formes d&#8217;extensi\u00f3 del temps d&#8217;aprenentatge que ha demostrat tenir m\u00e9s impacte en la millora dels resultats educatius. <a href=\"https:\/\/agora.xtec.cat\/ceipcascavell\/wp-content\/uploads\/usu963\/2024\/02\/Biblioteca2-scaled.jpg\"><img loading=\"lazy\" decoding=\"async\" class=\"size-medium wp-image-3138 alignright\" src=\"https:\/\/agora.xtec.cat\/ceipcascavell\/wp-content\/uploads\/usu963\/2024\/02\/Biblioteca2-300x148.jpg\" alt=\"\" width=\"300\" height=\"148\" srcset=\"https:\/\/agora.xtec.cat\/ceipcascavell\/wp-content\/uploads\/usu963\/2024\/02\/Biblioteca2-300x148.jpg 300w, https:\/\/agora.xtec.cat\/ceipcascavell\/wp-content\/uploads\/usu963\/2024\/02\/Biblioteca2-1024x507.jpg 1024w, https:\/\/agora.xtec.cat\/ceipcascavell\/wp-content\/uploads\/usu963\/2024\/02\/Biblioteca2-768x380.jpg 768w, https:\/\/agora.xtec.cat\/ceipcascavell\/wp-content\/uploads\/usu963\/2024\/02\/Biblioteca2-1536x760.jpg 1536w, https:\/\/agora.xtec.cat\/ceipcascavell\/wp-content\/uploads\/usu963\/2024\/02\/Biblioteca2-2048x1013.jpg 2048w\" sizes=\"auto, (max-width: 300px) 100vw, 300px\" \/><\/a>L&#8217;espai de la biblioteca queda obert fora de l&#8217;horari lectiu (durant la tarda, a mig dia, els caps de setmana &#8230;), perqu\u00e8 totes les persones disposin d&#8217;un lloc d&#8217;aprenentatge amb acc\u00e9s lliure i gratu\u00eft.<\/span><\/p>\n<p style=\"text-align: justify;\"><span style=\"font-weight: 400;\">Aquesta extensi\u00f3 del temps d&#8217;aprenentatge es duu a terme amb voluntaris, el paper \u00e9s el de promoure l&#8217;ajuda m\u00fatua i optimitzar les interaccions entre els alumnes de diferents edats, que solen trobar-se en aquest espai.\u00a0<\/span><\/p>\n<p style=\"text-align: justify;\"><span style=\"font-weight: 400;\">La biblioteca pot estar organitzada f\u00edsicament en racons de treball, en els quals es realitzen activitats variades: seguiment de les tasques escolars, lectura dial\u00f2gica, recerca d&#8217;informacions per projectes, activitats amb ordinadors, etc.<\/span><\/p>\n<p style=\"text-align: justify;\"><span style=\"font-weight: 400;\">Aquestes activitats solen ser proposades per una comissi\u00f3 mixta de treball que, d&#8217;una banda, organitza al voluntariat en aquest espai, i de l&#8217;altra, coordina el treball amb els professors de l&#8217;escola per a un millor aprofitament. <a href=\"https:\/\/agora.xtec.cat\/ceipcascavell\/wp-content\/uploads\/usu963\/2024\/02\/biblioteca1-scaled.jpg\"><img loading=\"lazy\" decoding=\"async\" class=\"size-medium wp-image-3139 alignleft\" src=\"https:\/\/agora.xtec.cat\/ceipcascavell\/wp-content\/uploads\/usu963\/2024\/02\/biblioteca1-300x165.jpg\" alt=\"\" width=\"300\" height=\"165\" srcset=\"https:\/\/agora.xtec.cat\/ceipcascavell\/wp-content\/uploads\/usu963\/2024\/02\/biblioteca1-300x165.jpg 300w, https:\/\/agora.xtec.cat\/ceipcascavell\/wp-content\/uploads\/usu963\/2024\/02\/biblioteca1-1024x565.jpg 1024w, https:\/\/agora.xtec.cat\/ceipcascavell\/wp-content\/uploads\/usu963\/2024\/02\/biblioteca1-768x423.jpg 768w, https:\/\/agora.xtec.cat\/ceipcascavell\/wp-content\/uploads\/usu963\/2024\/02\/biblioteca1-1536x847.jpg 1536w, https:\/\/agora.xtec.cat\/ceipcascavell\/wp-content\/uploads\/usu963\/2024\/02\/biblioteca1-2048x1129.jpg 2048w\" sizes=\"auto, (max-width: 300px) 100vw, 300px\" \/><\/a>Aquesta \u00e9s tamb\u00e9 una alternativa inclusiva que supera la segregaci\u00f3 durant el temps escolar dels alumnes que necessiten refor\u00e7. A la biblioteca tutoritzada, l&#8217;aprenentatge de tots els alumnes s&#8217;accelera gr\u00e0cies a la interacci\u00f3 amb persones diverses, el que beneficia especialment als alumnes amb alguna necessitat espec\u00edfica.<\/span><\/p>\n<p>&nbsp;<\/p>\n","protected":false},"excerpt":{"rendered":"<p>La Biblioteca Tutoritzada \u00e9s una de les formes d&#8217;extensi\u00f3 del temps d&#8217;aprenentatge que ha demostrat tenir m\u00e9s impacte en la millora dels resultats educatius. L&#8217;espai de la biblioteca queda obert fora de l&#8217;horari lectiu (durant la tarda, a mig dia, els caps de setmana &#8230;), perqu\u00e8 totes les persones disposin d&#8217;un lloc d&#8217;aprenentatge amb acc\u00e9s [&hellip;]<\/p>\n","protected":false},"author":1,"featured_media":0,"parent":1391,"menu_order":2,"comment_status":"closed","ping_status":"closed","template":"page-templates\/side-menu.php","meta":{"_bbp_topic_count":0,"_bbp_reply_count":0,"_bbp_total_topic_count":0,"_bbp_total_reply_count":0,"_bbp_voice_count":0,"_bbp_anonymous_reply_count":0,"_bbp_topic_count_hidden":0,"_bbp_reply_count_hidden":0,"_bbp_forum_subforum_count":0,"site-sidebar-layout":"default","site-content-layout":"","ast-site-content-layout":"","site-content-style":"default","site-sidebar-style":"default","ast-global-header-display":"","ast-banner-title-visibility":"","ast-main-header-display":"","ast-hfb-above-header-display":"","ast-hfb-below-header-display":"","ast-hfb-mobile-header-display":"","site-post-title":"","ast-breadcrumbs-content":"","ast-featured-img":"","footer-sml-layout":"","theme-transparent-header-meta":"","adv-header-id-meta":"","stick-header-meta":"","header-above-stick-meta":"","header-main-stick-meta":"","header-below-stick-meta":"","astra-migrate-meta-layouts":"default","ast-page-background-enabled":"default","ast-page-background-meta":{"desktop":{"background-color":"var(--ast-global-color-4)","background-image":"","background-repeat":"repeat","background-position":"center center","background-size":"auto","background-attachment":"scroll","background-type":"","background-media":"","overlay-type":"","overlay-color":"","overlay-opacity":"","overlay-gradient":""},"tablet":{"background-color":"","background-image":"","background-repeat":"repeat","background-position":"center center","background-size":"auto","background-attachment":"scroll","background-type":"","background-media":"","overlay-type":"","overlay-color":"","overlay-opacity":"","overlay-gradient":""},"mobile":{"background-color":"","background-image":"","background-repeat":"repeat","background-position":"center center","background-size":"auto","background-attachment":"scroll","background-type":"","background-media":"","overlay-type":"","overlay-color":"","overlay-opacity":"","overlay-gradient":""}},"ast-content-background-meta":{"desktop":{"background-color":"var(--ast-global-color-5)","background-image":"","background-repeat":"repeat","background-position":"center center","background-size":"auto","background-attachment":"scroll","background-type":"","background-media":"","overlay-type":"","overlay-color":"","overlay-opacity":"","overlay-gradient":""},"tablet":{"background-color":"var(--ast-global-color-5)","background-image":"","background-repeat":"repeat","background-position":"center center","background-size":"auto","background-attachment":"scroll","background-type":"","background-media":"","overlay-type":"","overlay-color":"","overlay-opacity":"","overlay-gradient":""},"mobile":{"background-color":"var(--ast-global-color-5)","background-image":"","background-repeat":"repeat","background-position":"center center","background-size":"auto","background-attachment":"scroll","background-type":"","background-media":"","overlay-type":"","overlay-color":"","overlay-opacity":"","overlay-gradient":""}},"footnotes":""},"class_list":["post-1228","page","type-page","status-publish","hentry"],"post_mailing_queue_ids":[],"_links":{"self":[{"href":"https:\/\/agora.xtec.cat\/ceipcascavell\/wp-json\/wp\/v2\/pages\/1228","targetHints":{"allow":["GET"]}}],"collection":[{"href":"https:\/\/agora.xtec.cat\/ceipcascavell\/wp-json\/wp\/v2\/pages"}],"about":[{"href":"https:\/\/agora.xtec.cat\/ceipcascavell\/wp-json\/wp\/v2\/types\/page"}],"author":[{"embeddable":true,"href":"https:\/\/agora.xtec.cat\/ceipcascavell\/wp-json\/wp\/v2\/users\/1"}],"replies":[{"embeddable":true,"href":"https:\/\/agora.xtec.cat\/ceipcascavell\/wp-json\/wp\/v2\/comments?post=1228"}],"version-history":[{"count":6,"href":"https:\/\/agora.xtec.cat\/ceipcascavell\/wp-json\/wp\/v2\/pages\/1228\/revisions"}],"predecessor-version":[{"id":3143,"href":"https:\/\/agora.xtec.cat\/ceipcascavell\/wp-json\/wp\/v2\/pages\/1228\/revisions\/3143"}],"up":[{"embeddable":true,"href":"https:\/\/agora.xtec.cat\/ceipcascavell\/wp-json\/wp\/v2\/pages\/1391"}],"wp:attachment":[{"href":"https:\/\/agora.xtec.cat\/ceipcascavell\/wp-json\/wp\/v2\/media?parent=1228"}],"curies":[{"name":"wp","href":"https:\/\/api.w.org\/{rel}","templated":true}]}}

<p style="text-align: justify;"><span style="font-weight: 400;">La Biblioteca Tutoritzada és una de les formes d&#8217;extensió del temps d&#8217;aprenentatge que ha demostrat tenir més impacte en la millora dels resultats educatius. <a href="https://agora.xtec.cat/ceipcascavell/wp-content/uploads/usu963/2024/02/Biblioteca2-scaled.jpg"><img loading="lazy" decoding="async" class="size-medium wp-image-3138 alignright" src="https://agora.xtec.cat/ceipcascavell/wp-content/uploads/usu963/2024/02/Biblioteca2-300x148.jpg" alt="" width="300" height="148" srcset="https://agora.xtec.cat/ceipcascavell/wp-content/uploads/usu963/2024/02/Biblioteca2-300x148.jpg 300w, https://agora.xtec.cat/ceipcascavell/wp-content/uploads/usu963/2024/02/Biblioteca2-1024x507.jpg 1024w, https://agora.xtec.cat/ceipcascavell/wp-content/uploads/usu963/2024/02/Biblioteca2-768x380.jpg 768w, https://agora.xtec.cat/ceipcascavell/wp-content/uploads/usu963/2024/02/Biblioteca2-1536x760.jpg 1536w, https://agora.xtec.cat/ceipcascavell/wp-content/uploads/usu963/2024/02/Biblioteca2-2048x1013.jpg 2048w" sizes="auto, (max-width: 300px) 100vw, 300px" /></a>L&#8217;espai de la biblioteca queda obert fora de l&#8217;horari lectiu (durant la tarda, a mig dia, els caps de setmana &#8230;), perquè totes les persones disposin d&#8217;un lloc d&#8217;aprenentatge amb accés lliure i gratuït.</span></p>
<p style="text-align: justify;"><span style="font-weight: 400;">Aquesta extensió del temps d&#8217;aprenentatge es duu a terme amb voluntaris, el paper és el de promoure l&#8217;ajuda mútua i optimitzar les interaccions entre els alumnes de diferents edats, que solen trobar-se en aquest espai. </span></p>
<p style="text-align: justify;"><span style="font-weight: 400;">La biblioteca pot estar organitzada físicament en racons de treball, en els quals es realitzen activitats variades: seguiment de les tasques escolars, lectura dialògica, recerca d&#8217;informacions per projectes, activitats amb ordinadors, etc.</span></p>
<p style="text-align: justify;"><span style="font-weight: 400;">Aquestes activitats solen ser proposades per una comissió mixta de treball que, d&#8217;una banda, organitza al voluntariat en aquest espai, i de l&#8217;altra, coordina el treball amb els professors de l&#8217;escola per a un millor aprofitament. <a href="https://agora.xtec.cat/ceipcascavell/wp-content/uploads/usu963/2024/02/biblioteca1-scaled.jpg"><img loading="lazy" decoding="async" class="size-medium wp-image-3139 alignleft" src="https://agora.xtec.cat/ceipcascavell/wp-content/uploads/usu963/2024/02/biblioteca1-300x165.jpg" alt="" width="300" height="165" srcset="https://agora.xtec.cat/ceipcascavell/wp-content/uploads/usu963/2024/02/biblioteca1-300x165.jpg 300w, https://agora.xtec.cat/ceipcascavell/wp-content/uploads/usu963/2024/02/biblioteca1-1024x565.jpg 1024w, https://agora.xtec.cat/ceipcascavell/wp-content/uploads/usu963/2024/02/biblioteca1-768x423.jpg 768w, https://agora.xtec.cat/ceipcascavell/wp-content/uploads/usu963/2024/02/biblioteca1-1536x847.jpg 1536w, https://agora.xtec.cat/ceipcascavell/wp-content/uploads/usu963/2024/02/biblioteca1-2048x1129.jpg 2048w" sizes="auto, (max-width: 300px) 100vw, 300px" /></a>Aquesta és també una alternativa inclusiva que supera la segregació durant el temps escolar dels alumnes que necessiten reforç. A la biblioteca tutoritzada, l&#8217;aprenentatge de tots els alumnes s&#8217;accelera gràcies a la interacció amb persones diverses, el que beneficia especialment als alumnes amb alguna necessitat específica.</span></p>
<p>&nbsp;</p>

<p>La Biblioteca Tutoritzada és una de les formes d&#8217;extensió del temps d&#8217;aprenentatge que ha demostrat tenir més impacte en la millora dels resultats educatius. L&#8217;espai de la biblioteca queda obert fora de l&#8217;horari lectiu (durant la tarda, a mig dia, els caps de setmana &#8230;), perquè totes les persones disposin d&#8217;un lloc d&#8217;aprenentatge amb accés [&hellip;]</p>
