{"id":1217,"date":"2020-01-27T16:25:43","date_gmt":"2020-01-27T15:25:43","guid":{"rendered":"http:\/\/agora.xtec.cat\/ceipcascavell\/?page_id=1217"},"modified":"2024-02-24T11:08:43","modified_gmt":"2024-02-24T10:08:43","slug":"educacio-especial","status":"publish","type":"page","link":"https:\/\/agora.xtec.cat\/ceipcascavell\/especialitats\/educacio-especial\/","title":{"rendered":"Educaci\u00f3 Especial"},"content":{"rendered":"<p style=\"text-align: justify;\">Les mestres d\u2019educaci\u00f3 especial, al llarg de tota l\u2019escolaritzaci\u00f3, fem l\u2019acompanyament a aquell alumnat<a href=\"https:\/\/agora.xtec.cat\/ceipcascavell\/wp-content\/uploads\/usu963\/2024\/02\/EE1.jpg\"><img loading=\"lazy\" decoding=\"async\" class=\" wp-image-3260 alignright\" src=\"https:\/\/agora.xtec.cat\/ceipcascavell\/wp-content\/uploads\/usu963\/2024\/02\/EE1-273x300.jpg\" alt=\"\" width=\"214\" height=\"235\" srcset=\"https:\/\/agora.xtec.cat\/ceipcascavell\/wp-content\/uploads\/usu963\/2024\/02\/EE1-273x300.jpg 273w, https:\/\/agora.xtec.cat\/ceipcascavell\/wp-content\/uploads\/usu963\/2024\/02\/EE1-933x1024.jpg 933w, https:\/\/agora.xtec.cat\/ceipcascavell\/wp-content\/uploads\/usu963\/2024\/02\/EE1-768x843.jpg 768w, https:\/\/agora.xtec.cat\/ceipcascavell\/wp-content\/uploads\/usu963\/2024\/02\/EE1.jpg 1302w\" sizes=\"auto, (max-width: 214px) 100vw, 214px\" \/><\/a> que presenta dificultats d\u2019aprenentatge oferint-li, per una banda, una atenci\u00f3 directa dins la seva aula, conjuntament amb el tutor\/a, i per l\u2019altra, donant-li un suport m\u00e9s espec\u00edfic, un\u00a0 treball de reeducaci\u00f3 en petit grup.<\/p>\n<p style=\"text-align: justify;\">A educaci\u00f3 Infantil es fa una especial incid\u00e8ncia en la detecci\u00f3 preco\u00e7 de retards del llenguatge, problemes d\u2019adaptaci\u00f3 i conducta.<\/p>\n<p style=\"text-align: justify;\">A 6\u00e8 E.P. en coordinaci\u00f3 amb la psic\u00f2loga de l\u2019E.A.P. es fa el seguiment dels alumnes per a una millor orientaci\u00f3 a les fam\u00edlies en el pas cap a l\u2019E.S.O.<\/p>\n<p style=\"text-align: justify;\"><a href=\"https:\/\/agora.xtec.cat\/ceipcascavell\/wp-content\/uploads\/usu963\/2024\/02\/EE.jpg\"><img loading=\"lazy\" decoding=\"async\" class=\"size-medium wp-image-3261 alignleft\" src=\"https:\/\/agora.xtec.cat\/ceipcascavell\/wp-content\/uploads\/usu963\/2024\/02\/EE-300x227.jpg\" alt=\"\" width=\"300\" height=\"227\" srcset=\"https:\/\/agora.xtec.cat\/ceipcascavell\/wp-content\/uploads\/usu963\/2024\/02\/EE-300x227.jpg 300w, https:\/\/agora.xtec.cat\/ceipcascavell\/wp-content\/uploads\/usu963\/2024\/02\/EE-1024x776.jpg 1024w, https:\/\/agora.xtec.cat\/ceipcascavell\/wp-content\/uploads\/usu963\/2024\/02\/EE-768x582.jpg 768w, https:\/\/agora.xtec.cat\/ceipcascavell\/wp-content\/uploads\/usu963\/2024\/02\/EE-1536x1163.jpg 1536w, https:\/\/agora.xtec.cat\/ceipcascavell\/wp-content\/uploads\/usu963\/2024\/02\/EE-2048x1551.jpg 2048w, https:\/\/agora.xtec.cat\/ceipcascavell\/wp-content\/uploads\/usu963\/2024\/02\/EE-200x150.jpg 200w\" sizes=\"auto, (max-width: 300px) 100vw, 300px\" \/><\/a>Quan parlem de l\u2019acompanyament a l\u2019alumnat tamb\u00e9 ens referim a les fam\u00edlies, per a nosaltres \u00e9s molt important\u00a0 establir un treball col\u00b7laboratiu\u00a0 gestionant recursos que vagin m\u00e9s enll\u00e0 de l\u2019escola i que donin resposta al dia a dia familiar. Per aix\u00f2 ens coordinem\u00a0 amb serveis externs i altres serveis educatius (CDIAP, CSMIJ, logopedes, terapeutes&#8230;). Tamb\u00e9 comptem setmanalment amb l\u2019assessorament i col\u00b7laboraci\u00f3 de l\u2019E.A.P.<\/p>\n<p>&nbsp;<\/p>\n","protected":false},"excerpt":{"rendered":"<p>Les mestres d\u2019educaci\u00f3 especial, al llarg de tota l\u2019escolaritzaci\u00f3, fem l\u2019acompanyament a aquell alumnat que presenta dificultats d\u2019aprenentatge oferint-li, per una banda, una atenci\u00f3 directa dins la seva aula, conjuntament amb el tutor\/a, i per l\u2019altra, donant-li un suport m\u00e9s espec\u00edfic, un\u00a0 treball de reeducaci\u00f3 en petit grup. A educaci\u00f3 Infantil es fa una especial [&hellip;]<\/p>\n","protected":false},"author":1,"featured_media":0,"parent":1207,"menu_order":2,"comment_status":"closed","ping_status":"closed","template":"page-templates\/side-menu.php","meta":{"_bbp_topic_count":0,"_bbp_reply_count":0,"_bbp_total_topic_count":0,"_bbp_total_reply_count":0,"_bbp_voice_count":0,"_bbp_anonymous_reply_count":0,"_bbp_topic_count_hidden":0,"_bbp_reply_count_hidden":0,"_bbp_forum_subforum_count":0,"site-sidebar-layout":"default","site-content-layout":"","ast-site-content-layout":"","site-content-style":"default","site-sidebar-style":"default","ast-global-header-display":"","ast-banner-title-visibility":"","ast-main-header-display":"","ast-hfb-above-header-display":"","ast-hfb-below-header-display":"","ast-hfb-mobile-header-display":"","site-post-title":"","ast-breadcrumbs-content":"","ast-featured-img":"","footer-sml-layout":"","theme-transparent-header-meta":"","adv-header-id-meta":"","stick-header-meta":"","header-above-stick-meta":"","header-main-stick-meta":"","header-below-stick-meta":"","astra-migrate-meta-layouts":"default","ast-page-background-enabled":"default","ast-page-background-meta":{"desktop":{"background-color":"var(--ast-global-color-4)","background-image":"","background-repeat":"repeat","background-position":"center center","background-size":"auto","background-attachment":"scroll","background-type":"","background-media":"","overlay-type":"","overlay-color":"","overlay-opacity":"","overlay-gradient":""},"tablet":{"background-color":"","background-image":"","background-repeat":"repeat","background-position":"center center","background-size":"auto","background-attachment":"scroll","background-type":"","background-media":"","overlay-type":"","overlay-color":"","overlay-opacity":"","overlay-gradient":""},"mobile":{"background-color":"","background-image":"","background-repeat":"repeat","background-position":"center center","background-size":"auto","background-attachment":"scroll","background-type":"","background-media":"","overlay-type":"","overlay-color":"","overlay-opacity":"","overlay-gradient":""}},"ast-content-background-meta":{"desktop":{"background-color":"var(--ast-global-color-5)","background-image":"","background-repeat":"repeat","background-position":"center center","background-size":"auto","background-attachment":"scroll","background-type":"","background-media":"","overlay-type":"","overlay-color":"","overlay-opacity":"","overlay-gradient":""},"tablet":{"background-color":"var(--ast-global-color-5)","background-image":"","background-repeat":"repeat","background-position":"center center","background-size":"auto","background-attachment":"scroll","background-type":"","background-media":"","overlay-type":"","overlay-color":"","overlay-opacity":"","overlay-gradient":""},"mobile":{"background-color":"var(--ast-global-color-5)","background-image":"","background-repeat":"repeat","background-position":"center center","background-size":"auto","background-attachment":"scroll","background-type":"","background-media":"","overlay-type":"","overlay-color":"","overlay-opacity":"","overlay-gradient":""}},"footnotes":""},"class_list":["post-1217","page","type-page","status-publish","hentry"],"post_mailing_queue_ids":[],"_links":{"self":[{"href":"https:\/\/agora.xtec.cat\/ceipcascavell\/wp-json\/wp\/v2\/pages\/1217","targetHints":{"allow":["GET"]}}],"collection":[{"href":"https:\/\/agora.xtec.cat\/ceipcascavell\/wp-json\/wp\/v2\/pages"}],"about":[{"href":"https:\/\/agora.xtec.cat\/ceipcascavell\/wp-json\/wp\/v2\/types\/page"}],"author":[{"embeddable":true,"href":"https:\/\/agora.xtec.cat\/ceipcascavell\/wp-json\/wp\/v2\/users\/1"}],"replies":[{"embeddable":true,"href":"https:\/\/agora.xtec.cat\/ceipcascavell\/wp-json\/wp\/v2\/comments?post=1217"}],"version-history":[{"count":6,"href":"https:\/\/agora.xtec.cat\/ceipcascavell\/wp-json\/wp\/v2\/pages\/1217\/revisions"}],"predecessor-version":[{"id":3262,"href":"https:\/\/agora.xtec.cat\/ceipcascavell\/wp-json\/wp\/v2\/pages\/1217\/revisions\/3262"}],"up":[{"embeddable":true,"href":"https:\/\/agora.xtec.cat\/ceipcascavell\/wp-json\/wp\/v2\/pages\/1207"}],"wp:attachment":[{"href":"https:\/\/agora.xtec.cat\/ceipcascavell\/wp-json\/wp\/v2\/media?parent=1217"}],"curies":[{"name":"wp","href":"https:\/\/api.w.org\/{rel}","templated":true}]}}

Educació Especial

<p style="text-align: justify;">Les mestres d’educació especial, al llarg de tota l’escolarització, fem l’acompanyament a aquell alumnat<a href="https://agora.xtec.cat/ceipcascavell/wp-content/uploads/usu963/2024/02/EE1.jpg"><img loading="lazy" decoding="async" class=" wp-image-3260 alignright" src="https://agora.xtec.cat/ceipcascavell/wp-content/uploads/usu963/2024/02/EE1-273x300.jpg" alt="" width="214" height="235" srcset="https://agora.xtec.cat/ceipcascavell/wp-content/uploads/usu963/2024/02/EE1-273x300.jpg 273w, https://agora.xtec.cat/ceipcascavell/wp-content/uploads/usu963/2024/02/EE1-933x1024.jpg 933w, https://agora.xtec.cat/ceipcascavell/wp-content/uploads/usu963/2024/02/EE1-768x843.jpg 768w, https://agora.xtec.cat/ceipcascavell/wp-content/uploads/usu963/2024/02/EE1.jpg 1302w" sizes="auto, (max-width: 214px) 100vw, 214px" /></a> que presenta dificultats d’aprenentatge oferint-li, per una banda, una atenció directa dins la seva aula, conjuntament amb el tutor/a, i per l’altra, donant-li un suport més específic, un  treball de reeducació en petit grup.</p>
<p style="text-align: justify;">A educació Infantil es fa una especial incidència en la detecció precoç de retards del llenguatge, problemes d’adaptació i conducta.</p>
<p style="text-align: justify;">A 6è E.P. en coordinació amb la psicòloga de l’E.A.P. es fa el seguiment dels alumnes per a una millor orientació a les famílies en el pas cap a l’E.S.O.</p>
<p style="text-align: justify;"><a href="https://agora.xtec.cat/ceipcascavell/wp-content/uploads/usu963/2024/02/EE.jpg"><img loading="lazy" decoding="async" class="size-medium wp-image-3261 alignleft" src="https://agora.xtec.cat/ceipcascavell/wp-content/uploads/usu963/2024/02/EE-300x227.jpg" alt="" width="300" height="227" srcset="https://agora.xtec.cat/ceipcascavell/wp-content/uploads/usu963/2024/02/EE-300x227.jpg 300w, https://agora.xtec.cat/ceipcascavell/wp-content/uploads/usu963/2024/02/EE-1024x776.jpg 1024w, https://agora.xtec.cat/ceipcascavell/wp-content/uploads/usu963/2024/02/EE-768x582.jpg 768w, https://agora.xtec.cat/ceipcascavell/wp-content/uploads/usu963/2024/02/EE-1536x1163.jpg 1536w, https://agora.xtec.cat/ceipcascavell/wp-content/uploads/usu963/2024/02/EE-2048x1551.jpg 2048w, https://agora.xtec.cat/ceipcascavell/wp-content/uploads/usu963/2024/02/EE-200x150.jpg 200w" sizes="auto, (max-width: 300px) 100vw, 300px" /></a>Quan parlem de l’acompanyament a l’alumnat també ens referim a les famílies, per a nosaltres és molt important  establir un treball col·laboratiu  gestionant recursos que vagin més enllà de l’escola i que donin resposta al dia a dia familiar. Per això ens coordinem  amb serveis externs i altres serveis educatius (CDIAP, CSMIJ, logopedes, terapeutes&#8230;). També comptem setmanalment amb l’assessorament i col·laboració de l’E.A.P.</p>
<p>&nbsp;</p>

<p>Les mestres d’educació especial, al llarg de tota l’escolarització, fem l’acompanyament a aquell alumnat que presenta dificultats d’aprenentatge oferint-li, per una banda, una atenció directa dins la seva aula, conjuntament amb el tutor/a, i per l’altra, donant-li un suport més específic, un  treball de reeducació en petit grup. A educació Infantil es fa una especial [&hellip;]</p>
