{"id":1215,"date":"2020-01-27T16:25:21","date_gmt":"2020-01-27T15:25:21","guid":{"rendered":"http:\/\/agora.xtec.cat\/ceipcascavell\/?page_id=1215"},"modified":"2024-02-21T11:17:27","modified_gmt":"2024-02-21T10:17:27","slug":"psicomotricitat","status":"publish","type":"page","link":"https:\/\/agora.xtec.cat\/ceipcascavell\/especialitats\/psicomotricitat\/","title":{"rendered":"Psicomotricitat"},"content":{"rendered":"<p style=\"text-align: justify;\"><strong>\u201cL&#8217;INFANT ES CONSTRUEIX A S\u00cd MATEIX A PARTIR DEL MOVIMENT. EL SEU DESENVOLUPAMENT VA DE L&#8217;ACTE AL PENSAMENT.\u201d<\/strong><br \/>\n<strong>HENRI WALLON<\/strong><\/p>\n<p style=\"text-align: justify;\"><span style=\"font-weight: 400;\">A Infantil les sessions de psicomotricitat que duem a terme segueixen <a href=\"https:\/\/agora.xtec.cat\/ceipcascavell\/wp-content\/uploads\/usu963\/2024\/02\/psico2.jpg\"><img loading=\"lazy\" decoding=\"async\" class=\" wp-image-3255 alignright\" src=\"https:\/\/agora.xtec.cat\/ceipcascavell\/wp-content\/uploads\/usu963\/2024\/02\/psico2-226x300.jpg\" alt=\"\" width=\"195\" height=\"259\" srcset=\"https:\/\/agora.xtec.cat\/ceipcascavell\/wp-content\/uploads\/usu963\/2024\/02\/psico2-226x300.jpg 226w, https:\/\/agora.xtec.cat\/ceipcascavell\/wp-content\/uploads\/usu963\/2024\/02\/psico2-771x1024.jpg 771w, https:\/\/agora.xtec.cat\/ceipcascavell\/wp-content\/uploads\/usu963\/2024\/02\/psico2-768x1021.jpg 768w, https:\/\/agora.xtec.cat\/ceipcascavell\/wp-content\/uploads\/usu963\/2024\/02\/psico2-1156x1536.jpg 1156w, https:\/\/agora.xtec.cat\/ceipcascavell\/wp-content\/uploads\/usu963\/2024\/02\/psico2.jpg 1204w\" sizes=\"auto, (max-width: 195px) 100vw, 195px\" \/><\/a>la Pr\u00e0ctica Psicomotriu Aucouturier, que es defineix com un m\u00e8tode que t\u00e9 com a principal objectiu la maduraci\u00f3 global dels infants a trav\u00e9s de l\u2019acci\u00f3 corporal.<\/span><\/p>\n<p style=\"text-align: justify;\"><span style=\"font-weight: 400;\">Les sessions es caracteritzen per la seva pr\u00e0ctica pedag\u00f2gica, que est\u00e0 basada en l\u2019espontane\u00eftat dels infants afavorint aix\u00ed a la creativitat, la lliure expressi\u00f3, a la significaci\u00f3 afectiva al cos i moviment, i potenciant el desenvolupament lliure de la comunicaci\u00f3.<\/span><\/p>\n<p style=\"text-align: justify;\"><span style=\"font-weight: 400;\">Les sessions s\u2019organitzen destacant tres moments:<\/span><\/p>\n<p style=\"text-align: justify;\"><span style=\"font-weight: 400;\">Els <\/span><b>rituals<\/b> <b>de psicomotricitat<\/b><span style=\"font-weight: 400;\">, que donen pas a l\u2019acci\u00f3 motriu o b\u00e9 fan de tancament d\u2019aquesta. Tenen una estructura d\u2019ordre que es repeteix, de manera que s\u00f3n esperables i possibiliten una anticipaci\u00f3, fet que provoca una sensaci\u00f3 de seguretat i confian\u00e7a ja que ajuden a situar-se.\u00a0<\/span><\/p>\n<p style=\"text-align: justify;\"><span style=\"font-weight: 400;\"><a href=\"https:\/\/agora.xtec.cat\/ceipcascavell\/wp-content\/uploads\/usu963\/2024\/02\/psico3.jpg\"><img loading=\"lazy\" decoding=\"async\" class=\"size-medium wp-image-3254 alignleft\" src=\"https:\/\/agora.xtec.cat\/ceipcascavell\/wp-content\/uploads\/usu963\/2024\/02\/psico3-300x225.jpg\" alt=\"\" width=\"300\" height=\"225\" srcset=\"https:\/\/agora.xtec.cat\/ceipcascavell\/wp-content\/uploads\/usu963\/2024\/02\/psico3-300x225.jpg 300w, https:\/\/agora.xtec.cat\/ceipcascavell\/wp-content\/uploads\/usu963\/2024\/02\/psico3-1024x768.jpg 1024w, https:\/\/agora.xtec.cat\/ceipcascavell\/wp-content\/uploads\/usu963\/2024\/02\/psico3-768x576.jpg 768w, https:\/\/agora.xtec.cat\/ceipcascavell\/wp-content\/uploads\/usu963\/2024\/02\/psico3-1536x1152.jpg 1536w, https:\/\/agora.xtec.cat\/ceipcascavell\/wp-content\/uploads\/usu963\/2024\/02\/psico3-200x150.jpg 200w, https:\/\/agora.xtec.cat\/ceipcascavell\/wp-content\/uploads\/usu963\/2024\/02\/psico3.jpg 2000w\" sizes=\"auto, (max-width: 300px) 100vw, 300px\" \/><\/a>El <\/span><b>joc i l\u2019expressi\u00f3 motriu<\/b><span style=\"font-weight: 400;\"> on els infants juguen condicionats \u00fanicament per la proposta i amb el material que el psicomotricista ha proposat i que aquest anir\u00e0 reajustant i enriquint a mesura que la sessi\u00f3 avan\u00e7a. Aquest tipus d\u2019activitat potencia b\u00e0sicament l\u2019expressi\u00f3 corporal lliure dels infants i la interacci\u00f3 entre iguals, des de la qual manifesten la seva personalitat i es comuniquen de manera flu\u00efda.<\/span><\/p>\n<p style=\"text-align: justify;\"><span style=\"font-weight: 400;\">Posteriorment a la viv\u00e8ncia psicomotriu, i passant per un ritual de <\/span><b>relaxaci\u00f3<\/b><span style=\"font-weight: 400;\">, donem espai a la <\/span><b>representaci\u00f3 i interioritzaci\u00f3<\/b><span style=\"font-weight: 400;\">. Un espai de record, simbolisme i reflexi\u00f3, en el qual els alumnes poden projectar les seves emocions, expressar sentiments emergents, elaborar percepcions i prendre consci\u00e8ncia de la seva pr\u00f2pia acci\u00f3. I es que la paraula permet ordenar el pensament.<\/span><\/p>\n<p><a href=\"https:\/\/agora.xtec.cat\/ceipcascavell\/wp-content\/uploads\/usu963\/2024\/02\/psico5-scaled.jpg\"><img loading=\"lazy\" decoding=\"async\" class=\"aligncenter size-medium wp-image-3253\" src=\"https:\/\/agora.xtec.cat\/ceipcascavell\/wp-content\/uploads\/usu963\/2024\/02\/psico5-300x199.jpg\" alt=\"\" width=\"300\" height=\"199\" srcset=\"https:\/\/agora.xtec.cat\/ceipcascavell\/wp-content\/uploads\/usu963\/2024\/02\/psico5-300x199.jpg 300w, https:\/\/agora.xtec.cat\/ceipcascavell\/wp-content\/uploads\/usu963\/2024\/02\/psico5-1024x680.jpg 1024w, https:\/\/agora.xtec.cat\/ceipcascavell\/wp-content\/uploads\/usu963\/2024\/02\/psico5-768x510.jpg 768w, https:\/\/agora.xtec.cat\/ceipcascavell\/wp-content\/uploads\/usu963\/2024\/02\/psico5-1536x1021.jpg 1536w, https:\/\/agora.xtec.cat\/ceipcascavell\/wp-content\/uploads\/usu963\/2024\/02\/psico5-2048x1361.jpg 2048w\" sizes=\"auto, (max-width: 300px) 100vw, 300px\" \/><\/a><\/p>\n","protected":false},"excerpt":{"rendered":"<p>\u201cL&#8217;INFANT ES CONSTRUEIX A S\u00cd MATEIX A PARTIR DEL MOVIMENT. EL SEU DESENVOLUPAMENT VA DE L&#8217;ACTE AL PENSAMENT.\u201d HENRI WALLON A Infantil les sessions de psicomotricitat que duem a terme segueixen la Pr\u00e0ctica Psicomotriu Aucouturier, que es defineix com un m\u00e8tode que t\u00e9 com a principal objectiu la maduraci\u00f3 global dels infants a trav\u00e9s de [&hellip;]<\/p>\n","protected":false},"author":1,"featured_media":0,"parent":1207,"menu_order":5,"comment_status":"closed","ping_status":"closed","template":"page-templates\/side-menu.php","meta":{"_bbp_topic_count":0,"_bbp_reply_count":0,"_bbp_total_topic_count":0,"_bbp_total_reply_count":0,"_bbp_voice_count":0,"_bbp_anonymous_reply_count":0,"_bbp_topic_count_hidden":0,"_bbp_reply_count_hidden":0,"_bbp_forum_subforum_count":0,"site-sidebar-layout":"default","site-content-layout":"","ast-site-content-layout":"","site-content-style":"default","site-sidebar-style":"default","ast-global-header-display":"","ast-banner-title-visibility":"","ast-main-header-display":"","ast-hfb-above-header-display":"","ast-hfb-below-header-display":"","ast-hfb-mobile-header-display":"","site-post-title":"","ast-breadcrumbs-content":"","ast-featured-img":"","footer-sml-layout":"","theme-transparent-header-meta":"","adv-header-id-meta":"","stick-header-meta":"","header-above-stick-meta":"","header-main-stick-meta":"","header-below-stick-meta":"","astra-migrate-meta-layouts":"default","ast-page-background-enabled":"default","ast-page-background-meta":{"desktop":{"background-color":"var(--ast-global-color-4)","background-image":"","background-repeat":"repeat","background-position":"center center","background-size":"auto","background-attachment":"scroll","background-type":"","background-media":"","overlay-type":"","overlay-color":"","overlay-opacity":"","overlay-gradient":""},"tablet":{"background-color":"","background-image":"","background-repeat":"repeat","background-position":"center center","background-size":"auto","background-attachment":"scroll","background-type":"","background-media":"","overlay-type":"","overlay-color":"","overlay-opacity":"","overlay-gradient":""},"mobile":{"background-color":"","background-image":"","background-repeat":"repeat","background-position":"center center","background-size":"auto","background-attachment":"scroll","background-type":"","background-media":"","overlay-type":"","overlay-color":"","overlay-opacity":"","overlay-gradient":""}},"ast-content-background-meta":{"desktop":{"background-color":"var(--ast-global-color-5)","background-image":"","background-repeat":"repeat","background-position":"center center","background-size":"auto","background-attachment":"scroll","background-type":"","background-media":"","overlay-type":"","overlay-color":"","overlay-opacity":"","overlay-gradient":""},"tablet":{"background-color":"var(--ast-global-color-5)","background-image":"","background-repeat":"repeat","background-position":"center center","background-size":"auto","background-attachment":"scroll","background-type":"","background-media":"","overlay-type":"","overlay-color":"","overlay-opacity":"","overlay-gradient":""},"mobile":{"background-color":"var(--ast-global-color-5)","background-image":"","background-repeat":"repeat","background-position":"center center","background-size":"auto","background-attachment":"scroll","background-type":"","background-media":"","overlay-type":"","overlay-color":"","overlay-opacity":"","overlay-gradient":""}},"footnotes":""},"class_list":["post-1215","page","type-page","status-publish","hentry"],"post_mailing_queue_ids":[],"_links":{"self":[{"href":"https:\/\/agora.xtec.cat\/ceipcascavell\/wp-json\/wp\/v2\/pages\/1215","targetHints":{"allow":["GET"]}}],"collection":[{"href":"https:\/\/agora.xtec.cat\/ceipcascavell\/wp-json\/wp\/v2\/pages"}],"about":[{"href":"https:\/\/agora.xtec.cat\/ceipcascavell\/wp-json\/wp\/v2\/types\/page"}],"author":[{"embeddable":true,"href":"https:\/\/agora.xtec.cat\/ceipcascavell\/wp-json\/wp\/v2\/users\/1"}],"replies":[{"embeddable":true,"href":"https:\/\/agora.xtec.cat\/ceipcascavell\/wp-json\/wp\/v2\/comments?post=1215"}],"version-history":[{"count":5,"href":"https:\/\/agora.xtec.cat\/ceipcascavell\/wp-json\/wp\/v2\/pages\/1215\/revisions"}],"predecessor-version":[{"id":3252,"href":"https:\/\/agora.xtec.cat\/ceipcascavell\/wp-json\/wp\/v2\/pages\/1215\/revisions\/3252"}],"up":[{"embeddable":true,"href":"https:\/\/agora.xtec.cat\/ceipcascavell\/wp-json\/wp\/v2\/pages\/1207"}],"wp:attachment":[{"href":"https:\/\/agora.xtec.cat\/ceipcascavell\/wp-json\/wp\/v2\/media?parent=1215"}],"curies":[{"name":"wp","href":"https:\/\/api.w.org\/{rel}","templated":true}]}}

<p style="text-align: justify;"><strong>“L&#8217;INFANT ES CONSTRUEIX A SÍ MATEIX A PARTIR DEL MOVIMENT. EL SEU DESENVOLUPAMENT VA DE L&#8217;ACTE AL PENSAMENT.”</strong><br />
<strong>HENRI WALLON</strong></p>
<p style="text-align: justify;"><span style="font-weight: 400;">A Infantil les sessions de psicomotricitat que duem a terme segueixen <a href="https://agora.xtec.cat/ceipcascavell/wp-content/uploads/usu963/2024/02/psico2.jpg"><img loading="lazy" decoding="async" class=" wp-image-3255 alignright" src="https://agora.xtec.cat/ceipcascavell/wp-content/uploads/usu963/2024/02/psico2-226x300.jpg" alt="" width="195" height="259" srcset="https://agora.xtec.cat/ceipcascavell/wp-content/uploads/usu963/2024/02/psico2-226x300.jpg 226w, https://agora.xtec.cat/ceipcascavell/wp-content/uploads/usu963/2024/02/psico2-771x1024.jpg 771w, https://agora.xtec.cat/ceipcascavell/wp-content/uploads/usu963/2024/02/psico2-768x1021.jpg 768w, https://agora.xtec.cat/ceipcascavell/wp-content/uploads/usu963/2024/02/psico2-1156x1536.jpg 1156w, https://agora.xtec.cat/ceipcascavell/wp-content/uploads/usu963/2024/02/psico2.jpg 1204w" sizes="auto, (max-width: 195px) 100vw, 195px" /></a>la Pràctica Psicomotriu Aucouturier, que es defineix com un mètode que té com a principal objectiu la maduració global dels infants a través de l’acció corporal.</span></p>
<p style="text-align: justify;"><span style="font-weight: 400;">Les sessions es caracteritzen per la seva pràctica pedagògica, que està basada en l’espontaneïtat dels infants afavorint així a la creativitat, la lliure expressió, a la significació afectiva al cos i moviment, i potenciant el desenvolupament lliure de la comunicació.</span></p>
<p style="text-align: justify;"><span style="font-weight: 400;">Les sessions s’organitzen destacant tres moments:</span></p>
<p style="text-align: justify;"><span style="font-weight: 400;">Els </span><b>rituals</b> <b>de psicomotricitat</b><span style="font-weight: 400;">, que donen pas a l’acció motriu o bé fan de tancament d’aquesta. Tenen una estructura d’ordre que es repeteix, de manera que són esperables i possibiliten una anticipació, fet que provoca una sensació de seguretat i confiança ja que ajuden a situar-se. </span></p>
<p style="text-align: justify;"><span style="font-weight: 400;"><a href="https://agora.xtec.cat/ceipcascavell/wp-content/uploads/usu963/2024/02/psico3.jpg"><img loading="lazy" decoding="async" class="size-medium wp-image-3254 alignleft" src="https://agora.xtec.cat/ceipcascavell/wp-content/uploads/usu963/2024/02/psico3-300x225.jpg" alt="" width="300" height="225" srcset="https://agora.xtec.cat/ceipcascavell/wp-content/uploads/usu963/2024/02/psico3-300x225.jpg 300w, https://agora.xtec.cat/ceipcascavell/wp-content/uploads/usu963/2024/02/psico3-1024x768.jpg 1024w, https://agora.xtec.cat/ceipcascavell/wp-content/uploads/usu963/2024/02/psico3-768x576.jpg 768w, https://agora.xtec.cat/ceipcascavell/wp-content/uploads/usu963/2024/02/psico3-1536x1152.jpg 1536w, https://agora.xtec.cat/ceipcascavell/wp-content/uploads/usu963/2024/02/psico3-200x150.jpg 200w, https://agora.xtec.cat/ceipcascavell/wp-content/uploads/usu963/2024/02/psico3.jpg 2000w" sizes="auto, (max-width: 300px) 100vw, 300px" /></a>El </span><b>joc i l’expressió motriu</b><span style="font-weight: 400;"> on els infants juguen condicionats únicament per la proposta i amb el material que el psicomotricista ha proposat i que aquest anirà reajustant i enriquint a mesura que la sessió avança. Aquest tipus d’activitat potencia bàsicament l’expressió corporal lliure dels infants i la interacció entre iguals, des de la qual manifesten la seva personalitat i es comuniquen de manera fluïda.</span></p>
<p style="text-align: justify;"><span style="font-weight: 400;">Posteriorment a la vivència psicomotriu, i passant per un ritual de </span><b>relaxació</b><span style="font-weight: 400;">, donem espai a la </span><b>representació i interiorització</b><span style="font-weight: 400;">. Un espai de record, simbolisme i reflexió, en el qual els alumnes poden projectar les seves emocions, expressar sentiments emergents, elaborar percepcions i prendre consciència de la seva pròpia acció. I es que la paraula permet ordenar el pensament.</span></p>
<p><a href="https://agora.xtec.cat/ceipcascavell/wp-content/uploads/usu963/2024/02/psico5-scaled.jpg"><img loading="lazy" decoding="async" class="aligncenter size-medium wp-image-3253" src="https://agora.xtec.cat/ceipcascavell/wp-content/uploads/usu963/2024/02/psico5-300x199.jpg" alt="" width="300" height="199" srcset="https://agora.xtec.cat/ceipcascavell/wp-content/uploads/usu963/2024/02/psico5-300x199.jpg 300w, https://agora.xtec.cat/ceipcascavell/wp-content/uploads/usu963/2024/02/psico5-1024x680.jpg 1024w, https://agora.xtec.cat/ceipcascavell/wp-content/uploads/usu963/2024/02/psico5-768x510.jpg 768w, https://agora.xtec.cat/ceipcascavell/wp-content/uploads/usu963/2024/02/psico5-1536x1021.jpg 1536w, https://agora.xtec.cat/ceipcascavell/wp-content/uploads/usu963/2024/02/psico5-2048x1361.jpg 2048w" sizes="auto, (max-width: 300px) 100vw, 300px" /></a></p>

<p>“L&#8217;INFANT ES CONSTRUEIX A SÍ MATEIX A PARTIR DEL MOVIMENT. EL SEU DESENVOLUPAMENT VA DE L&#8217;ACTE AL PENSAMENT.” HENRI WALLON A Infantil les sessions de psicomotricitat que duem a terme segueixen la Pràctica Psicomotriu Aucouturier, que es defineix com un mètode que té com a principal objectiu la maduració global dels infants a través de [&hellip;]</p>
