{"id":1182,"date":"2020-01-13T15:56:53","date_gmt":"2020-01-13T14:56:53","guid":{"rendered":"http:\/\/agora.xtec.cat\/ceipcascavell\/?page_id=1182"},"modified":"2025-12-04T12:01:12","modified_gmt":"2025-12-04T11:01:12","slug":"documents-descola","status":"publish","type":"page","link":"https:\/\/agora.xtec.cat\/ceipcascavell\/lescola\/documents-descola\/","title":{"rendered":"Equip hum\u00e0"},"content":{"rendered":"<p><a href=\"https:\/\/agora.xtec.cat\/ceipcascavell\/wp-content\/uploads\/usu963\/2020\/03\/Captura-de-pantalla-2020-03-25-a-las-13.13.58.png\"><img loading=\"lazy\" decoding=\"async\" class=\"alignnone size-full wp-image-1715\" src=\"https:\/\/agora.xtec.cat\/ceipcascavell\/wp-content\/uploads\/usu963\/2020\/03\/Captura-de-pantalla-2020-03-25-a-las-13.13.58.png\" alt=\"\" width=\"1352\" height=\"1138\" srcset=\"https:\/\/agora.xtec.cat\/ceipcascavell\/wp-content\/uploads\/usu963\/2020\/03\/Captura-de-pantalla-2020-03-25-a-las-13.13.58.png 1352w, https:\/\/agora.xtec.cat\/ceipcascavell\/wp-content\/uploads\/usu963\/2020\/03\/Captura-de-pantalla-2020-03-25-a-las-13.13.58-300x253.png 300w, https:\/\/agora.xtec.cat\/ceipcascavell\/wp-content\/uploads\/usu963\/2020\/03\/Captura-de-pantalla-2020-03-25-a-las-13.13.58-768x646.png 768w, https:\/\/agora.xtec.cat\/ceipcascavell\/wp-content\/uploads\/usu963\/2020\/03\/Captura-de-pantalla-2020-03-25-a-las-13.13.58-1024x862.png 1024w\" sizes=\"auto, (max-width: 1352px) 100vw, 1352px\" \/><\/a><\/p>\n<h4><strong><span style=\"text-decoration: underline;\">EQUIP PEDAG\u00d2GIC DEL CENTRE<\/span><\/strong><\/h4>\n<p>&nbsp;<\/p>\n<table style=\"border-collapse: collapse; width: 100%; height: 96px;\">\n<tbody>\n<tr style=\"height: 32px;\">\n<td style=\"width: 33.3333%; height: 32px; background-color: #f5c63b; border-color: #000000; text-align: center;\" colspan=\"3\"><strong>EQUIP DIRECTIU<\/strong><\/td>\n<\/tr>\n<tr style=\"height: 32px;\">\n<td style=\"width: 33.3333%; height: 32px; text-align: center; border-color: #000000; background-color: #f5e09d;\"><strong>DIRECTOR<\/strong><\/td>\n<td style=\"width: 33.3333%; height: 32px; text-align: center; border-color: #000000; background-color: #f5e09d;\"><strong>CAP D&#8217;ESTUDIS<\/strong><\/td>\n<td style=\"width: 33.3333%; height: 32px; text-align: center; border-color: #000000; background-color: #f5e09d;\"><strong>SECRETARIA<\/strong><\/td>\n<\/tr>\n<tr style=\"height: 32px;\">\n<td style=\"width: 33.3333%; height: 32px; text-align: center;\"><strong>FRANCESC CORTACANS<\/strong><\/td>\n<td style=\"width: 33.3333%; height: 32px; text-align: center;\"><strong>GEORGINA VIDAL<\/strong><\/td>\n<td style=\"width: 33.3333%; height: 32px; text-align: center;\"><strong>LAURA PECHOABIERTO<\/strong><\/td>\n<\/tr>\n<\/tbody>\n<\/table>\n<p>&nbsp;<\/p>\n<table style=\"border-collapse: collapse; width: 100%;\">\n<tbody>\n<tr>\n<td style=\"width: 14.2857%; border-color: #000000; background-color: #b5d694; text-align: center;\" colspan=\"7\"><strong>COORDINACIONS<\/strong><\/td>\n<\/tr>\n<tr>\n<td style=\"width: 14.2857%; text-align: center; border-color: #000000; background-color: #d4d4d4;\"><strong>ETAPA INFANTIL<\/strong><\/td>\n<td style=\"width: 14.2857%; text-align: center; border-color: #000000; background-color: #d4d4d4;\"><strong>ETAPA PRIM\u00c0RIA<\/strong><\/td>\n<td style=\"width: 14.2857%; text-align: center; border-color: #000000; background-color: #d4d4d4;\"><strong>COORDINACI\u00d3 DIGITAL<\/strong><\/td>\n<td style=\"width: 14.2857%; text-align: center; border-color: #000000; background-color: #d4d4d4;\"><strong>COORDINACI\u00d3 LING\u00dc\u00cdSTICA<\/strong><\/td>\n<td style=\"width: 14.2857%; text-align: center; border-color: #000000; background-color: #d4d4d4;\"><strong>PREVENCI\u00d3<\/strong><\/td>\n<td style=\"width: 14.2857%; text-align: center; border-color: #000000; background-color: #d4d4d4;\"><strong>COCOBE<\/strong><\/td>\n<td style=\"width: 14.2857%; text-align: center; border-color: #000000; background-color: #d4d4d4;\"><strong>EDUCACI\u00d3 ESPECIAL<\/strong><\/td>\n<\/tr>\n<tr>\n<td style=\"width: 14.2857%; text-align: center; border-color: #000000;\"><strong>MAITE S\u00c1NCHEZ<\/strong><\/td>\n<td style=\"width: 14.2857%; text-align: center; border-color: #000000;\"><strong>GL\u00d2RIA CLAP\u00c9S<\/strong><\/td>\n<td style=\"width: 14.2857%; text-align: center; border-color: #000000;\"><strong>PAU GARC\u00c9S<\/strong><\/td>\n<td style=\"width: 14.2857%; text-align: center; border-color: #000000;\"><strong>TANIA FERNANDEZ<\/strong><\/td>\n<td style=\"width: 14.2857%; text-align: center; border-color: #000000;\"><strong>FRANCESC L\u00d3PEZ<\/strong><\/td>\n<td style=\"width: 14.2857%; text-align: center; border-color: #000000;\"><strong>SARAY ROLD\u00c1N<\/strong><\/td>\n<td style=\"width: 14.2857%; text-align: center; border-color: #000000;\"><strong>ROSER CABALL\u00c9<\/strong><\/td>\n<\/tr>\n<\/tbody>\n<\/table>\n<p>&nbsp;<\/p>\n<table style=\"border-collapse: collapse; width: 100%; height: 570px;\">\n<tbody>\n<tr style=\"height: 32px;\">\n<td style=\"width: 50%; border-color: #000000; background-color: #72b0f2; text-align: center; height: 32px;\" colspan=\"2\"><strong>TUTORIES<\/strong><\/td>\n<\/tr>\n<tr style=\"height: 32px;\">\n<td style=\"width: 50%; text-align: center; border-color: #000000; background-color: #c4c4c4; height: 32px;\"><strong>INFANTIL<\/strong><\/td>\n<td style=\"width: 50%; text-align: center; border-color: #000000; background-color: #c4c4c4; height: 32px;\"><strong>CODOC\u00c8NCIA<\/strong><\/td>\n<\/tr>\n<tr style=\"height: 176px;\">\n<td style=\"width: 50%; text-align: center; height: 176px;\"><strong>I3 SARAY ROLD\u00c1N<\/strong><\/p>\n<p><strong>I4 MARINA PONCE<\/strong><\/p>\n<p><strong>I5 MARIA FERN\u00c1NDEZ<\/strong><\/td>\n<td style=\"width: 50%; text-align: center; height: 176px;\"><strong>ANGL\u00c8S: YOLANDA FLORES<\/strong><\/p>\n<p><strong>EE: GEORGINA VIDAL<\/strong><\/p>\n<p><strong>REFOR\u00c7: MAITE S\u00c1NCHEZ<\/strong><\/p>\n<p><strong>PSICOMOTRICITAT: GERARD DURRIEUX\u00a0<\/strong><\/p>\n<p><strong>SIEI: BERTA RUA, VANESA HERN\u00c1NDEZ, SARA CASTRO<\/strong><\/td>\n<\/tr>\n<tr style=\"height: 32px;\">\n<td style=\"width: 50%; text-align: center; border-color: #000000; background-color: #d6d4d4; height: 32px;\"><strong>PRIM\u00c0RIA<\/strong><\/td>\n<td style=\"width: 50%; text-align: center; border-color: #000000; background-color: #d6d4d4; height: 32px;\"><strong>CODOC\u00c8NCIA<\/strong><\/td>\n<\/tr>\n<tr style=\"height: 298px;\">\n<td style=\"width: 50%; text-align: center; height: 298px;\"><strong>1R ESTELA GILPEREZ<\/strong><\/p>\n<p><strong>2N PAU GARC\u00c9S<\/strong><\/p>\n<p><strong>3R MARGARITA CALVO<\/strong><\/p>\n<p><strong>4T MARTA SANTANO<\/strong><\/p>\n<p><strong>5\u00c8 GLORIA CLAP\u00c9S<\/strong><\/p>\n<p><strong>6\u00c8: MIREIA GARC\u00cdA GARRIDO<\/strong><\/td>\n<td style=\"width: 50%; text-align: center; height: 298px;\"><strong>FRANCESC CORTACANS<\/strong><\/p>\n<p><strong>FRANCESC L\u00d3PEZ<\/strong><\/p>\n<p><strong>GERARD DURRIEUX\u00a0<\/strong><\/p>\n<p><strong>EE: ROSER CABALL\u00c9<\/strong><\/p>\n<p><strong>M\u00daSICA: LAURA PECHOBIERTO<\/strong><\/p>\n<p><strong>AULA D&#8217;ACOLLIDA: TANIA FERN\u00c1NDEZ<\/strong><\/p>\n<p><strong>ANGL\u00c8S: YOLANDA FLORES<\/strong><\/td>\n<\/tr>\n<\/tbody>\n<\/table>\n<table style=\"border-collapse: collapse; width: 100%; height: 257px;\">\n<tbody>\n<tr style=\"height: 52px;\">\n<td style=\"width: 100%; background-color: #f7ee45; text-align: center; height: 52px;\"><strong>PERSONAL D&#8217;ADMINISTRACI\u00d3 ( EDUCATIVA I SERVEIS )<\/strong><\/td>\n<\/tr>\n<tr style=\"height: 205px;\">\n<td style=\"width: 100%; height: 205px;\">\n<p style=\"text-align: center;\"><strong>I3 TEI: MARIA P\u00c9REZ<\/strong><\/p>\n<p style=\"text-align: center;\"><strong>TIS: NAOMI ARTIAGA<\/strong><\/p>\n<p style=\"text-align: center;\"><strong>ADMINISTRATIVA: ISABEL L\u00d3PEZ<\/strong><\/p>\n<p style=\"text-align: center;\"><strong>CONSERGERIA: OSCAR<\/strong><\/p>\n<\/td>\n<\/tr>\n<\/tbody>\n<\/table>\n<p>&nbsp;<\/p>\n<p>&nbsp;<\/p>\n<p>&nbsp;<\/p>\n<p>&nbsp;<\/p>\n","protected":false},"excerpt":{"rendered":"<p>EQUIP PEDAG\u00d2GIC DEL CENTRE &nbsp; EQUIP DIRECTIU DIRECTOR CAP D&#8217;ESTUDIS SECRETARIA FRANCESC CORTACANS GEORGINA VIDAL LAURA PECHOABIERTO &nbsp; COORDINACIONS ETAPA INFANTIL ETAPA PRIM\u00c0RIA COORDINACI\u00d3 DIGITAL COORDINACI\u00d3 LING\u00dc\u00cdSTICA PREVENCI\u00d3 COCOBE EDUCACI\u00d3 ESPECIAL MAITE S\u00c1NCHEZ GL\u00d2RIA CLAP\u00c9S PAU GARC\u00c9S TANIA FERNANDEZ FRANCESC L\u00d3PEZ SARAY ROLD\u00c1N ROSER CABALL\u00c9 &nbsp; TUTORIES INFANTIL CODOC\u00c8NCIA I3 SARAY ROLD\u00c1N I4 MARINA PONCE [&hellip;]<\/p>\n","protected":false},"author":1,"featured_media":0,"parent":22,"menu_order":3,"comment_status":"closed","ping_status":"closed","template":"","meta":{"_bbp_topic_count":0,"_bbp_reply_count":0,"_bbp_total_topic_count":0,"_bbp_total_reply_count":0,"_bbp_voice_count":0,"_bbp_anonymous_reply_count":0,"_bbp_topic_count_hidden":0,"_bbp_reply_count_hidden":0,"_bbp_forum_subforum_count":0,"site-sidebar-layout":"default","site-content-layout":"","ast-site-content-layout":"default","site-content-style":"default","site-sidebar-style":"default","ast-global-header-display":"","ast-banner-title-visibility":"","ast-main-header-display":"","ast-hfb-above-header-display":"","ast-hfb-below-header-display":"","ast-hfb-mobile-header-display":"","site-post-title":"","ast-breadcrumbs-content":"","ast-featured-img":"","footer-sml-layout":"","theme-transparent-header-meta":"default","adv-header-id-meta":"","stick-header-meta":"","header-above-stick-meta":"","header-main-stick-meta":"","header-below-stick-meta":"","astra-migrate-meta-layouts":"set","ast-page-background-enabled":"default","ast-page-background-meta":{"desktop":{"background-color":"var(--ast-global-color-4)","background-image":"","background-repeat":"repeat","background-position":"center center","background-size":"auto","background-attachment":"scroll","background-type":"","background-media":"","overlay-type":"","overlay-color":"","overlay-opacity":"","overlay-gradient":""},"tablet":{"background-color":"","background-image":"","background-repeat":"repeat","background-position":"center center","background-size":"auto","background-attachment":"scroll","background-type":"","background-media":"","overlay-type":"","overlay-color":"","overlay-opacity":"","overlay-gradient":""},"mobile":{"background-color":"","background-image":"","background-repeat":"repeat","background-position":"center center","background-size":"auto","background-attachment":"scroll","background-type":"","background-media":"","overlay-type":"","overlay-color":"","overlay-opacity":"","overlay-gradient":""}},"ast-content-background-meta":{"desktop":{"background-color":"var(--ast-global-color-5)","background-image":"","background-repeat":"repeat","background-position":"center center","background-size":"auto","background-attachment":"scroll","background-type":"","background-media":"","overlay-type":"","overlay-color":"","overlay-opacity":"","overlay-gradient":""},"tablet":{"background-color":"var(--ast-global-color-5)","background-image":"","background-repeat":"repeat","background-position":"center center","background-size":"auto","background-attachment":"scroll","background-type":"","background-media":"","overlay-type":"","overlay-color":"","overlay-opacity":"","overlay-gradient":""},"mobile":{"background-color":"var(--ast-global-color-5)","background-image":"","background-repeat":"repeat","background-position":"center center","background-size":"auto","background-attachment":"scroll","background-type":"","background-media":"","overlay-type":"","overlay-color":"","overlay-opacity":"","overlay-gradient":""}},"footnotes":""},"class_list":["post-1182","page","type-page","status-publish","hentry"],"post_mailing_queue_ids":[],"_links":{"self":[{"href":"https:\/\/agora.xtec.cat\/ceipcascavell\/wp-json\/wp\/v2\/pages\/1182","targetHints":{"allow":["GET"]}}],"collection":[{"href":"https:\/\/agora.xtec.cat\/ceipcascavell\/wp-json\/wp\/v2\/pages"}],"about":[{"href":"https:\/\/agora.xtec.cat\/ceipcascavell\/wp-json\/wp\/v2\/types\/page"}],"author":[{"embeddable":true,"href":"https:\/\/agora.xtec.cat\/ceipcascavell\/wp-json\/wp\/v2\/users\/1"}],"replies":[{"embeddable":true,"href":"https:\/\/agora.xtec.cat\/ceipcascavell\/wp-json\/wp\/v2\/comments?post=1182"}],"version-history":[{"count":7,"href":"https:\/\/agora.xtec.cat\/ceipcascavell\/wp-json\/wp\/v2\/pages\/1182\/revisions"}],"predecessor-version":[{"id":3813,"href":"https:\/\/agora.xtec.cat\/ceipcascavell\/wp-json\/wp\/v2\/pages\/1182\/revisions\/3813"}],"up":[{"embeddable":true,"href":"https:\/\/agora.xtec.cat\/ceipcascavell\/wp-json\/wp\/v2\/pages\/22"}],"wp:attachment":[{"href":"https:\/\/agora.xtec.cat\/ceipcascavell\/wp-json\/wp\/v2\/media?parent=1182"}],"curies":[{"name":"wp","href":"https:\/\/api.w.org\/{rel}","templated":true}]}}