{"id":30,"date":"2014-09-18T12:30:23","date_gmt":"2014-09-18T11:30:23","guid":{"rendered":"http:\/\/agora.xtec.cat\/ceipcarrassumada\/?page_id=30"},"modified":"2026-04-09T10:29:22","modified_gmt":"2026-04-09T08:29:22","slug":"instal%c2%b7lacions","status":"publish","type":"page","link":"https:\/\/agora.xtec.cat\/ceipcarrassumada\/lescola\/instal%c2%b7lacions\/","title":{"rendered":"Instal\u00b7lacions"},"content":{"rendered":"<p>La nostra escola es d&#8217;una l\u00ednia i consta dels seg\u00fcents espais:<\/p>\n<div>\n<table>\n<tbody>\n<tr>\n<td style=\"width: 218px;\">\n<div style=\"text-align: center;\">Planta baixa<\/div>\n<\/td>\n<td style=\"text-align: center; width: 216px;\">Primera planta<\/td>\n<td style=\"width: 203px;\">\n<div style=\"text-align: center;\">Segona planta<\/div>\n<\/td>\n<\/tr>\n<tr>\n<td style=\"width: 218px;\">\n<ul>\n<li>2 aules d&#8217;infantil\u00a0 \u00a0 \u00a0 \u00a0 \u00a0 (I3, I4 )<\/li>\n<li>Aula de m\u00fasica<\/li>\n<li>Aula de refor\u00e7 d&#8217;infantil<\/li>\n<li>Aula de psicomotricitat<\/li>\n<li>Biblioteca<\/li>\n<li>Menjador<\/li>\n<\/ul>\n<\/td>\n<td style=\"width: 216px;\">\n<ul>\n<li>Aules de prim\u00e0ria (de 1r a 4t)<\/li>\n<li>Aula de refor\u00e7 de prim\u00e0ria<\/li>\n<li>Aula I5-A<\/li>\n<li>Aula I5-B<\/li>\n<\/ul>\n<\/td>\n<td style=\"width: 203px;\">\n<ul>\n<li>\u00a0Aules de prim\u00e0ria (5\u00e8 i 6\u00e8)<\/li>\n<li>\u00a0Aula d&#8217;inform\u00e0tica i rob\u00f2tica<\/li>\n<\/ul>\n<\/td>\n<\/tr>\n<\/tbody>\n<\/table>\n<\/div>\n<p><strong><a href=\"https:\/\/drive.google.com\/file\/d\/1HQ6_NM15mfNDin0lkqtkYKIJnjiCEl3a\/view?usp=sharing\">V\u00cdDEO VISITA VIRTUAL DE L&#8217;ESCOLA\u00a0<\/a><\/strong><\/p>\n","protected":false},"excerpt":{"rendered":"<p>La nostra escola es d&#8217;una l\u00ednia i consta dels seg\u00fcents espais: Planta baixa Primera planta Segona planta 2 aules d&#8217;infantil\u00a0 \u00a0 \u00a0 \u00a0 \u00a0 (I3, I4 ) Aula de m\u00fasica Aula de refor\u00e7 d&#8217;infantil Aula de psicomotricitat Biblioteca Menjador Aules de prim\u00e0ria (de 1r a 4t) Aula de refor\u00e7 de prim\u00e0ria Aula I5-A Aula I5-B [&hellip;]<\/p>\n","protected":false},"author":1,"featured_media":0,"parent":22,"menu_order":30,"comment_status":"closed","ping_status":"closed","template":"","meta":{"_bbp_topic_count":0,"_bbp_reply_count":0,"_bbp_total_topic_count":0,"_bbp_total_reply_count":0,"_bbp_voice_count":0,"_bbp_anonymous_reply_count":0,"_bbp_topic_count_hidden":0,"_bbp_reply_count_hidden":0,"_bbp_forum_subforum_count":0,"site-sidebar-layout":"default","site-content-layout":"","ast-site-content-layout":"default","site-content-style":"default","site-sidebar-style":"default","ast-global-header-display":"","ast-banner-title-visibility":"","ast-main-header-display":"","ast-hfb-above-header-display":"","ast-hfb-below-header-display":"","ast-hfb-mobile-header-display":"","site-post-title":"","ast-breadcrumbs-content":"","ast-featured-img":"","footer-sml-layout":"","theme-transparent-header-meta":"default","adv-header-id-meta":"","stick-header-meta":"","header-above-stick-meta":"","header-main-stick-meta":"","header-below-stick-meta":"","astra-migrate-meta-layouts":"set","ast-page-background-enabled":"default","ast-page-background-meta":{"desktop":{"background-color":"var(--ast-global-color-4)","background-image":"","background-repeat":"repeat","background-position":"center center","background-size":"auto","background-attachment":"scroll","background-type":"","background-media":"","overlay-type":"","overlay-color":"","overlay-opacity":"","overlay-gradient":""},"tablet":{"background-color":"","background-image":"","background-repeat":"repeat","background-position":"center center","background-size":"auto","background-attachment":"scroll","background-type":"","background-media":"","overlay-type":"","overlay-color":"","overlay-opacity":"","overlay-gradient":""},"mobile":{"background-color":"","background-image":"","background-repeat":"repeat","background-position":"center center","background-size":"auto","background-attachment":"scroll","background-type":"","background-media":"","overlay-type":"","overlay-color":"","overlay-opacity":"","overlay-gradient":""}},"ast-content-background-meta":{"desktop":{"background-color":"var(--ast-global-color-5)","background-image":"","background-repeat":"repeat","background-position":"center center","background-size":"auto","background-attachment":"scroll","background-type":"","background-media":"","overlay-type":"","overlay-color":"","overlay-opacity":"","overlay-gradient":""},"tablet":{"background-color":"var(--ast-global-color-5)","background-image":"","background-repeat":"repeat","background-position":"center center","background-size":"auto","background-attachment":"scroll","background-type":"","background-media":"","overlay-type":"","overlay-color":"","overlay-opacity":"","overlay-gradient":""},"mobile":{"background-color":"var(--ast-global-color-5)","background-image":"","background-repeat":"repeat","background-position":"center center","background-size":"auto","background-attachment":"scroll","background-type":"","background-media":"","overlay-type":"","overlay-color":"","overlay-opacity":"","overlay-gradient":""}},"footnotes":""},"class_list":["post-30","page","type-page","status-publish","hentry"],"post_mailing_queue_ids":[],"_links":{"self":[{"href":"https:\/\/agora.xtec.cat\/ceipcarrassumada\/wp-json\/wp\/v2\/pages\/30","targetHints":{"allow":["GET"]}}],"collection":[{"href":"https:\/\/agora.xtec.cat\/ceipcarrassumada\/wp-json\/wp\/v2\/pages"}],"about":[{"href":"https:\/\/agora.xtec.cat\/ceipcarrassumada\/wp-json\/wp\/v2\/types\/page"}],"author":[{"embeddable":true,"href":"https:\/\/agora.xtec.cat\/ceipcarrassumada\/wp-json\/wp\/v2\/users\/1"}],"replies":[{"embeddable":true,"href":"https:\/\/agora.xtec.cat\/ceipcarrassumada\/wp-json\/wp\/v2\/comments?post=30"}],"version-history":[{"count":6,"href":"https:\/\/agora.xtec.cat\/ceipcarrassumada\/wp-json\/wp\/v2\/pages\/30\/revisions"}],"predecessor-version":[{"id":1597,"href":"https:\/\/agora.xtec.cat\/ceipcarrassumada\/wp-json\/wp\/v2\/pages\/30\/revisions\/1597"}],"up":[{"embeddable":true,"href":"https:\/\/agora.xtec.cat\/ceipcarrassumada\/wp-json\/wp\/v2\/pages\/22"}],"wp:attachment":[{"href":"https:\/\/agora.xtec.cat\/ceipcarrassumada\/wp-json\/wp\/v2\/media?parent=30"}],"curies":[{"name":"wp","href":"https:\/\/api.w.org\/{rel}","templated":true}]}}