{"id":3750,"date":"2020-04-17T21:50:48","date_gmt":"2020-04-17T19:50:48","guid":{"rendered":"http:\/\/agora.xtec.cat\/ceipcarmeguaschidarne\/?page_id=3750"},"modified":"2020-04-18T19:43:36","modified_gmt":"2020-04-18T17:43:36","slug":"horari-siei","status":"publish","type":"page","link":"https:\/\/agora.xtec.cat\/ceipcarmeguaschidarne\/recursos-educatius\/siei\/horari-siei\/","title":{"rendered":"Horari SIEI"},"content":{"rendered":"<p>Els nens i nenes haurien d&#8217;intentar seguir aquest horari i tenir una rutina di\u00e0ria de Dilluns a Divendres.<\/p>\n<p>Recordeu anar enviant fotos del que fan els\/les vostres fills\/es!!! I cada dimarts a les 16h videotrucada amb tots nosaltres!!!<\/p>\n<table cellspacing=\"0\" cellpadding=\"0\">\n<tbody>\n<tr>\n<td valign=\"middle\"><\/td>\n<td valign=\"middle\"><span style=\"color: #000000; font-family: Times; font-size: medium;\"><b><i>PROPOSTA ACTIVITATS<\/i><\/b><\/span><\/td>\n<\/tr>\n<tr>\n<td rowspan=\"3\" valign=\"middle\"><span style=\"color: #000000; font-family: Times; font-size: medium;\"><b>MAT\u00cd<\/b><\/span><\/p>\n<p><span style=\"color: #000000; font-family: Times; font-size: medium;\"><b>(09h a 10h)<\/b><\/span><\/td>\n<td valign=\"middle\"><span style=\"color: #000000; font-family: Times; font-size: medium;\"><b>BON DIA<\/b><\/span><\/p>\n<p><img loading=\"lazy\" decoding=\"async\" class=\"\" src=\"https:\/\/cdn02.tresc.cat\/media\/nfitxes\/31449\/01_011_00201166\/damaris.jpg\" alt=\"D\u00e0maris Gelabert - TRESC\" width=\"183\" height=\"130\" \/><\/p>\n<p><span style=\"color: #0000e9; font-family: Times; font-size: medium;\"><a href=\"https:\/\/www.youtube.com\/watch?v=4atoVE3t-yo\"><u>https:\/\/www.youtube.com\/watch?v=4atoVE3t-yo<\/u><u><\/u><\/a><\/span><\/td>\n<\/tr>\n<tr>\n<td valign=\"middle\"><span style=\"color: #000000; font-family: Times; font-size: medium;\"><b>ACTIVITAT LLENGUA O LECTURA CONTE<\/b><\/span><\/p>\n<p><img loading=\"lazy\" decoding=\"async\" class=\"\" src=\"https:\/\/i.blogs.es\/1aa658\/rosa-virus\/840_560.jpg\" alt=\"Rosa contra el virus&quot;, el cuento gratuito que puedes descargar ...\" width=\"200\" height=\"133\" \/><\/td>\n<\/tr>\n<tr>\n<td valign=\"middle\"><\/td>\n<\/tr>\n<tr>\n<td valign=\"middle\"><\/td>\n<td valign=\"middle\"><span style=\"color: #000000; font-family: Times; font-size: medium;\"><b>ACTIVITAT MATEM\u00c0TIQUES O LLIBRE MATEM\u00c0TIQUES<\/b><\/span><\/p>\n<p><img loading=\"lazy\" decoding=\"async\" class=\"\" src=\"https:\/\/parcdelasequia.cat\/wp-content\/uploads\/2019\/06\/numeros-e1560498702913.jpg\" alt=\"Exposici\u00f3 Matem\u00e0tiques i Vida \u2013 El sentit com\u00fa de les matem\u00e0tiques\" width=\"136\" height=\"147\" \/><\/td>\n<\/tr>\n<tr>\n<td valign=\"middle\"><span style=\"color: #000000; font-family: Times; font-size: medium;\"><b>ESMORZAR<\/b><\/span><\/p>\n<p><span style=\"color: #000000; font-family: Times; font-size: medium;\"><b>(11h a 11.30h)<\/b><\/span><\/td>\n<td valign=\"middle\"><img loading=\"lazy\" decoding=\"async\" class=\"\" src=\"https:\/\/www.hola.com\/imagenes\/cocina\/recetas\/20191021152137\/recetas-desayunos-diferentes\/0-736-6\/portada-desayuno-m.jpg\" alt=\"5 ideas f\u00e1ciles y saludables para el desayuno\" width=\"126\" height=\"126\" \/><\/td>\n<\/tr>\n<tr>\n<td valign=\"middle\"><span style=\"color: #000000; font-family: Times; font-size: medium;\"><b>MAT\u00cd\u00a0<\/b><\/span><\/p>\n<p><span style=\"color: #000000; font-family: Times; font-size: medium;\"><b>(11.30 a 12.30h)<\/b><\/span><\/td>\n<td valign=\"middle\"><span style=\"color: #000000; font-family: Times; font-size: medium;\"><b>MANUALITATS O JOCS<\/b><\/span><\/p>\n<p><span style=\"color: #000000; font-family: Times; font-size: medium;\"><span class=\"Apple-converted-space\"><img loading=\"lazy\" decoding=\"async\" class=\"\" src=\"https:\/\/www.sortirambnens.com\/wp-content\/uploads\/2018\/12\/manualitats-estiu-per-fer-amb-nens.jpg\" alt=\"MANUALITATS D'ESTIU PER FER AMB NENS - Sortir amb nens\" width=\"177\" height=\"118\" \/> <img loading=\"lazy\" decoding=\"async\" class=\"\" src=\"https:\/\/www.ecestaticos.com\/imagestatic\/clipping\/8e7\/172\/8e7172bf692d0302d858d5f2699d53f4\/los-peores-juegos-de-mesa-de-la-historia-si-esta-el-monopoly-por-que-son-tan-malos.jpg?mtime=1579565836\" alt=\"Educaci\u00f3n: Los peores juegos de mesa de la historia (s\u00ed, est\u00e1 el ...\" width=\"194\" height=\"109\" \/><\/span><\/span><\/td>\n<\/tr>\n<tr>\n<td valign=\"middle\"><span style=\"color: #000000; font-family: Times; font-size: medium;\"><b>(12.30h a 15h)<\/b><\/span><\/td>\n<td valign=\"middle\"><strong>DINAR<\/strong><\/p>\n<p><img loading=\"lazy\" decoding=\"async\" class=\"\" src=\"https:\/\/www.infobae.com\/new-resizer\/SLKfej7KEbCFR7-vHTLCQW8TPeI=\/750x0\/filters:quality(100)\/s3.amazonaws.com\/arc-wordpress-client-uploads\/infobae-wp\/wp-content\/uploads\/2018\/08\/01122831\/tendencias-recetas-destacada.jpg\" alt=\"Ideas y recetas imperdibles para cocinar un d\u00eda y que sobre comida ...\" width=\"202\" height=\"114\" \/><\/td>\n<\/tr>\n<tr>\n<td rowspan=\"3\" valign=\"middle\"><span style=\"color: #000000; font-family: Times; font-size: medium;\"><b>TARDA\u00a0<\/b><\/span><\/p>\n<p><span style=\"color: #000000; font-family: Times; font-size: medium;\"><b>(15h a 16.30h)<\/b><\/span><\/td>\n<td valign=\"middle\"><span style=\"color: #000000; font-family: Times; font-size: medium;\"><b>TIRABUIX\u00d3<\/b><\/span><\/p>\n<p><img loading=\"lazy\" decoding=\"async\" class=\"\" src=\"https:\/\/i.ytimg.com\/vi\/XkhvUQ-KxzY\/maxresdefault.jpg\" alt=\"taula primavera 2020 \u2013 TIRABUIX\u00d3\" width=\"212\" height=\"119\" \/><\/p>\n<p><span style=\"color: #0000e9; font-family: Times; font-size: medium;\"><a href=\"https:\/\/www.youtube.com\/watch?v=XkhvUQ-KxzY\"><u>https:\/\/www.youtube.com\/watch?v=XkhvUQ-KxzY<\/u><u><\/u><\/a><\/span><\/td>\n<\/tr>\n<tr>\n<td valign=\"middle\"><span style=\"color: #000000; font-family: Times; font-size: medium;\"><b>ACTIVITAT MEDI (O ALTRES ESPECIALITATS)<\/b><\/span><\/p>\n<p><img loading=\"lazy\" decoding=\"async\" class=\"\" src=\"https:\/\/ecocampvinyols.cat\/wp-content\/uploads\/2020\/02\/contes-infantils.jpg\" alt=\"Contes infantils sobre el respecte al medi ambient - ecocamp ...\" width=\"213\" height=\"161\" \/><\/td>\n<\/tr>\n<tr>\n<td valign=\"middle\"><span style=\"color: #000000; font-family: Times; font-size: medium;\"><b>JOCS<\/b><\/span><\/p>\n<p><img loading=\"lazy\" decoding=\"async\" class=\"\" src=\"https:\/\/www.ecestaticos.com\/imagestatic\/clipping\/8e7\/172\/8e7172bf692d0302d858d5f2699d53f4\/los-peores-juegos-de-mesa-de-la-historia-si-esta-el-monopoly-por-que-son-tan-malos.jpg?mtime=1579565836\" alt=\"Educaci\u00f3n: Los peores juegos de mesa de la historia (s\u00ed, est\u00e1 el ...\" width=\"215\" height=\"121\" \/><\/td>\n<\/tr>\n<\/tbody>\n<\/table>\n","protected":false},"excerpt":{"rendered":"<p>Els nens i nenes haurien d&#8217;intentar seguir aquest horari i tenir una rutina di\u00e0ria de Dilluns a Divendres.<br \/>\nRecordeu anar enviant fotos del que fan els\/les vostres fills\/es!!! I cada dimarts a les 16h videotrucada amb tots nosaltres!!!<\/p>\n<p>PROPOSTA ACTIVITATS<\/p>\n<p>MAT\u00cd<br \/>\n(09h a 10h)<br \/>\nBON DIA<\/p>\n<p><a href=\"https:\/\/www.youtube.com\/watch?v=4atoVE3t-yo\">https:\/\/www.youtube.com\/watch?v=4atoVE3t-yo<\/a><\/p>\n<p>ACTIVITAT LLENGUA O LECTURA&hellip;  <a href=\"https:\/\/agora.xtec.cat\/ceipcarmeguaschidarne\/recursos-educatius\/siei\/horari-siei\/\" title=\"Read Horari SIEI\">Llegeix m\u00e9s\u00bb<\/a><\/p>\n","protected":false},"author":1,"featured_media":0,"parent":3679,"menu_order":0,"comment_status":"closed","ping_status":"closed","template":"","meta":{"_bbp_topic_count":0,"_bbp_reply_count":0,"_bbp_total_topic_count":0,"_bbp_total_reply_count":0,"_bbp_voice_count":0,"_bbp_anonymous_reply_count":0,"_bbp_topic_count_hidden":0,"_bbp_reply_count_hidden":0,"_bbp_forum_subforum_count":0,"footnotes":""},"class_list":["post-3750","page","type-page","status-publish","hentry"],"post_mailing_queue_ids":[],"_links":{"self":[{"href":"https:\/\/agora.xtec.cat\/ceipcarmeguaschidarne\/wp-json\/wp\/v2\/pages\/3750","targetHints":{"allow":["GET"]}}],"collection":[{"href":"https:\/\/agora.xtec.cat\/ceipcarmeguaschidarne\/wp-json\/wp\/v2\/pages"}],"about":[{"href":"https:\/\/agora.xtec.cat\/ceipcarmeguaschidarne\/wp-json\/wp\/v2\/types\/page"}],"author":[{"embeddable":true,"href":"https:\/\/agora.xtec.cat\/ceipcarmeguaschidarne\/wp-json\/wp\/v2\/users\/1"}],"replies":[{"embeddable":true,"href":"https:\/\/agora.xtec.cat\/ceipcarmeguaschidarne\/wp-json\/wp\/v2\/comments?post=3750"}],"version-history":[{"count":3,"href":"https:\/\/agora.xtec.cat\/ceipcarmeguaschidarne\/wp-json\/wp\/v2\/pages\/3750\/revisions"}],"predecessor-version":[{"id":3755,"href":"https:\/\/agora.xtec.cat\/ceipcarmeguaschidarne\/wp-json\/wp\/v2\/pages\/3750\/revisions\/3755"}],"up":[{"embeddable":true,"href":"https:\/\/agora.xtec.cat\/ceipcarmeguaschidarne\/wp-json\/wp\/v2\/pages\/3679"}],"wp:attachment":[{"href":"https:\/\/agora.xtec.cat\/ceipcarmeguaschidarne\/wp-json\/wp\/v2\/media?parent=3750"}],"curies":[{"name":"wp","href":"https:\/\/api.w.org\/{rel}","templated":true}]}}