{"id":3593,"date":"2020-03-30T16:15:56","date_gmt":"2020-03-30T14:15:56","guid":{"rendered":"http:\/\/agora.xtec.cat\/ceipcarmeguaschidarne\/?page_id=3593"},"modified":"2020-04-01T11:01:34","modified_gmt":"2020-04-01T09:01:34","slug":"graella-setmanal-jo-em-quedo-a-casa","status":"publish","type":"page","link":"https:\/\/agora.xtec.cat\/ceipcarmeguaschidarne\/recursos-educatius\/recursos-primaria\/graella-setmanal-jo-em-quedo-a-casa\/","title":{"rendered":"1r"},"content":{"rendered":"<h3 style=\"text-align: center;\"><span style=\"text-decoration: underline;\">Graella setmanal: &#8220;Jo em quedo a casa&#8221;<\/span><\/h3>\n<p style=\"text-align: center;\"><strong>SETMANA DEL 30 DE MAR\u00c7 AL 3 D\u2019ABRIL DE 2020<\/strong><\/p>\n<table style=\"height: 1022px;\">\n<tbody>\n<tr style=\"height: 31px;\">\n<td style=\"width: 133px; height: 31px;\"><strong>\u00c0REES<\/strong><\/td>\n<td style=\"width: 470px; height: 31px;\"><strong>PROPOSTES D\u2019ACTIVITATS<\/strong><\/td>\n<\/tr>\n<tr style=\"height: 122px;\">\n<td style=\"width: 133px; height: 122px;\"><strong>CATAL\u00c0<\/strong><\/td>\n<td style=\"width: 470px; height: 122px;\">\n<ul>\n<li style=\"font-weight: 400;\"><span style=\"font-weight: 400;\"><a href=\"https:\/\/agora.xtec.cat\/ceipcarmeguaschidarne\/wp-content\/uploads\/usu1597\/2020\/03\/Completar-la-frase-al-final.pdf\">Completar la frase al final<\/a><\/span><span style=\"font-weight: 400;\"> Es tracta de compresions lecctores senzilles, a partir de les quals s&#8217;han d&#8217;acabar les frases que es proposen.\u00a0<\/span><\/li>\n<li style=\"font-weight: 400;\"><a href=\"https:\/\/agora.xtec.cat\/ceipcarmeguaschidarne\/wp-content\/uploads\/usu1597\/2020\/03\/Les-frases-perdudes-1.pdf\">Les frases perdudes<\/a>.<\/li>\n<\/ul>\n<\/td>\n<\/tr>\n<tr style=\"height: 166px;\">\n<td style=\"width: 133px; height: 166px;\"><strong>CASTELL\u00c0<\/strong><\/td>\n<td style=\"width: 470px; height: 166px;\">\n<ul>\n<li style=\"font-weight: 400;\"><span style=\"font-weight: 400;\">Escoltar el conte <\/span><a href=\"https:\/\/www.youtube.com\/watch?v=L8oe2tNA0PQ\"><span style=\"font-weight: 400;\">\u201cUn pu\u00f1ado de botones\u201d <\/span><\/a><span style=\"font-weight: 400;\">i escriure frases o un text breu sobre com \u00e9s la nostra fam\u00edlia. A l\u2019hora d\u2019escriure, cal tenir en compte: l\u2019escriptura de la maj\u00fascula al principi de frase, la separaci\u00f3 correcta de les paraules i la bona col\u00b7locaci\u00f3 del punt al final de frase o text.\u00a0\u00a0<\/span><\/li>\n<li style=\"font-weight: 400;\"><span style=\"font-weight: 400;\"><a href=\"https:\/\/agora.xtec.cat\/ceipcarmeguaschidarne\/wp-content\/uploads\/usu1597\/2020\/03\/Comprensions-lectores.pdf\">Comprensions lectores<\/a> amb exercicis i preguntes.<\/span><\/li>\n<\/ul>\n<\/td>\n<\/tr>\n<tr style=\"height: 188px;\">\n<td style=\"width: 133px; height: 188px;\"><strong>MATEM\u00c0TIQUES<\/strong><\/td>\n<td style=\"width: 470px; height: 188px;\">\n<ul>\n<li style=\"font-weight: 400;\"><span style=\"font-weight: 400;\"><a href=\"https:\/\/agora.xtec.cat\/ceipcarmeguaschidarne\/wp-content\/uploads\/usu1597\/2020\/03\/Fitxa-numeracio\u0301-fins-60-i-recta-nume\u0300rica.pdf\">Fitxa numeracio\u0301 fins 60 i recta nume\u0300rica<\/a>.\u00a0<\/span><\/li>\n<li style=\"font-weight: 400;\"><span style=\"font-weight: 400;\"><a href=\"https:\/\/agora.xtec.cat\/ceipcarmeguaschidarne\/wp-content\/uploads\/usu1597\/2020\/03\/Fitxa-simetria.pdf\">Fitxa simetria<\/a>.<\/span><\/li>\n<li style=\"font-weight: 400;\"><span style=\"font-weight: 400;\">C\u00e0lcul mental i problemes Quinzet. <\/span>\n<ul>\n<li style=\"font-weight: 400;\"><a href=\"https:\/\/agora.xtec.cat\/ceipcarmeguaschidarne\/wp-content\/uploads\/usu1597\/2020\/03\/Restes-del-quinzet.pdf\">Restes del quinzet<\/a>.<\/li>\n<li><a href=\"https:\/\/agora.xtec.cat\/ceipcarmeguaschidarne\/wp-content\/uploads\/usu1597\/2020\/03\/Sumes-del-quinzet.pdf\">Sumes del quinzet<\/a>.<\/li>\n<li><a href=\"https:\/\/agora.xtec.cat\/ceipcarmeguaschidarne\/wp-content\/uploads\/usu1597\/2020\/03\/Problemes-de-ca\u0300lcul-mental-Quinzet.pdf\">Problemes de ca\u0300lcul mental Quinzet<\/a><\/li>\n<li><a href=\"https:\/\/agora.xtec.cat\/ceipcarmeguaschidarne\/wp-content\/uploads\/usu1597\/2020\/03\/Problemes-2-ca\u0300lcul-mental-Quinzet.pdf\">Problemes 2 ca\u0300lcul mental Quinzet<\/a><\/li>\n<\/ul>\n<\/li>\n<\/ul>\n<\/td>\n<\/tr>\n<tr style=\"height: 144px;\">\n<td style=\"width: 133px; height: 144px;\"><strong>MEDI<\/strong><\/td>\n<td style=\"width: 470px; height: 144px;\">\n<ul>\n<li style=\"font-weight: 400;\"><a href=\"https:\/\/agora.xtec.cat\/ceipcarmeguaschidarne\/wp-content\/uploads\/usu1597\/2020\/03\/Fitxa-parts-de-la-casa.pdf\">Fitxa parts de la casa<\/a>.<\/li>\n<li style=\"font-weight: 400;\"><span style=\"font-weight: 400;\">Visualitzaci\u00f3 dels v\u00eddeos <\/span><a href=\"https:\/\/youtu.be\/ThbSPNlRz0o\"><span style=\"font-weight: 400;\">\u201cEl reino de las plantas\u201d<\/span><\/a><span style=\"font-weight: 400;\"> i <\/span><a href=\"https:\/\/youtu.be\/GIdzNQqsr74\"><span style=\"font-weight: 400;\">\u201cCuriosidades de las plantas\u201d.<\/span><\/a><span style=\"font-weight: 400;\"> Despr\u00e9s, podem dibuixar alguna planta que ens agradi i interessi, com tamb\u00e9 escriure perqu\u00e8 s\u00f3n tan importants les plantes per al nostre planeta.\u00a0<\/span><\/li>\n<\/ul>\n<\/td>\n<\/tr>\n<tr style=\"height: 183px;\">\n<td style=\"width: 133px; height: 183px;\"><strong>VALORS\u00a0<\/strong><\/td>\n<td style=\"width: 470px; height: 183px;\">\n<ul>\n<li style=\"font-weight: 400;\"><span style=\"font-weight: 400;\">Visionat del curt <\/span><a href=\"https:\/\/www.youtube.com\/watch?v=ihuWdA645LQ#action=share\"><span style=\"font-weight: 400;\">\u201cCan\u00e7\u00f3 de pluja\u201d,<\/span><\/a><span style=\"font-weight: 400;\"> sobre el valor de l\u2019amistat. Escriure una carta al teu amic o amiga explicant perqu\u00e8 sou amics i qu\u00e8 us agrada fer junts.<\/span><\/li>\n<\/ul>\n<p><b>CAN\u00c7\u00d3 DE PLUJA<\/b><span style=\"font-weight: 400;\">. The s<\/span><i><span style=\"font-weight: 400;\">ong for rain <\/span><\/i><span style=\"font-weight: 400;\">narra la hist\u00f2ria d\u2019un nen que despr\u00e9s de trobar-se amb una guineu, decideix ajudar-la sota la pluja de la ciutat. Fant\u00e0stica per treballar un valor imprescindible: el de l\u2019<\/span><b>amistat<\/b><span style=\"font-weight: 400;\">.<\/span><\/td>\n<\/tr>\n<tr style=\"height: 80px;\">\n<td style=\"width: 133px; height: 80px;\"><strong>CREATIVITAT<\/strong><\/td>\n<td style=\"width: 470px; height: 80px;\">\n<ul>\n<li style=\"font-weight: 400;\"><span style=\"font-weight: 400;\">Creaci\u00f3 d\u2019un <\/span><a href=\"http:\/\/clubpetitslectors.blogspot.com\/2015\/06\/manualitat-infantil-instruments-musicals-casolans.html\"><span style=\"font-weight: 400;\">instrument musical <\/span><\/a><span style=\"font-weight: 400;\">amb material reciclat.<\/span><\/li>\n<li style=\"font-weight: 400;\"><a href=\"https:\/\/dibujosparaimprimir.net\/\"><span style=\"font-weight: 400;\">Imprimibles per pintar<\/span><\/a><span style=\"font-weight: 400;\">.<\/span><\/li>\n<\/ul>\n<\/td>\n<\/tr>\n<tr style=\"height: 31px;\">\n<td style=\"width: 133px; height: 31px;\"><strong>LLENGUA ANGLESA<\/strong><\/td>\n<td style=\"width: 470px; height: 31px;\">\n<ul>\n<li style=\"font-weight: 400;\"><span style=\"font-weight: 400;\">Review the routines watching these videos. Sing and enjoy them.<\/span><\/li>\n<\/ul>\n<ul>\n<li style=\"list-style-type: none;\">\n<ul>\n<li><a href=\"https:\/\/www.youtube.com\/watch?v=tVlcKp3bWH8\"><span style=\"font-weight: 400;\">Hello song<\/span><\/a><\/li>\n<li><a href=\"https:\/\/www.youtube.com\/watch?v=rD6FRDd9Hew\"><span style=\"font-weight: 400;\">How is the weather?<\/span><\/a><\/li>\n<li><a href=\"https:\/\/www.youtube.com\/watch?v=mXMofxtDPUQ\"><span style=\"font-weight: 400;\">Days of the week!<\/span><\/a><\/li>\n<\/ul>\n<\/li>\n<\/ul>\n<ul>\n<li style=\"font-weight: 400;\"><span style=\"font-weight: 400;\">This week we practise: <\/span><span style=\"font-weight: 400;\">food<\/span><span style=\"font-weight: 400;\"> vocabulary.\u00a0<\/span><\/li>\n<\/ul>\n<p><span style=\"font-weight: 400;\">\u00a0\u00a0\u00a0\u00a0\u00a0\u00a0\u00a01st &#8211; Watch these videos: <\/span><a href=\"https:\/\/www.youtube.com\/watch?v=97RDmFzzNlY\"><span style=\"font-weight: 400;\">\u00a0Food song<\/span><\/a><\/p>\n<p><span style=\"font-weight: 400;\">\u00a0 \u00a0 \u00a0 \u00a0 \u00a0 \u00a0 \u00a0 \u00a0 \u00a0 \u00a0 \u00a0 \u00a0 \u00a0 \u00a0 \u00a0 \u00a0 \u00a0 \u00a0 \u00a0 \u00a0 \u00a0 \u00a0 \u00a0 \u00a0 \u00a0 <\/span><a href=\"https:\/\/www.youtube.com\/watch?v=BilStuLzW6s\"><span style=\"font-weight: 400;\">What is it?<\/span><\/a><\/p>\n<p><span style=\"font-weight: 400;\">\u00a0\u00a0\u00a0\u00a0\u00a0\u00a0\u00a02nd &#8211; Do the <\/span><b>six<\/b> <a href=\"http:\/\/www.koalatext.com\/public\/index.php\/lessonsv2\/1\/13\"><span style=\"font-weight: 400;\">Food activities<\/span><\/a><span style=\"font-weight: 400;\"> online.<\/span><\/td>\n<\/tr>\n<tr style=\"height: 46px;\">\n<td style=\"width: 133px; height: 46px;\"><strong>ARTS AND CRAFT<\/strong><\/td>\n<td style=\"width: 470px; height: 46px;\"><span style=\"font-weight: 400;\">Decorate <a href=\"https:\/\/agora.xtec.cat\/ceipcarmeguaschidarne\/wp-content\/uploads\/usu1597\/2020\/04\/Easter-eggs.pdf\">Easter eggs<\/a>.<br \/>\n<\/span><\/td>\n<\/tr>\n<tr style=\"height: 31px;\">\n<td style=\"width: 133px; height: 31px;\"><strong>ANIVERSARIS<\/strong><\/td>\n<td style=\"width: 470px; height: 31px;\"><span style=\"font-weight: 400;\">Felicitem a la Jana de 1r F\u00facsia que el dia 4 d\u2019abril fa anys!!!<\/span><\/td>\n<\/tr>\n<\/tbody>\n<\/table>\n<p><a href=\"https:\/\/agora.xtec.cat\/ceipcarmeguaschidarne\/wp-content\/uploads\/usu1597\/2020\/03\/JANA.jpg\"><img loading=\"lazy\" decoding=\"async\" class=\"wp-image-3606 aligncenter\" src=\"https:\/\/agora.xtec.cat\/ceipcarmeguaschidarne\/wp-content\/uploads\/usu1597\/2020\/03\/JANA.jpg\" alt=\"\" width=\"365\" height=\"314\" srcset=\"https:\/\/agora.xtec.cat\/ceipcarmeguaschidarne\/wp-content\/uploads\/usu1597\/2020\/03\/JANA.jpg 570w, https:\/\/agora.xtec.cat\/ceipcarmeguaschidarne\/wp-content\/uploads\/usu1597\/2020\/03\/JANA-300x258.jpg 300w\" sizes=\"auto, (max-width: 365px) 100vw, 365px\" \/><\/a><\/p>\n<p>&nbsp;<\/p>\n<ul>\n<li>Compartim amb totes les fam\u00edlies aquest enlla\u00e7 de l&#8217;editorial Teide on de manera regular\u00a0 ens van proposant diferents activitats organitades per cursos i \u00e0rees per tal de\u00a0 fer m\u00e9s entretinguts aquests dies de confinament amb els nens i nens.<\/li>\n<\/ul>\n<p>Accedir-hi \u00e9s ben senzill, cal seguir les seg\u00fcents instruccions:<\/p>\n<ol>\n<li>Clicar l\u2019enlla\u00e7 <a href=\"https:\/\/web.editorialteide.com\/ca\/ensquedemacasa\/\" target=\"_blank\" rel=\"noopener noreferrer\" data-saferedirecturl=\"https:\/\/www.google.com\/url?q=https:\/\/web.editorialteide.com\/ca\/ensquedemacasa\/&amp;source=gmail&amp;ust=1584981711986000&amp;usg=AFQjCNF9-aH3gdwmA4GuByXVG8Er5Wy0uQ\">https:\/\/web.<wbr \/>editorialteide.com\/ca\/<wbr \/>ensquedemacasa\/<\/a><\/li>\n<li>Clicar el bot\u00f3 ACCEDEIX<\/li>\n<li>Triar el curs i despr\u00e9s la mat\u00e8ria<\/li>\n<\/ol>\n<p>&nbsp;<\/p>\n<ul>\n<li>Des d&#8217;Innovamat segueixen\u00a0 oferint-nos cada setmana diferents activitats i reptes d&#8217;aventures ordenats per curs i amb una guia did\u00e0ctica adaptada a les fam\u00edlies i\u00a0 tots els materials adaptats per fer a casa.<\/li>\n<\/ul>\n<p><a href=\"https:\/\/innovamat.com\/blog\/ca\/?utm_source=clientes&amp;utm_medium=email&amp;utm_content=cat&amp;utm_campaign=kickoff-blog\">https:\/\/innovamat.com\/blog\/ca\/?utm_source=clientes&amp;utm_medium=email&amp;utm_content=cat&amp;utm_campaign=kickoff-blog<\/a><\/p>\n<p>&nbsp;<\/p>\n<p><span style=\"text-decoration: underline;\"><em><strong>Lectura:<\/strong><\/em><\/span><\/p>\n<ul>\n<li><em>El Tricicle<\/em> \u00e9s un recurs per a l\u2019escola que busca apropar els nens i nenes de 6 a 12 anys al m\u00f3n que els envolta. Clicant al seg\u00fcent enlla\u00e7 podreu llegir el setmanari El Tricicle:<\/li>\n<\/ul>\n<p><a href=\"https:\/\/bit.ly\/3agaEeX\">https:\/\/bit.ly\/3agaEeX<\/a><\/p>\n<ul>\n<li>Orientacions per a pares i mares. Llegir amb els fills i filles: Q\u00fcesti\u00f3 de confian\u00e7a, generositat i paci\u00e8ncia. <a href=\"https:\/\/www.fbofill.cat\/sites\/default\/files\/4Orientacions%20per%20a%20pares%20i%20mares.pdf\">https:\/\/www.fbofill.cat\/sites\/default\/files\/4Orientacions%20per%20a%20pares%20i%20mares.pdf<\/a><\/li>\n<li>En aquests enlla\u00e7os podreu trobar cinc lectures en catal\u00e0 i cinc en castell\u00e0, adre\u00e7ades a diferents nivells:<\/li>\n<\/ul>\n<p><a href=\"https:\/\/blog.barcanovainfantilijuvenil.cat\/?p=2671&amp;utm_campaign=campana-primaria-infantil-26-marzo&amp;utm_medium=email&amp;utm_source=acumbamail\">En catal\u00e0<\/a><\/p>\n<p><a href=\"https:\/\/www.anayainfantilyjuvenil.com\/noticia\/cinco-titulos-para-leer-gratis-desde-casa\/?utm_campaign=campana-primaria-infantil-26-marzo&amp;utm_medium=email&amp;utm_source=acumbamail\">En\u00a0 castell\u00e0<\/a><\/p>\n<p><a href=\"https:\/\/www.brunolibros.es\/noticia\/llibres-per-llegir-online\/?utm_campaign=campana-primaria-infantil-26-marzo&amp;utm_medium=email&amp;utm_source=acumbamail\">Altres<\/a><\/p>\n<p><em><strong>Recursos d&#8217;angl\u00e8s:<\/strong><\/em><\/p>\n<ul>\n<li>Una web molt interessant d&#8217;angl\u00e8s on trobareu can\u00e7ons, jocs, petites hist\u00f2ries&#8230; <a href=\"https:\/\/learnenglishkids.britishcouncil.org\/es\">https:\/\/learnenglishkids.britishcouncil.org\/es<\/a><\/li>\n<\/ul>\n<p><span style=\"text-decoration: underline;\"><em><strong>Juegos de Lengua Castellana:<\/strong><\/em><\/span><\/p>\n<ul>\n<li>Un llistat de jocs educatius online per a nens i nenes de 6 a 8 anys on podran con\u00e8ixer i repassar\u00a0 continguts propis de la Llengua Castellana.<\/li>\n<\/ul>\n<p><a href=\"http:\/\/www.cristic.com\/1o-y-2o-de-primaria\/castellano\/\">http:\/\/www.cristic.com\/1o-y-2o-de-primaria\/castellano\/<\/a><\/p>\n<ul>\n<li>Jocs de llengua, llenguatge i literatura sobre vocabulari, gr\u00e0matica, ortografia, sin\u00f2nims i ant\u00f2nims&#8230;<\/li>\n<\/ul>\n<p><a href=\"https:\/\/juegosinfantiles.bosquedefantasias.com\/lengua-literatura\/vocabulario\">https:\/\/juegosinfantiles.bosquedefantasias.com\/lengua-literatura\/vocabulario<\/a><\/p>\n","protected":false},"excerpt":{"rendered":"<p>Graella setmanal: &#8220;Jo em quedo a casa&#8221;<br \/>\nSETMANA DEL 30 DE MAR\u00c7 AL 3 D\u2019ABRIL DE 2020<\/p>\n<p>\u00c0REES<br \/>\nPROPOSTES D\u2019ACTIVITATS<\/p>\n<p>CATAL\u00c0<\/p>\n<ul>\n<li style=\"font-weight: 400;\"><a href=\"https:\/\/agora.xtec.cat\/ceipcarmeguaschidarne\/wp-content\/uploads\/usu1597\/2020\/03\/Completar-la-frase-al-final.pdf\">Completar la frase al final<\/a> Es tracta de compresions lecctores senzilles, a partir de les quals s&#8217;han d&#8217;acabar les frases que es proposen.\u00a0<\/li>\n<li style=\"font-weight: 400;\"><a href=\"https:\/\/agora.xtec.cat\/ceipcarmeguaschidarne\/wp-content\/uploads\/usu1597\/2020\/03\/Les-frases-perdudes-1.pdf\">Les&hellip;  <a href=\"https:\/\/agora.xtec.cat\/ceipcarmeguaschidarne\/recursos-educatius\/recursos-primaria\/graella-setmanal-jo-em-quedo-a-casa\/\" title=\"Read 1r\">Llegeix m\u00e9s\u00bb<\/a><br \/>\n","protected":false},"author":1,"featured_media":0,"parent":3261,"menu_order":0,"comment_status":"closed","ping_status":"closed","template":"","meta":{"_bbp_topic_count":0,"_bbp_reply_count":0,"_bbp_total_topic_count":0,"_bbp_total_reply_count":0,"_bbp_voice_count":0,"_bbp_anonymous_reply_count":0,"_bbp_topic_count_hidden":0,"_bbp_reply_count_hidden":0,"_bbp_forum_subforum_count":0,"footnotes":""},"class_list":["post-3593","page","type-page","status-publish","hentry"],"post_mailing_queue_ids":[],"_links":{"self":[{"href":"https:\/\/agora.xtec.cat\/ceipcarmeguaschidarne\/wp-json\/wp\/v2\/pages\/3593","targetHints":{"allow":["GET"]}}],"collection":[{"href":"https:\/\/agora.xtec.cat\/ceipcarmeguaschidarne\/wp-json\/wp\/v2\/pages"}],"about":[{"href":"https:\/\/agora.xtec.cat\/ceipcarmeguaschidarne\/wp-json\/wp\/v2\/types\/page"}],"author":[{"embeddable":true,"href":"https:\/\/agora.xtec.cat\/ceipcarmeguaschidarne\/wp-json\/wp\/v2\/users\/1"}],"replies":[{"embeddable":true,"href":"https:\/\/agora.xtec.cat\/ceipcarmeguaschidarne\/wp-json\/wp\/v2\/comments?post=3593"}],"version-history":[{"count":5,"href":"https:\/\/agora.xtec.cat\/ceipcarmeguaschidarne\/wp-json\/wp\/v2\/pages\/3593\/revisions"}],"predecessor-version":[{"id":3701,"href":"https:\/\/agora.xtec.cat\/ceipcarmeguaschidarne\/wp-json\/wp\/v2\/pages\/3593\/revisions\/3701"}],"up":[{"embeddable":true,"href":"https:\/\/agora.xtec.cat\/ceipcarmeguaschidarne\/wp-json\/wp\/v2\/pages\/3261"}],"wp:attachment":[{"href":"https:\/\/agora.xtec.cat\/ceipcarmeguaschidarne\/wp-json\/wp\/v2\/media?parent=3593"}],"curies":[{"name":"wp","href":"https:\/\/api.w.org\/{rel}","templated":true}]}}