{"id":701,"date":"2015-12-02T00:03:40","date_gmt":"2015-12-01T23:03:40","guid":{"rendered":"http:\/\/agora.xtec.cat\/ceipcarlesbuigas\/?page_id=701"},"modified":"2019-03-21T10:25:48","modified_gmt":"2019-03-21T09:25:48","slug":"reutilitzacio-llibres-de-text","status":"publish","type":"page","link":"https:\/\/agora.xtec.cat\/ceipcarlesbuigas\/projectes\/reutilitzacio-llibres-de-text\/","title":{"rendered":"Reutilitzaci\u00f3 Llibres de text"},"content":{"rendered":"<p>A la nostra escola participem en el Projecte de Reutilitzaci\u00f3 de llibres de text a Prim\u00e0ria. Les fam\u00edlies paguen una quota a final de curs en concepte dels llibres de text del nivell al qual anir\u00e0 el seu fill\/a. La Comissi\u00f3 de reutilitzaci\u00f3 els hi donaran aquests llibres per tal que els utilitzi durant el curs escolar. Depenent del curs, l\u2019import de la quota i els llibres socialitzats seran diferents.<\/p>\n<p>Es socialitzen tots els llibres, inclosos en els que s\u2019escriuen, en tots els cursos, excepte el de matem\u00e0tiques.<\/p>\n<p>Per\u00f2 els objectius d\u2019aquest projecte no es limiten a reduir la despesa familiar en concepte de llibres de text sin\u00f3 que, participar-hi, significa fomentar\u00a0 la responsabilitat i la cura del material, transmetre als nostres fills el valor de la solidaritat, la capacitat de compartir i el respecte al b\u00e9 com\u00fa, aix\u00ed com promoure la cultura del reciclatge i la reutilitzaci\u00f3 dels recursos.<\/p>\n<p>Per aquesta ra\u00f3, us demanem la vostra col\u00b7laboraci\u00f3 i implicaci\u00f3: durant tot el curs escolar per tal que feu un seguiment dels llibres del vostre fill\/a i a final de curs, per tal que vingueu a ajudar els\/les mestres a l\u2019hora de revisar els llibres de la classe per trobar-hi possibles llibres en mal estat.<\/p>\n","protected":false},"excerpt":{"rendered":"<p>A la nostra escola participem en el Projecte de Reutilitzaci\u00f3 de llibres de text a Prim\u00e0ria. Les fam\u00edlies paguen una quota a final de curs en concepte dels llibres de text del nivell al qual anir\u00e0 el seu fill\/a. La Comissi\u00f3 de reutilitzaci\u00f3 els hi&hellip;  <a href=\"https:\/\/agora.xtec.cat\/ceipcarlesbuigas\/projectes\/reutilitzacio-llibres-de-text\/\" title=\"Read Reutilitzaci\u00f3 Llibres de text\">Llegeix m\u00e9s\u00bb<\/a><\/p>\n","protected":false},"author":3,"featured_media":0,"parent":664,"menu_order":0,"comment_status":"closed","ping_status":"closed","template":"","meta":{"_bbp_topic_count":0,"_bbp_reply_count":0,"_bbp_total_topic_count":0,"_bbp_total_reply_count":0,"_bbp_voice_count":0,"_bbp_anonymous_reply_count":0,"_bbp_topic_count_hidden":0,"_bbp_reply_count_hidden":0,"_bbp_forum_subforum_count":0,"footnotes":""},"class_list":["post-701","page","type-page","status-publish","hentry"],"post_mailing_queue_ids":[],"_links":{"self":[{"href":"https:\/\/agora.xtec.cat\/ceipcarlesbuigas\/wp-json\/wp\/v2\/pages\/701","targetHints":{"allow":["GET"]}}],"collection":[{"href":"https:\/\/agora.xtec.cat\/ceipcarlesbuigas\/wp-json\/wp\/v2\/pages"}],"about":[{"href":"https:\/\/agora.xtec.cat\/ceipcarlesbuigas\/wp-json\/wp\/v2\/types\/page"}],"author":[{"embeddable":true,"href":"https:\/\/agora.xtec.cat\/ceipcarlesbuigas\/wp-json\/wp\/v2\/users\/3"}],"replies":[{"embeddable":true,"href":"https:\/\/agora.xtec.cat\/ceipcarlesbuigas\/wp-json\/wp\/v2\/comments?post=701"}],"version-history":[{"count":3,"href":"https:\/\/agora.xtec.cat\/ceipcarlesbuigas\/wp-json\/wp\/v2\/pages\/701\/revisions"}],"predecessor-version":[{"id":10560,"href":"https:\/\/agora.xtec.cat\/ceipcarlesbuigas\/wp-json\/wp\/v2\/pages\/701\/revisions\/10560"}],"up":[{"embeddable":true,"href":"https:\/\/agora.xtec.cat\/ceipcarlesbuigas\/wp-json\/wp\/v2\/pages\/664"}],"wp:attachment":[{"href":"https:\/\/agora.xtec.cat\/ceipcarlesbuigas\/wp-json\/wp\/v2\/media?parent=701"}],"curies":[{"name":"wp","href":"https:\/\/api.w.org\/{rel}","templated":true}]}}