{"id":36,"date":"2014-09-18T12:33:11","date_gmt":"2014-09-18T11:33:11","guid":{"rendered":"http:\/\/agora.xtec.cat\/ceipcarlesbuigas\/?page_id=36"},"modified":"2016-03-09T11:32:56","modified_gmt":"2016-03-09T10:32:56","slug":"material-escolar","status":"publish","type":"page","link":"https:\/\/agora.xtec.cat\/ceipcarlesbuigas\/lescola\/material-escolar\/","title":{"rendered":"Atenci\u00f3 a la diversitat"},"content":{"rendered":"<p>L\u2019atenci\u00f3 a les necessitats educatives de tot l\u2019alumnat del centre est\u00e0 plantejada des d\u2019una perspectiva global i per tant forma part de les actuacions priorit\u00e0ries de l\u2019escola.<\/p>\n<p>A l\u2019 Escola Carles Bu\u00efgas entenem els suports escolars com a totes aquelles mesures que articula el centre per donar resposta a les necessitats educatives dels alumnes (organitzatives, metodol\u00f2giques, curriculars&#8230;) que permetin el desenvolupament global de tots els alumnes i el millor grau d\u2019assoliment de les Compet\u00e8ncies B\u00e0siques.<\/p>\n<p>Els recursos personals del centre per atendre les necessitats educatives espec\u00edfiques de suport dels alumnes s\u00f3n:<\/p>\n<ul>\n<li>Els Mestres tutors<\/li>\n<li>Els Mestres especialistes (angl\u00e8s, m\u00fasica, educaci\u00f3 f\u00edsica)<\/li>\n<li>Els Mestres de Pedagogia Terap\u00e8utica (PT)<\/li>\n<li>Mestres de refor\u00e7 (educaci\u00f3 infantil)<\/li>\n<li>Serveis educatius:\n<ul>\n<li>EAP: Psicopedagog i Treballador Social<\/li>\n<li>Logopeda (CREDAV)\n<ul>\n<li>Altres:\n<ul>\n<ul>\n<li>DAPSI, CSMIJ, EAIA&#8230;.<\/li>\n<li>Serveis privats psicopedag\u00f2gics.<\/li>\n<\/ul>\n<\/ul>\n<\/li>\n<\/ul>\n<\/li>\n<\/ul>\n<\/li>\n<\/ul>\n<p>El suport espec\u00edfic dels professionals de Pedagogia Terap\u00e8utica del centre es considera, per tant, un recurs m\u00e9s per atendre les necessitats educatives espec\u00edfiques dels alumnes.<\/p>\n<p>L\u2019atenci\u00f3 educativa dels mestres de PT de l\u2019Escola Carles Bu\u00efgas, est\u00e0 adre\u00e7ada a l\u2019alumnat amb m\u00e9s necessitats de suport (prioritzant els alumnes que presenten m\u00e9s barreres a l\u2019aprenentatge i la participaci\u00f3 del centre). Tamb\u00e9 han de donar suport al professorat en la planificaci\u00f3 i concreci\u00f3 dels continguts, metodologia i avaluaci\u00f3 m\u00e9s adients en cada cas.<\/p>\n<p>L\u2019atenci\u00f3 als alumnes per part de les mestres de Pedagogia terap\u00e8utica es duu a terme:<\/p>\n<ul>\n<ul>\n<li>en grup redu\u00eft fora de l\u2019aula ordin\u00e0ria.<\/li>\n<li>atenci\u00f3 individual fora de l\u2019aula ordin\u00e0ria.<\/li>\n<li>dins l\u2019aula ordin\u00e0ria, conjuntament amb la tutora, per tal d\u2019oferir a aquest alumnat oportunitats de participar en els entorns i activitats el m\u00e9s normalitzats possible (racons, tallers, projectes&#8230;).<\/li>\n<\/ul>\n<\/ul>\n","protected":false},"excerpt":{"rendered":"<p>L\u2019atenci\u00f3 a les necessitats educatives de tot l\u2019alumnat del centre est\u00e0 plantejada des d\u2019una perspectiva global i per tant forma part de les actuacions priorit\u00e0ries de l\u2019escola.<br \/>\nA l\u2019 Escola Carles Bu\u00efgas entenem els suports escolars com a totes aquelles mesures que articula el centre per&hellip;  <a href=\"https:\/\/agora.xtec.cat\/ceipcarlesbuigas\/lescola\/material-escolar\/\" title=\"Read Atenci\u00f3 a la diversitat\">Llegeix m\u00e9s\u00bb<\/a><\/p>\n","protected":false},"author":1,"featured_media":0,"parent":22,"menu_order":70,"comment_status":"closed","ping_status":"closed","template":"page-templates\/side-menu.php","meta":{"_bbp_topic_count":0,"_bbp_reply_count":0,"_bbp_total_topic_count":0,"_bbp_total_reply_count":0,"_bbp_voice_count":0,"_bbp_anonymous_reply_count":0,"_bbp_topic_count_hidden":0,"_bbp_reply_count_hidden":0,"_bbp_forum_subforum_count":0,"footnotes":""},"class_list":["post-36","page","type-page","status-publish","hentry"],"post_mailing_queue_ids":[],"_links":{"self":[{"href":"https:\/\/agora.xtec.cat\/ceipcarlesbuigas\/wp-json\/wp\/v2\/pages\/36","targetHints":{"allow":["GET"]}}],"collection":[{"href":"https:\/\/agora.xtec.cat\/ceipcarlesbuigas\/wp-json\/wp\/v2\/pages"}],"about":[{"href":"https:\/\/agora.xtec.cat\/ceipcarlesbuigas\/wp-json\/wp\/v2\/types\/page"}],"author":[{"embeddable":true,"href":"https:\/\/agora.xtec.cat\/ceipcarlesbuigas\/wp-json\/wp\/v2\/users\/1"}],"replies":[{"embeddable":true,"href":"https:\/\/agora.xtec.cat\/ceipcarlesbuigas\/wp-json\/wp\/v2\/comments?post=36"}],"version-history":[{"count":3,"href":"https:\/\/agora.xtec.cat\/ceipcarlesbuigas\/wp-json\/wp\/v2\/pages\/36\/revisions"}],"predecessor-version":[{"id":1210,"href":"https:\/\/agora.xtec.cat\/ceipcarlesbuigas\/wp-json\/wp\/v2\/pages\/36\/revisions\/1210"}],"up":[{"embeddable":true,"href":"https:\/\/agora.xtec.cat\/ceipcarlesbuigas\/wp-json\/wp\/v2\/pages\/22"}],"wp:attachment":[{"href":"https:\/\/agora.xtec.cat\/ceipcarlesbuigas\/wp-json\/wp\/v2\/media?parent=36"}],"curies":[{"name":"wp","href":"https:\/\/api.w.org\/{rel}","templated":true}]}}