{"id":10518,"date":"2019-03-14T10:39:27","date_gmt":"2019-03-14T09:39:27","guid":{"rendered":"http:\/\/agora.xtec.cat\/ceipcarlesbuigas\/?page_id=10518"},"modified":"2019-03-14T10:42:03","modified_gmt":"2019-03-14T09:42:03","slug":"cantania","status":"publish","type":"page","link":"https:\/\/agora.xtec.cat\/ceipcarlesbuigas\/cantania\/","title":{"rendered":"Cant\u00e0nia"},"content":{"rendered":"<p>Ja fa molts anys que els\u00a0 alumnes de l&#8217;escola, de cicle superior, participen en la <strong>Cantania.<\/strong> La Cant\u00e0nia \u00e9s una activitat participativa dirigida a nois i noies de cicle mitj\u00e0 i superior de prim\u00e0ria. Organitzada des de L\u2019Auditori de Barcelona l\u2019objectiu \u00e9s fer participar als alumnes en una viv\u00e8ncia musical inoblidable per a tots.<\/p>\n<p>Durant el curs es prepara una Cantata escrita i composada per l\u2019ocasi\u00f3, cada any es tracte d\u2019un tema diferent, la feina culmina amb el concert que es fa, en el nostre cas, al Teatre-Auditori de Sant Cugat.<\/p>\n<p>Fins a dia d\u2019avui, Cant\u00e0nia s\u2019ha realitzat a m\u00e9s de 20 ciutats de 6 pa\u00efsos tant europeus com americans. Les xifres anuals s\u00f3n espectaculars! Al llarg d\u2019un curs escolar passen pels escenaris de totes les ciutats participants aproximadament 45.000 alumnes, 900 mestres de m\u00fasica de m\u00e9s de 980 escoles i 90.000 espectadors.<\/p>\n<p><a href=\"https:\/\/www.youtube.com\/watch?list=PLm93fkbbQI-ca5yhS2ONg3Jzrp78a_5-e&amp;v=3yD5mt31Hv0\">https:\/\/www.youtube.com\/watch?list=PLm93fkbbQI-ca5yhS2ONg3Jzrp78a_5-e&amp;v=3yD5mt31Hv0<\/a><\/p>\n","protected":false},"excerpt":{"rendered":"<p>Ja fa molts anys que els\u00a0 alumnes de l&#8217;escola, de cicle superior, participen en la Cantania. La Cant\u00e0nia \u00e9s una activitat participativa dirigida a nois i noies de cicle mitj\u00e0 i superior de prim\u00e0ria. Organitzada des de L\u2019Auditori de Barcelona l\u2019objectiu \u00e9s fer participar als&hellip;  <a href=\"https:\/\/agora.xtec.cat\/ceipcarlesbuigas\/cantania\/\" title=\"Read Cant\u00e0nia\">Llegeix m\u00e9s\u00bb<\/a><\/p>\n","protected":false},"author":3,"featured_media":0,"parent":0,"menu_order":0,"comment_status":"closed","ping_status":"closed","template":"","meta":{"_bbp_topic_count":0,"_bbp_reply_count":0,"_bbp_total_topic_count":0,"_bbp_total_reply_count":0,"_bbp_voice_count":0,"_bbp_anonymous_reply_count":0,"_bbp_topic_count_hidden":0,"_bbp_reply_count_hidden":0,"_bbp_forum_subforum_count":0,"footnotes":""},"class_list":["post-10518","page","type-page","status-publish","hentry"],"post_mailing_queue_ids":[],"_links":{"self":[{"href":"https:\/\/agora.xtec.cat\/ceipcarlesbuigas\/wp-json\/wp\/v2\/pages\/10518","targetHints":{"allow":["GET"]}}],"collection":[{"href":"https:\/\/agora.xtec.cat\/ceipcarlesbuigas\/wp-json\/wp\/v2\/pages"}],"about":[{"href":"https:\/\/agora.xtec.cat\/ceipcarlesbuigas\/wp-json\/wp\/v2\/types\/page"}],"author":[{"embeddable":true,"href":"https:\/\/agora.xtec.cat\/ceipcarlesbuigas\/wp-json\/wp\/v2\/users\/3"}],"replies":[{"embeddable":true,"href":"https:\/\/agora.xtec.cat\/ceipcarlesbuigas\/wp-json\/wp\/v2\/comments?post=10518"}],"version-history":[{"count":2,"href":"https:\/\/agora.xtec.cat\/ceipcarlesbuigas\/wp-json\/wp\/v2\/pages\/10518\/revisions"}],"predecessor-version":[{"id":10521,"href":"https:\/\/agora.xtec.cat\/ceipcarlesbuigas\/wp-json\/wp\/v2\/pages\/10518\/revisions\/10521"}],"wp:attachment":[{"href":"https:\/\/agora.xtec.cat\/ceipcarlesbuigas\/wp-json\/wp\/v2\/media?parent=10518"}],"curies":[{"name":"wp","href":"https:\/\/api.w.org\/{rel}","templated":true}]}}