{"id":829,"date":"2018-01-31T12:08:17","date_gmt":"2018-01-31T11:08:17","guid":{"rendered":"http:\/\/agora.xtec.cat\/ceipcansalvi\/?page_id=829"},"modified":"2025-09-15T11:53:38","modified_gmt":"2025-09-15T09:53:38","slug":"sortides-i-colonies","status":"publish","type":"page","link":"https:\/\/agora.xtec.cat\/ceipcansalvi\/activitats\/sortides-i-colonies\/","title":{"rendered":"Sortides i col\u00f2nies"},"content":{"rendered":"<p class=\"textbox\" dir=\"ltr\" style=\"text-align: justify;\">Al llarg del curs l&#8217;escola Can Salvi t\u00e9 programades diferents sortides per a cada cicle. Totes elles s\u00f3n un complement d&#8217;all\u00f2 que es treballa a l&#8217;aula, i per tant formen part del projecte pedag\u00f2gic del centre. A l&#8217;inici de curs, s&#8217;informa de les sortides i de les activitats o tallers que s&#8217;hi duran a terme, l&#8217;import, etc.<img loading=\"lazy\" decoding=\"async\" class=\"irc_mi aligncenter\" src=\"http:\/\/canribascasadecolonies.cat\/images\/sortides-escolars.jpg\" alt=\"Resultat d'imatges de sortides\" width=\"213\" height=\"213\" \/><\/p>\n<p style=\"text-align: justify;\">A finals de cicle (I5, 2n, 4t i 6\u00e8) tamb\u00e9 es fan col\u00f2nies, sempre hi quan s&#8217;arribi als m\u00ednims establerts. En el cas de I5 i 2n \u00e9s una nit, i a 4t i 6\u00e8, s\u00f3n dues nits fora de casa.<\/p>\n<p class=\"textbox\" dir=\"ltr\" style=\"text-align: justify;\"><img loading=\"lazy\" decoding=\"async\" class=\"aligncenter\" src=\"http:\/\/agora.xtec.cat\/zer-riuiserra\/wp-content\/uploads\/usu446\/2017\/11\/COL%C3%92NIES.png\" alt=\"http:\/\/agora.xtec.cat\/zer-riuiserra\/wp-content\/uploads\/usu446\/2017\/11\/COL%C3%92NIES.png\" width=\"213\" height=\"213\" \/><\/p>\n<p class=\"textbox\" dir=\"ltr\" style=\"text-align: justify;\">Tant per a les sortides d&#8217;un dia, com per les col\u00f2nies \u00e9s imprescindible portar el pagament i l&#8217;autoritzaci\u00f3 degudament complimentada dins del termini establert, de no ser aix\u00ed l&#8217;alumne\/a no podr\u00e0 assistir a la sortida.<\/p>\n","protected":false},"excerpt":{"rendered":"<p>Al llarg del curs l&#8217;escola Can Salvi t\u00e9 programades diferents sortides per a cada cicle. Totes elles s\u00f3n un complement d&#8217;all\u00f2 que es treballa a l&#8217;aula, i per tant formen part del projecte pedag\u00f2gic del centre. A l&#8217;inici de curs, s&#8217;informa de les sortides i&hellip;  <a href=\"https:\/\/agora.xtec.cat\/ceipcansalvi\/activitats\/sortides-i-colonies\/\" title=\"Read Sortides i col\u00f2nies\">Llegeix m\u00e9s\u00bb<\/a><\/p>\n","protected":false},"author":1,"featured_media":0,"parent":798,"menu_order":2,"comment_status":"closed","ping_status":"closed","template":"page-templates\/side-menu.php","meta":{"_bbp_topic_count":0,"_bbp_reply_count":0,"_bbp_total_topic_count":0,"_bbp_total_reply_count":0,"_bbp_voice_count":0,"_bbp_anonymous_reply_count":0,"_bbp_topic_count_hidden":0,"_bbp_reply_count_hidden":0,"_bbp_forum_subforum_count":0,"footnotes":""},"class_list":["post-829","page","type-page","status-publish","hentry"],"post_mailing_queue_ids":[],"_links":{"self":[{"href":"https:\/\/agora.xtec.cat\/ceipcansalvi\/wp-json\/wp\/v2\/pages\/829","targetHints":{"allow":["GET"]}}],"collection":[{"href":"https:\/\/agora.xtec.cat\/ceipcansalvi\/wp-json\/wp\/v2\/pages"}],"about":[{"href":"https:\/\/agora.xtec.cat\/ceipcansalvi\/wp-json\/wp\/v2\/types\/page"}],"author":[{"embeddable":true,"href":"https:\/\/agora.xtec.cat\/ceipcansalvi\/wp-json\/wp\/v2\/users\/1"}],"replies":[{"embeddable":true,"href":"https:\/\/agora.xtec.cat\/ceipcansalvi\/wp-json\/wp\/v2\/comments?post=829"}],"version-history":[{"count":5,"href":"https:\/\/agora.xtec.cat\/ceipcansalvi\/wp-json\/wp\/v2\/pages\/829\/revisions"}],"predecessor-version":[{"id":3225,"href":"https:\/\/agora.xtec.cat\/ceipcansalvi\/wp-json\/wp\/v2\/pages\/829\/revisions\/3225"}],"up":[{"embeddable":true,"href":"https:\/\/agora.xtec.cat\/ceipcansalvi\/wp-json\/wp\/v2\/pages\/798"}],"wp:attachment":[{"href":"https:\/\/agora.xtec.cat\/ceipcansalvi\/wp-json\/wp\/v2\/media?parent=829"}],"curies":[{"name":"wp","href":"https:\/\/api.w.org\/{rel}","templated":true}]}}

Sortides i colònies

<p class="textbox" dir="ltr" style="text-align: justify;">Al llarg del curs l&#8217;escola Can Salvi té programades diferents sortides per a cada cicle. Totes elles són un complement d&#8217;allò que es treballa a l&#8217;aula, i per tant formen part del projecte pedagògic del centre. A l&#8217;inici de curs, s&#8217;informa de les sortides i de les activitats o tallers que s&#8217;hi duran a terme, l&#8217;import, etc.<img loading="lazy" decoding="async" class="irc_mi aligncenter" src="http://canribascasadecolonies.cat/images/sortides-escolars.jpg" alt="Resultat d'imatges de sortides" width="213" height="213" /></p>
<p style="text-align: justify;">A finals de cicle (I5, 2n, 4t i 6è) també es fan colònies, sempre hi quan s&#8217;arribi als mínims establerts. En el cas de I5 i 2n és una nit, i a 4t i 6è, són dues nits fora de casa.</p>
<p class="textbox" dir="ltr" style="text-align: justify;"><img loading="lazy" decoding="async" class="aligncenter" src="http://agora.xtec.cat/zer-riuiserra/wp-content/uploads/usu446/2017/11/COL%C3%92NIES.png" alt="http://agora.xtec.cat/zer-riuiserra/wp-content/uploads/usu446/2017/11/COL%C3%92NIES.png" width="213" height="213" /></p>
<p class="textbox" dir="ltr" style="text-align: justify;">Tant per a les sortides d&#8217;un dia, com per les colònies és imprescindible portar el pagament i l&#8217;autorització degudament complimentada dins del termini establert, de no ser així l&#8217;alumne/a no podrà assistir a la sortida.</p>

<p>Al llarg del curs l&#8217;escola Can Salvi té programades diferents sortides per a cada cicle. Totes elles són un complement d&#8217;allò que es treballa a l&#8217;aula, i per tant formen part del projecte pedagògic del centre. A l&#8217;inici de curs, s&#8217;informa de les sortides i&hellip;  <a href="https://agora.xtec.cat/ceipcansalvi/activitats/sortides-i-colonies/" title="Read Sortides i colònies">Llegeix més»</a></p>
