{"id":822,"date":"2018-01-31T12:00:50","date_gmt":"2018-01-31T11:00:50","guid":{"rendered":"http:\/\/agora.xtec.cat\/ceipcansalvi\/?page_id=822"},"modified":"2018-07-10T10:22:25","modified_gmt":"2018-07-10T08:22:25","slug":"festes-i-sortides","status":"publish","type":"page","link":"https:\/\/agora.xtec.cat\/ceipcansalvi\/activitats\/festes-i-sortides\/","title":{"rendered":"Festes"},"content":{"rendered":"<p style=\"text-align: justify;\"><span class=\"st\"> A la nostra escola ens agraden molt les celebracions. Hi participen tots els nens i nenes de l&#8217;escola, des de P3 fins a 6\u00e8 prim\u00e0ria. Aqu\u00ed teniu les festes que celebrem:<br \/>\n<\/span><\/p>\n<ul style=\"list-style-type: disc;\">\n<li>Castanyada i Halloween.<\/li>\n<li>Festa de la m\u00fasica.<\/li>\n<li>Festa de l&#8217;hivern (Ti\u00f3 i amic invisible, concert de Nadal, carter Reial&#8230;).<\/li>\n<li>Carnaval (consignes i Rua).<\/li>\n<li>Sant Jordi i Jocs Florals.<\/li>\n<li>Jornades Culturals.<\/li>\n<li>Comiat dels alumnes de 6\u00e8 i festa de promoci\u00f3 de l&#8217;alumnat de P5.<\/li>\n<li>Festa de fi de curs.<\/li>\n<\/ul>\n","protected":false},"excerpt":{"rendered":"<p> A la nostra escola ens agraden molt les celebracions. Hi participen tots els nens i nenes de l&#8217;escola, des de P3 fins a 6\u00e8 prim\u00e0ria. Aqu\u00ed teniu les festes que celebrem:<\/p>\n<ul style=\"list-style-type: disc;\">\n<li>Castanyada i Halloween.<\/li>\n<li>Festa de la m\u00fasica.<\/li>\n<li>Festa de l&#8217;hivern (Ti\u00f3 i amic invisible,&hellip;  <a href=\"https:\/\/agora.xtec.cat\/ceipcansalvi\/activitats\/festes-i-sortides\/\" title=\"Read Festes\">Llegeix m\u00e9s\u00bb<\/a><br \/>\n","protected":false},"author":1,"featured_media":0,"parent":798,"menu_order":1,"comment_status":"closed","ping_status":"closed","template":"page-templates\/side-menu.php","meta":{"_bbp_topic_count":0,"_bbp_reply_count":0,"_bbp_total_topic_count":0,"_bbp_total_reply_count":0,"_bbp_voice_count":0,"_bbp_anonymous_reply_count":0,"_bbp_topic_count_hidden":0,"_bbp_reply_count_hidden":0,"_bbp_forum_subforum_count":0,"footnotes":""},"class_list":["post-822","page","type-page","status-publish","hentry"],"post_mailing_queue_ids":[],"_links":{"self":[{"href":"https:\/\/agora.xtec.cat\/ceipcansalvi\/wp-json\/wp\/v2\/pages\/822","targetHints":{"allow":["GET"]}}],"collection":[{"href":"https:\/\/agora.xtec.cat\/ceipcansalvi\/wp-json\/wp\/v2\/pages"}],"about":[{"href":"https:\/\/agora.xtec.cat\/ceipcansalvi\/wp-json\/wp\/v2\/types\/page"}],"author":[{"embeddable":true,"href":"https:\/\/agora.xtec.cat\/ceipcansalvi\/wp-json\/wp\/v2\/users\/1"}],"replies":[{"embeddable":true,"href":"https:\/\/agora.xtec.cat\/ceipcansalvi\/wp-json\/wp\/v2\/comments?post=822"}],"version-history":[{"count":3,"href":"https:\/\/agora.xtec.cat\/ceipcansalvi\/wp-json\/wp\/v2\/pages\/822\/revisions"}],"predecessor-version":[{"id":1552,"href":"https:\/\/agora.xtec.cat\/ceipcansalvi\/wp-json\/wp\/v2\/pages\/822\/revisions\/1552"}],"up":[{"embeddable":true,"href":"https:\/\/agora.xtec.cat\/ceipcansalvi\/wp-json\/wp\/v2\/pages\/798"}],"wp:attachment":[{"href":"https:\/\/agora.xtec.cat\/ceipcansalvi\/wp-json\/wp\/v2\/media?parent=822"}],"curies":[{"name":"wp","href":"https:\/\/api.w.org\/{rel}","templated":true}]}}

<p style="text-align: justify;"><span class="st"> A la nostra escola ens agraden molt les celebracions. Hi participen tots els nens i nenes de l&#8217;escola, des de P3 fins a 6è primària. Aquí teniu les festes que celebrem:<br />
</span></p>
<ul style="list-style-type: disc;">
<li>Castanyada i Halloween.</li>
<li>Festa de la música.</li>
<li>Festa de l&#8217;hivern (Tió i amic invisible, concert de Nadal, carter Reial&#8230;).</li>
<li>Carnaval (consignes i Rua).</li>
<li>Sant Jordi i Jocs Florals.</li>
<li>Jornades Culturals.</li>
<li>Comiat dels alumnes de 6è i festa de promoció de l&#8217;alumnat de P5.</li>
<li>Festa de fi de curs.</li>
</ul>

<p> A la nostra escola ens agraden molt les celebracions. Hi participen tots els nens i nenes de l&#8217;escola, des de P3 fins a 6è primària. Aquí teniu les festes que celebrem:</p>
<ul style="list-style-type: disc;">
<li>Castanyada i Halloween.</li>
<li>Festa de la música.</li>
<li>Festa de l&#8217;hivern (Tió i amic invisible,&hellip;  <a href="https://agora.xtec.cat/ceipcansalvi/activitats/festes-i-sortides/" title="Read Festes">Llegeix més»</a><br />
