{"id":786,"date":"2018-01-25T13:45:57","date_gmt":"2018-01-25T12:45:57","guid":{"rendered":"http:\/\/agora.xtec.cat\/ceipcansalvi\/?page_id=786"},"modified":"2024-11-10T18:13:52","modified_gmt":"2024-11-10T17:13:52","slug":"entrada-relaxada-p3","status":"publish","type":"page","link":"https:\/\/agora.xtec.cat\/ceipcansalvi\/projecte-educatiu\/entrada-relaxada-p3\/","title":{"rendered":"Entrada relaxada I3"},"content":{"rendered":"<p style=\"text-align: justify;\">Durant el primer trimestre, i la primera setmana del segon, els alumnes de I3 de la nostra escola i les seves fam\u00edlies gaudeixen de les <strong>entrades relaxades<\/strong>.<\/p>\n<p style=\"text-align: justify;\">Gr\u00e0cies a les entrades relaxades, hi ha continu\u00eftat amb les entrades que fan els alumnes a les Escoles Bressols Municipals, de manera que en facilita l&#8217;adaptaci\u00f3 a la nova escola.<\/p>\n<p style=\"text-align: justify;\">Durant l&#8217;entrada relaxada, de 9 a 9:20h, cada fam\u00edlia acompanya l\u2019infant a l\u2019aula, l\u2019ajuda a penjar la bossa de l\u2019esmorzar, a penjar l\u2019abric (si li cal)&#8230; Tamb\u00e9 el pare, la mare o un altre familiar t\u00e9 temps per saludar els companys, veure un treball de pl\u00e0stica que van fer el dia anterior o parlar amb la mestra, la fam\u00edlia t\u00e9 temps d&#8217;acomiadar-se del fill\/a amb calma i tranquil\u00b7litat&#8230;<\/p>\n<p>Aquestes entrades, tranquil\u00b7les, relaxades, s\u2019entenen tamb\u00e9 com un\u00a0espai d\u2019intercanvi i de di\u00e0leg, per crear vincles, obrir les aules i fomentar la confian\u00e7a a l&#8217;escola.<\/p>\n<p style=\"text-align: justify;\">Per a nosaltres fer entrades\u00a0relaxades \u00e9s una mesura m\u00e9s d\u2019acolliment a les fam\u00edlies, que afavoreix\u00a0la comunicaci\u00f3 constant i afectiva i que ajuda a que els pares deixin el fill o la filla a l\u2019escola amb confian\u00e7a, la qual cosa permet millorar el clima i l\u2019ambient a l\u2019aula.<img loading=\"lazy\" decoding=\"async\" class=\"irc_mi alignright\" src=\"https:\/\/i.pinimg.com\/236x\/eb\/f7\/28\/ebf7281fc668fcd363118581f20e46a2--jo-omeara.jpg\" alt=\"Resultat d'imatges de FOTOS ESCOLA CAN SALVI\" width=\"236\" height=\"333\" \/><\/p>\n","protected":false},"excerpt":{"rendered":"<p>Durant el primer trimestre, i la primera setmana del segon, els alumnes de I3 de la nostra escola i les seves fam\u00edlies gaudeixen de les entrades relaxades.<br \/>\nGr\u00e0cies a les entrades relaxades, hi ha continu\u00eftat amb les entrades que fan els alumnes a les Escoles Bressols&hellip;  <a href=\"https:\/\/agora.xtec.cat\/ceipcansalvi\/projecte-educatiu\/entrada-relaxada-p3\/\" title=\"Read Entrada relaxada I3\">Llegeix m\u00e9s\u00bb<\/a><\/p>\n","protected":false},"author":1,"featured_media":0,"parent":64,"menu_order":2,"comment_status":"closed","ping_status":"closed","template":"page-templates\/side-menu.php","meta":{"_bbp_topic_count":0,"_bbp_reply_count":0,"_bbp_total_topic_count":0,"_bbp_total_reply_count":0,"_bbp_voice_count":0,"_bbp_anonymous_reply_count":0,"_bbp_topic_count_hidden":0,"_bbp_reply_count_hidden":0,"_bbp_forum_subforum_count":0,"footnotes":""},"class_list":["post-786","page","type-page","status-publish","hentry"],"post_mailing_queue_ids":[],"_links":{"self":[{"href":"https:\/\/agora.xtec.cat\/ceipcansalvi\/wp-json\/wp\/v2\/pages\/786","targetHints":{"allow":["GET"]}}],"collection":[{"href":"https:\/\/agora.xtec.cat\/ceipcansalvi\/wp-json\/wp\/v2\/pages"}],"about":[{"href":"https:\/\/agora.xtec.cat\/ceipcansalvi\/wp-json\/wp\/v2\/types\/page"}],"author":[{"embeddable":true,"href":"https:\/\/agora.xtec.cat\/ceipcansalvi\/wp-json\/wp\/v2\/users\/1"}],"replies":[{"embeddable":true,"href":"https:\/\/agora.xtec.cat\/ceipcansalvi\/wp-json\/wp\/v2\/comments?post=786"}],"version-history":[{"count":5,"href":"https:\/\/agora.xtec.cat\/ceipcansalvi\/wp-json\/wp\/v2\/pages\/786\/revisions"}],"predecessor-version":[{"id":3106,"href":"https:\/\/agora.xtec.cat\/ceipcansalvi\/wp-json\/wp\/v2\/pages\/786\/revisions\/3106"}],"up":[{"embeddable":true,"href":"https:\/\/agora.xtec.cat\/ceipcansalvi\/wp-json\/wp\/v2\/pages\/64"}],"wp:attachment":[{"href":"https:\/\/agora.xtec.cat\/ceipcansalvi\/wp-json\/wp\/v2\/media?parent=786"}],"curies":[{"name":"wp","href":"https:\/\/api.w.org\/{rel}","templated":true}]}}

<p style="text-align: justify;">Durant el primer trimestre, i la primera setmana del segon, els alumnes de I3 de la nostra escola i les seves famílies gaudeixen de les <strong>entrades relaxades</strong>.</p>
<p style="text-align: justify;">Gràcies a les entrades relaxades, hi ha continuïtat amb les entrades que fan els alumnes a les Escoles Bressols Municipals, de manera que en facilita l&#8217;adaptació a la nova escola.</p>
<p style="text-align: justify;">Durant l&#8217;entrada relaxada, de 9 a 9:20h, cada família acompanya l’infant a l’aula, l’ajuda a penjar la bossa de l’esmorzar, a penjar l’abric (si li cal)&#8230; També el pare, la mare o un altre familiar té temps per saludar els companys, veure un treball de plàstica que van fer el dia anterior o parlar amb la mestra, la família té temps d&#8217;acomiadar-se del fill/a amb calma i tranquil·litat&#8230;</p>
<p>Aquestes entrades, tranquil·les, relaxades, s’entenen també com un espai d’intercanvi i de diàleg, per crear vincles, obrir les aules i fomentar la confiança a l&#8217;escola.</p>
<p style="text-align: justify;">Per a nosaltres fer entrades relaxades és una mesura més d’acolliment a les famílies, que afavoreix la comunicació constant i afectiva i que ajuda a que els pares deixin el fill o la filla a l’escola amb confiança, la qual cosa permet millorar el clima i l’ambient a l’aula.<img loading="lazy" decoding="async" class="irc_mi alignright" src="https://i.pinimg.com/236x/eb/f7/28/ebf7281fc668fcd363118581f20e46a2--jo-omeara.jpg" alt="Resultat d'imatges de FOTOS ESCOLA CAN SALVI" width="236" height="333" /></p>

<p>Durant el primer trimestre, i la primera setmana del segon, els alumnes de I3 de la nostra escola i les seves famílies gaudeixen de les entrades relaxades.<br />
Gràcies a les entrades relaxades, hi ha continuïtat amb les entrades que fan els alumnes a les Escoles Bressols&hellip;  <a href="https://agora.xtec.cat/ceipcansalvi/projecte-educatiu/entrada-relaxada-p3/" title="Read Entrada relaxada I3">Llegeix més»</a></p>
