{"id":77,"date":"2014-09-18T14:05:08","date_gmt":"2014-09-18T13:05:08","guid":{"rendered":"http:\/\/agora.xtec.cat\/ceipcansalvi\/?page_id=77"},"modified":"2018-02-05T15:41:27","modified_gmt":"2018-02-05T14:41:27","slug":"acollida","status":"publish","type":"page","link":"https:\/\/agora.xtec.cat\/ceipcansalvi\/serveis\/acollida\/","title":{"rendered":"Acollida"},"content":{"rendered":"<p style=\"text-align: justify;\">Des de l\u2019AMPA s\u2019ofereix un servei d\u2019acollida matinal i servei d&#8217;acollida de tarda.alumnes que ho necessitin.<\/p>\n<p style=\"text-align: justify;\">Aquest servei es realitza a trav\u00e9s de l\u2019empresa de lleure Fundesplai mitjan\u00e7ant monitors\/monitores que tenen cura dels nens\/nenes de les 07:30h fins a les 9:00 hores, en que comen\u00e7a l\u2019horari lectiu i de 16:30 a 17:00.<\/p>\n<p>Per a m\u00e9s informaci\u00f3 us podeu posar en contacte amb l&#8217;AMPA a trav\u00e9s de:<\/p>\n<p><a href=\"https:\/\/ampaescolacansalvi.wordpress.com\/\">https:\/\/ampaescolacansalvi.wordpress.com\/<\/a><\/p>\n<p>cansalviampa@gmail.com<\/p>\n<p><strong>Horari atenci\u00f3:<\/strong><br \/>\nDimarts: 16:00h a 16:30h<br \/>\nDimecres: 9:00h a 9:30h<\/p>\n","protected":false},"excerpt":{"rendered":"<p>Des de l\u2019AMPA s\u2019ofereix un servei d\u2019acollida matinal i servei d&#8217;acollida de tarda.alumnes que ho necessitin.<br \/>\nAquest servei es realitza a trav\u00e9s de l\u2019empresa de lleure Fundesplai mitjan\u00e7ant monitors\/monitores que tenen cura dels nens\/nenes de les 07:30h fins a les 9:00 hores, en que comen\u00e7a l\u2019horari&hellip;  <a href=\"https:\/\/agora.xtec.cat\/ceipcansalvi\/serveis\/acollida\/\" title=\"Read Acollida\">Llegeix m\u00e9s\u00bb<\/a><\/p>\n","protected":false},"author":1,"featured_media":0,"parent":66,"menu_order":1,"comment_status":"closed","ping_status":"closed","template":"page-templates\/side-menu.php","meta":{"_bbp_topic_count":0,"_bbp_reply_count":0,"_bbp_total_topic_count":0,"_bbp_total_reply_count":0,"_bbp_voice_count":0,"_bbp_anonymous_reply_count":0,"_bbp_topic_count_hidden":0,"_bbp_reply_count_hidden":0,"_bbp_forum_subforum_count":0,"footnotes":""},"class_list":["post-77","page","type-page","status-publish","hentry"],"post_mailing_queue_ids":[],"_links":{"self":[{"href":"https:\/\/agora.xtec.cat\/ceipcansalvi\/wp-json\/wp\/v2\/pages\/77","targetHints":{"allow":["GET"]}}],"collection":[{"href":"https:\/\/agora.xtec.cat\/ceipcansalvi\/wp-json\/wp\/v2\/pages"}],"about":[{"href":"https:\/\/agora.xtec.cat\/ceipcansalvi\/wp-json\/wp\/v2\/types\/page"}],"author":[{"embeddable":true,"href":"https:\/\/agora.xtec.cat\/ceipcansalvi\/wp-json\/wp\/v2\/users\/1"}],"replies":[{"embeddable":true,"href":"https:\/\/agora.xtec.cat\/ceipcansalvi\/wp-json\/wp\/v2\/comments?post=77"}],"version-history":[{"count":3,"href":"https:\/\/agora.xtec.cat\/ceipcansalvi\/wp-json\/wp\/v2\/pages\/77\/revisions"}],"predecessor-version":[{"id":976,"href":"https:\/\/agora.xtec.cat\/ceipcansalvi\/wp-json\/wp\/v2\/pages\/77\/revisions\/976"}],"up":[{"embeddable":true,"href":"https:\/\/agora.xtec.cat\/ceipcansalvi\/wp-json\/wp\/v2\/pages\/66"}],"wp:attachment":[{"href":"https:\/\/agora.xtec.cat\/ceipcansalvi\/wp-json\/wp\/v2\/media?parent=77"}],"curies":[{"name":"wp","href":"https:\/\/api.w.org\/{rel}","templated":true}]}}

<p style="text-align: justify;">Des de l’AMPA s’ofereix un servei d’acollida matinal i servei d&#8217;acollida de tarda.alumnes que ho necessitin.</p>
<p style="text-align: justify;">Aquest servei es realitza a través de l’empresa de lleure Fundesplai mitjançant monitors/monitores que tenen cura dels nens/nenes de les 07:30h fins a les 9:00 hores, en que comença l’horari lectiu i de 16:30 a 17:00.</p>
<p>Per a més informació us podeu posar en contacte amb l&#8217;AMPA a través de:</p>
<p><a href="https://ampaescolacansalvi.wordpress.com/">https://ampaescolacansalvi.wordpress.com/</a></p>
<p>cansalviampa@gmail.com</p>
<p><strong>Horari atenció:</strong><br />
Dimarts: 16:00h a 16:30h<br />
Dimecres: 9:00h a 9:30h</p>

<p>Des de l’AMPA s’ofereix un servei d’acollida matinal i servei d&#8217;acollida de tarda.alumnes que ho necessitin.<br />
Aquest servei es realitza a través de l’empresa de lleure Fundesplai mitjançant monitors/monitores que tenen cura dels nens/nenes de les 07:30h fins a les 9:00 hores, en que comença l’horari&hellip;  <a href="https://agora.xtec.cat/ceipcansalvi/serveis/acollida/" title="Read Acollida">Llegeix més»</a></p>
