{"id":761,"date":"2018-01-15T16:26:15","date_gmt":"2018-01-15T15:26:15","guid":{"rendered":"http:\/\/agora.xtec.cat\/ceipcansalvi\/?page_id=761"},"modified":"2024-11-11T13:36:15","modified_gmt":"2024-11-11T12:36:15","slug":"cantata-sab","status":"publish","type":"page","link":"https:\/\/agora.xtec.cat\/ceipcansalvi\/activitats\/cantata-sab\/","title":{"rendered":"Cantata SAB"},"content":{"rendered":"<p style=\"text-align: justify;\"><span class=\"st\">Des de ja fa uns anys l&#8217;escola Can Salvi, juntament amb altres escoles del municipi, <\/span><span class=\"st\">participa <\/span><span class=\"st\">en la Cantata que organitza l&#8217; Escola Municipal de M\u00fasica i Dansa.<\/span><\/p>\n<p style=\"text-align: justify;\">Aquesta activitat va dirigida als alumnes de 2n, els quals al llarg del curs preparen amb el nostre mestre de m\u00fasica un repertori de can\u00e7ons, per acabar actuant conjuntament amb els nens i nenes de les altres escoles al Teatre N\u00faria Espert.<\/p>\n<p style=\"text-align: justify;\"><img loading=\"lazy\" decoding=\"async\" class=\"irc_mi aligncenter\" src=\"https:\/\/2.bp.blogspot.com\/-ZxefDRQ1c1s\/Vw335s5LZ_I\/AAAAAAAAF7A\/0sQZx95B0Dkb3Bs3wxbWuSIYIPAyOYzAACLcB\/s1600\/Cantata.jpg\" alt=\"Resultat d'imatges de cantata 1r sant andreu de la barca\" width=\"302\" height=\"226\" \/><\/p>\n","protected":false},"excerpt":{"rendered":"<p>Des de ja fa uns anys l&#8217;escola Can Salvi, juntament amb altres escoles del municipi, participa en la Cantata que organitza l&#8217; Escola Municipal de M\u00fasica i Dansa.<br \/>\nAquesta activitat va dirigida als alumnes de 2n, els quals al llarg del curs preparen amb el nostre&hellip;  <a href=\"https:\/\/agora.xtec.cat\/ceipcansalvi\/activitats\/cantata-sab\/\" title=\"Read Cantata SAB\">Llegeix m\u00e9s\u00bb<\/a><\/p>\n","protected":false},"author":1,"featured_media":0,"parent":798,"menu_order":6,"comment_status":"closed","ping_status":"closed","template":"page-templates\/side-menu.php","meta":{"_bbp_topic_count":0,"_bbp_reply_count":0,"_bbp_total_topic_count":0,"_bbp_total_reply_count":0,"_bbp_voice_count":0,"_bbp_anonymous_reply_count":0,"_bbp_topic_count_hidden":0,"_bbp_reply_count_hidden":0,"_bbp_forum_subforum_count":0,"footnotes":""},"class_list":["post-761","page","type-page","status-publish","hentry"],"post_mailing_queue_ids":[],"_links":{"self":[{"href":"https:\/\/agora.xtec.cat\/ceipcansalvi\/wp-json\/wp\/v2\/pages\/761","targetHints":{"allow":["GET"]}}],"collection":[{"href":"https:\/\/agora.xtec.cat\/ceipcansalvi\/wp-json\/wp\/v2\/pages"}],"about":[{"href":"https:\/\/agora.xtec.cat\/ceipcansalvi\/wp-json\/wp\/v2\/types\/page"}],"author":[{"embeddable":true,"href":"https:\/\/agora.xtec.cat\/ceipcansalvi\/wp-json\/wp\/v2\/users\/1"}],"replies":[{"embeddable":true,"href":"https:\/\/agora.xtec.cat\/ceipcansalvi\/wp-json\/wp\/v2\/comments?post=761"}],"version-history":[{"count":4,"href":"https:\/\/agora.xtec.cat\/ceipcansalvi\/wp-json\/wp\/v2\/pages\/761\/revisions"}],"predecessor-version":[{"id":3132,"href":"https:\/\/agora.xtec.cat\/ceipcansalvi\/wp-json\/wp\/v2\/pages\/761\/revisions\/3132"}],"up":[{"embeddable":true,"href":"https:\/\/agora.xtec.cat\/ceipcansalvi\/wp-json\/wp\/v2\/pages\/798"}],"wp:attachment":[{"href":"https:\/\/agora.xtec.cat\/ceipcansalvi\/wp-json\/wp\/v2\/media?parent=761"}],"curies":[{"name":"wp","href":"https:\/\/api.w.org\/{rel}","templated":true}]}}

<p style="text-align: justify;"><span class="st">Des de ja fa uns anys l&#8217;escola Can Salvi, juntament amb altres escoles del municipi, </span><span class="st">participa </span><span class="st">en la Cantata que organitza l&#8217; Escola Municipal de Música i Dansa.</span></p>
<p style="text-align: justify;">Aquesta activitat va dirigida als alumnes de 2n, els quals al llarg del curs preparen amb el nostre mestre de música un repertori de cançons, per acabar actuant conjuntament amb els nens i nenes de les altres escoles al Teatre Núria Espert.</p>
<p style="text-align: justify;"><img loading="lazy" decoding="async" class="irc_mi aligncenter" src="https://2.bp.blogspot.com/-ZxefDRQ1c1s/Vw335s5LZ_I/AAAAAAAAF7A/0sQZx95B0Dkb3Bs3wxbWuSIYIPAyOYzAACLcB/s1600/Cantata.jpg" alt="Resultat d'imatges de cantata 1r sant andreu de la barca" width="302" height="226" /></p>

<p>Des de ja fa uns anys l&#8217;escola Can Salvi, juntament amb altres escoles del municipi, participa en la Cantata que organitza l&#8217; Escola Municipal de Música i Dansa.<br />
Aquesta activitat va dirigida als alumnes de 2n, els quals al llarg del curs preparen amb el nostre&hellip;  <a href="https://agora.xtec.cat/ceipcansalvi/activitats/cantata-sab/" title="Read Cantata SAB">Llegeix més»</a></p>
