{"id":757,"date":"2018-01-15T16:25:05","date_gmt":"2018-01-15T15:25:05","guid":{"rendered":"http:\/\/agora.xtec.cat\/ceipcansalvi\/?page_id=757"},"modified":"2018-02-05T15:20:19","modified_gmt":"2018-02-05T14:20:19","slug":"concurs-apilo","status":"publish","type":"page","link":"https:\/\/agora.xtec.cat\/ceipcansalvi\/activitats\/concurs-apilo\/","title":{"rendered":"Concurs APILO"},"content":{"rendered":"<p style=\"text-align: justify;\">Al nostre planeta, les subst\u00e0ncies i materials de les piles poden afectar la qualitat de l\u2019aigua, l\u2019aire i la terra en la que viuen els nostres peixos, aus, plantes i\u2026 a nosaltres mateixos! Amb el reciclatge, a m\u00e9s de protegir el medi ambient, estalviem valuosos recursos reutilitzant moltes d\u2019aquestes subst\u00e0ncies i materials.<\/p>\n<p style=\"text-align: justify;\">Des de l&#8217;escola volem contribuir a formar persones que tinguin sensibilitat i respecte vers el medi ambient, per aix\u00f2 \u00e9s el segon any que participem en el <a href=\"http:\/\/www.apilo.cat\/\">concurs APILO<\/a>.<\/p>\n<p style=\"text-align: justify;\">L\u2019objectiu del concurs \u00e9s recollir en el contenidor Apilo la m\u00e0xima quantitat de piles i acumuladors port\u00e0tils procedents de les fam\u00edlies dels alumnes durant la vig\u00e8ncia de l\u2019acci\u00f3 promocional. A\u00edx\u00ed doncs, d&#8217;una manera l\u00fadica ens anem conscienciat tots plegats de la import\u00e0ncia de reciclar les piles i els acumuladors.<\/p>\n<p style=\"text-align: justify;\"><img loading=\"lazy\" decoding=\"async\" class=\"wow pulse animated aligncenter\" src=\"http:\/\/www.apilo.cat\/apilo\/wp-content\/themes\/apilo-03\/img\/planeta-apilo.jpg\" width=\"221\" height=\"213\" \/><\/p>\n","protected":false},"excerpt":{"rendered":"<p>Al nostre planeta, les subst\u00e0ncies i materials de les piles poden afectar la qualitat de l\u2019aigua, l\u2019aire i la terra en la que viuen els nostres peixos, aus, plantes i\u2026 a nosaltres mateixos! Amb el reciclatge, a m\u00e9s de protegir el medi ambient, estalviem valuosos&hellip;  <a href=\"https:\/\/agora.xtec.cat\/ceipcansalvi\/activitats\/concurs-apilo\/\" title=\"Read Concurs APILO\">Llegeix m\u00e9s\u00bb<\/a><\/p>\n","protected":false},"author":1,"featured_media":0,"parent":798,"menu_order":3,"comment_status":"closed","ping_status":"closed","template":"page-templates\/side-menu.php","meta":{"_bbp_topic_count":0,"_bbp_reply_count":0,"_bbp_total_topic_count":0,"_bbp_total_reply_count":0,"_bbp_voice_count":0,"_bbp_anonymous_reply_count":0,"_bbp_topic_count_hidden":0,"_bbp_reply_count_hidden":0,"_bbp_forum_subforum_count":0,"footnotes":""},"class_list":["post-757","page","type-page","status-publish","hentry"],"post_mailing_queue_ids":[],"_links":{"self":[{"href":"https:\/\/agora.xtec.cat\/ceipcansalvi\/wp-json\/wp\/v2\/pages\/757","targetHints":{"allow":["GET"]}}],"collection":[{"href":"https:\/\/agora.xtec.cat\/ceipcansalvi\/wp-json\/wp\/v2\/pages"}],"about":[{"href":"https:\/\/agora.xtec.cat\/ceipcansalvi\/wp-json\/wp\/v2\/types\/page"}],"author":[{"embeddable":true,"href":"https:\/\/agora.xtec.cat\/ceipcansalvi\/wp-json\/wp\/v2\/users\/1"}],"replies":[{"embeddable":true,"href":"https:\/\/agora.xtec.cat\/ceipcansalvi\/wp-json\/wp\/v2\/comments?post=757"}],"version-history":[{"count":4,"href":"https:\/\/agora.xtec.cat\/ceipcansalvi\/wp-json\/wp\/v2\/pages\/757\/revisions"}],"predecessor-version":[{"id":880,"href":"https:\/\/agora.xtec.cat\/ceipcansalvi\/wp-json\/wp\/v2\/pages\/757\/revisions\/880"}],"up":[{"embeddable":true,"href":"https:\/\/agora.xtec.cat\/ceipcansalvi\/wp-json\/wp\/v2\/pages\/798"}],"wp:attachment":[{"href":"https:\/\/agora.xtec.cat\/ceipcansalvi\/wp-json\/wp\/v2\/media?parent=757"}],"curies":[{"name":"wp","href":"https:\/\/api.w.org\/{rel}","templated":true}]}}

<p style="text-align: justify;">Al nostre planeta, les substàncies i materials de les piles poden afectar la qualitat de l’aigua, l’aire i la terra en la que viuen els nostres peixos, aus, plantes i… a nosaltres mateixos! Amb el reciclatge, a més de protegir el medi ambient, estalviem valuosos recursos reutilitzant moltes d’aquestes substàncies i materials.</p>
<p style="text-align: justify;">Des de l&#8217;escola volem contribuir a formar persones que tinguin sensibilitat i respecte vers el medi ambient, per això és el segon any que participem en el <a href="http://www.apilo.cat/">concurs APILO</a>.</p>
<p style="text-align: justify;">L’objectiu del concurs és recollir en el contenidor Apilo la màxima quantitat de piles i acumuladors portàtils procedents de les famílies dels alumnes durant la vigència de l’acció promocional. Aíxí doncs, d&#8217;una manera lúdica ens anem conscienciat tots plegats de la importància de reciclar les piles i els acumuladors.</p>
<p style="text-align: justify;"><img loading="lazy" decoding="async" class="wow pulse animated aligncenter" src="http://www.apilo.cat/apilo/wp-content/themes/apilo-03/img/planeta-apilo.jpg" width="221" height="213" /></p>

<p>Al nostre planeta, les substàncies i materials de les piles poden afectar la qualitat de l’aigua, l’aire i la terra en la que viuen els nostres peixos, aus, plantes i… a nosaltres mateixos! Amb el reciclatge, a més de protegir el medi ambient, estalviem valuosos&hellip;  <a href="https://agora.xtec.cat/ceipcansalvi/activitats/concurs-apilo/" title="Read Concurs APILO">Llegeix més»</a></p>
