{"id":38,"date":"2014-09-18T12:34:08","date_gmt":"2014-09-18T11:34:08","guid":{"rendered":"http:\/\/agora.xtec.cat\/ceipcansalvi\/?page_id=38"},"modified":"2018-02-05T16:29:56","modified_gmt":"2018-02-05T15:29:56","slug":"salut","status":"publish","type":"page","link":"https:\/\/agora.xtec.cat\/ceipcansalvi\/lescola\/salut\/","title":{"rendered":"Salut"},"content":{"rendered":"<div>\n<ul style=\"list-style-type: square;\">\n<li style=\"text-align: justify;\">D\u2019acord amb les recomanacions elaborades per la Societat Catalana de Pediatria i pels departaments d\u2019Ensenyament i de Salut, davant d\u2019un infant amb febre l\u2019escola contactar\u00e0 amb el pare, mare o tutor legal i li demanar\u00e0 que el reculli tan aviat com sigui possible.<\/li>\n<\/ul>\n<p>&nbsp;<\/p>\n<ul style=\"list-style-type: square;\">\n<li style=\"text-align: justify;\">En cas de malalties contagioses: conjuntivitis, varicel\u00b7la, xarampi\u00f3, pediculosis (polls al cabell), \u2026 els nens\/es no poden assistir a l\u2019escola per evitar l\u2019encomanament de la malaltia. Us deixem una publicaci\u00f3 del Departament de Salut amb les recomanacions de <a href=\"https:\/\/www.dropbox.com\/s\/gao1osg870qp12w\/CRITERIS%20DE%20NO%20ASSIST%C3%88NCIA%20A%20L%27ESCOLA.pdf?dl=0\">No-assist\u00e8ncia de l&#8217;alumnat a l&#8217;escola o a la llar d&#8217;infants durant un per\u00edode de temps determinat a causa de malalties transmissibles. <\/a><\/li>\n<\/ul>\n<p>&nbsp;<\/p>\n<ul style=\"list-style-type: square;\">\n<li style=\"text-align: justify;\">En general, quan algun alumne\/a pateixi algun\u00a0 tipus\u00a0 de\u00a0 dol\u00e8ncia,\u00a0 no es podr\u00e0 reincorporar a l\u2019escola\u00a0 fins\u00a0 que\u00a0 el\u00a0 metge\u00a0 ho\u00a0 comuniqui a la fam\u00edlia.<\/li>\n<\/ul>\n<p>&nbsp;<\/p>\n<ul style=\"list-style-type: square;\">\n<li style=\"text-align: justify;\">Per poder administrar medicament als alumnes, sempre que sigui imprescindible fer-ho en horari lectiu, cal que els pares, mares o tutors legals aportin un informe m\u00e8dic on consti el nom de l&#8217;alumne, el nom del medicament que ha de prendre i la pauta d&#8217;administraci\u00f3. Aix\u00ed mateix, els pares, mares o tutors legals han d&#8217;aportar una <a href=\"https:\/\/www.dropbox.com\/s\/7cpsh92v7ybscqg\/MEDICAMENTS.pdf?dl=0\">autoritzaci\u00f3<\/a> on es demani, al director\/a del centre, l&#8217;administraci\u00f3 al fill o filla del medicament prescrit d&#8217;acord amb les pautes que constin en l&#8217;informe esmentat i se n&#8217;autoritzi l&#8217;administraci\u00f3 als professionals del centre.<\/li>\n<\/ul>\n<p>&nbsp;<\/p>\n<ul style=\"list-style-type: square;\">\n<li style=\"text-align: justify;\">\u00c9s molt important informar als mestres tutors de qualsevol tipus d\u2019al\u00b7l\u00e8rgia, atacs d\u2019asma, epil\u00e8psies, \u2026 que puguin patir els infants.<\/li>\n<\/ul>\n<p>&nbsp;<\/p>\n<ul style=\"list-style-type: square;\">\n<li>Segons la normativa vigent, recordem que no es pot fumar dins el recinte escolar incl\u00f2s el pati.<\/li>\n<\/ul>\n<\/div>\n<div style=\"text-align: justify;\"><\/div>\n<p>&nbsp;<\/p>\n<p>&nbsp;<\/p>\n<p>&nbsp;<\/p>\n<p>&nbsp;<\/p>\n","protected":false},"excerpt":{"rendered":"<ul style=\"list-style-type: square;\">\n<li style=\"text-align: justify;\">D\u2019acord amb les recomanacions elaborades per la Societat Catalana de Pediatria i pels departaments d\u2019Ensenyament i de Salut, davant d\u2019un infant amb febre l\u2019escola contactar\u00e0 amb el pare, mare o tutor legal i li demanar\u00e0 que el reculli tan aviat com&hellip;  <a href=\"https:\/\/agora.xtec.cat\/ceipcansalvi\/lescola\/salut\/\" title=\"Read Salut\">Llegeix m\u00e9s\u00bb<\/a><br \/>\n","protected":false},"author":1,"featured_media":0,"parent":22,"menu_order":6,"comment_status":"closed","ping_status":"closed","template":"page-templates\/side-menu.php","meta":{"_bbp_topic_count":0,"_bbp_reply_count":0,"_bbp_total_topic_count":0,"_bbp_total_reply_count":0,"_bbp_voice_count":0,"_bbp_anonymous_reply_count":0,"_bbp_topic_count_hidden":0,"_bbp_reply_count_hidden":0,"_bbp_forum_subforum_count":0,"footnotes":""},"class_list":["post-38","page","type-page","status-publish","hentry"],"post_mailing_queue_ids":[],"_links":{"self":[{"href":"https:\/\/agora.xtec.cat\/ceipcansalvi\/wp-json\/wp\/v2\/pages\/38","targetHints":{"allow":["GET"]}}],"collection":[{"href":"https:\/\/agora.xtec.cat\/ceipcansalvi\/wp-json\/wp\/v2\/pages"}],"about":[{"href":"https:\/\/agora.xtec.cat\/ceipcansalvi\/wp-json\/wp\/v2\/types\/page"}],"author":[{"embeddable":true,"href":"https:\/\/agora.xtec.cat\/ceipcansalvi\/wp-json\/wp\/v2\/users\/1"}],"replies":[{"embeddable":true,"href":"https:\/\/agora.xtec.cat\/ceipcansalvi\/wp-json\/wp\/v2\/comments?post=38"}],"version-history":[{"count":3,"href":"https:\/\/agora.xtec.cat\/ceipcansalvi\/wp-json\/wp\/v2\/pages\/38\/revisions"}],"predecessor-version":[{"id":744,"href":"https:\/\/agora.xtec.cat\/ceipcansalvi\/wp-json\/wp\/v2\/pages\/38\/revisions\/744"}],"up":[{"embeddable":true,"href":"https:\/\/agora.xtec.cat\/ceipcansalvi\/wp-json\/wp\/v2\/pages\/22"}],"wp:attachment":[{"href":"https:\/\/agora.xtec.cat\/ceipcansalvi\/wp-json\/wp\/v2\/media?parent=38"}],"curies":[{"name":"wp","href":"https:\/\/api.w.org\/{rel}","templated":true}]}}

<div>
<ul style="list-style-type: square;">
<li style="text-align: justify;">D’acord amb les recomanacions elaborades per la Societat Catalana de Pediatria i pels departaments d’Ensenyament i de Salut, davant d’un infant amb febre l’escola contactarà amb el pare, mare o tutor legal i li demanarà que el reculli tan aviat com sigui possible.</li>
</ul>
<p>&nbsp;</p>
<ul style="list-style-type: square;">
<li style="text-align: justify;">En cas de malalties contagioses: conjuntivitis, varicel·la, xarampió, pediculosis (polls al cabell), … els nens/es no poden assistir a l’escola per evitar l’encomanament de la malaltia. Us deixem una publicació del Departament de Salut amb les recomanacions de <a href="https://www.dropbox.com/s/gao1osg870qp12w/CRITERIS%20DE%20NO%20ASSIST%C3%88NCIA%20A%20L%27ESCOLA.pdf?dl=0">No-assistència de l&#8217;alumnat a l&#8217;escola o a la llar d&#8217;infants durant un període de temps determinat a causa de malalties transmissibles. </a></li>
</ul>
<p>&nbsp;</p>
<ul style="list-style-type: square;">
<li style="text-align: justify;">En general, quan algun alumne/a pateixi algun  tipus  de  dolència,  no es podrà reincorporar a l’escola  fins  que  el  metge  ho  comuniqui a la família.</li>
</ul>
<p>&nbsp;</p>
<ul style="list-style-type: square;">
<li style="text-align: justify;">Per poder administrar medicament als alumnes, sempre que sigui imprescindible fer-ho en horari lectiu, cal que els pares, mares o tutors legals aportin un informe mèdic on consti el nom de l&#8217;alumne, el nom del medicament que ha de prendre i la pauta d&#8217;administració. Així mateix, els pares, mares o tutors legals han d&#8217;aportar una <a href="https://www.dropbox.com/s/7cpsh92v7ybscqg/MEDICAMENTS.pdf?dl=0">autorització</a> on es demani, al director/a del centre, l&#8217;administració al fill o filla del medicament prescrit d&#8217;acord amb les pautes que constin en l&#8217;informe esmentat i se n&#8217;autoritzi l&#8217;administració als professionals del centre.</li>
</ul>
<p>&nbsp;</p>
<ul style="list-style-type: square;">
<li style="text-align: justify;">És molt important informar als mestres tutors de qualsevol tipus d’al·lèrgia, atacs d’asma, epilèpsies, … que puguin patir els infants.</li>
</ul>
<p>&nbsp;</p>
<ul style="list-style-type: square;">
<li>Segons la normativa vigent, recordem que no es pot fumar dins el recinte escolar inclòs el pati.</li>
</ul>
</div>
<div style="text-align: justify;"></div>
<p>&nbsp;</p>
<p>&nbsp;</p>
<p>&nbsp;</p>
<p>&nbsp;</p>

<ul style="list-style-type: square;">
<li style="text-align: justify;">D’acord amb les recomanacions elaborades per la Societat Catalana de Pediatria i pels departaments d’Ensenyament i de Salut, davant d’un infant amb febre l’escola contactarà amb el pare, mare o tutor legal i li demanarà que el reculli tan aviat com&hellip;  <a href="https://agora.xtec.cat/ceipcansalvi/lescola/salut/" title="Read Salut">Llegeix més»</a><br />
