{"id":36,"date":"2017-12-14T12:33:11","date_gmt":"2017-12-14T11:33:11","guid":{"rendered":"http:\/\/agora.xtec.cat\/ceipcansalvi\/?page_id=36"},"modified":"2025-09-15T12:23:21","modified_gmt":"2025-09-15T10:23:21","slug":"material-escolar","status":"publish","type":"page","link":"https:\/\/agora.xtec.cat\/ceipcansalvi\/documents-de-centre\/material-escolar\/","title":{"rendered":"Material escolar"},"content":{"rendered":"<p class=\"textbox\" dir=\"ltr\" style=\"text-align: justify;\">El pagament del material pel curs 2025-26 s&#8217;haur\u00e0 de fer a trav\u00e9s del tokapp o per transfer\u00e8ncia a l&#8217;entitat Banc de Sabadell i donar el resguard de pagament al tutor o tutora. Cal imprimir el rebut justificant del pagament (2 c\u00f2pies, una per la tutora i una per la fam\u00edlia).<\/p>\n<p class=\"textbox\" dir=\"ltr\">La quota de material \u00e9s la seg\u00fcent:<\/p>\n<ul style=\"list-style-type: square;\">\n<li class=\"textbox\" dir=\"ltr\"><strong>Infantil : 100 euros<\/strong><\/li>\n<li class=\"textbox\" dir=\"ltr\"><strong>Prim\u00e0ria:\u00a0 85 euros<\/strong><\/li>\n<\/ul>\n<p class=\"textbox\" dir=\"ltr\">\n","protected":false},"excerpt":{"rendered":"<p>El pagament del material pel curs 2025-26 s&#8217;haur\u00e0 de fer a trav\u00e9s del tokapp o per transfer\u00e8ncia a l&#8217;entitat Banc de Sabadell i donar el resguard de pagament al tutor o tutora. Cal imprimir el rebut justificant del pagament (2 c\u00f2pies, una per la tutora&hellip;  <a href=\"https:\/\/agora.xtec.cat\/ceipcansalvi\/documents-de-centre\/material-escolar\/\" title=\"Read Material escolar\">Llegeix m\u00e9s\u00bb<\/a><\/p>\n","protected":false},"author":1,"featured_media":0,"parent":476,"menu_order":4,"comment_status":"closed","ping_status":"closed","template":"page-templates\/side-menu.php","meta":{"_bbp_topic_count":0,"_bbp_reply_count":0,"_bbp_total_topic_count":0,"_bbp_total_reply_count":0,"_bbp_voice_count":0,"_bbp_anonymous_reply_count":0,"_bbp_topic_count_hidden":0,"_bbp_reply_count_hidden":0,"_bbp_forum_subforum_count":0,"footnotes":""},"class_list":["post-36","page","type-page","status-publish","hentry"],"post_mailing_queue_ids":[],"_links":{"self":[{"href":"https:\/\/agora.xtec.cat\/ceipcansalvi\/wp-json\/wp\/v2\/pages\/36","targetHints":{"allow":["GET"]}}],"collection":[{"href":"https:\/\/agora.xtec.cat\/ceipcansalvi\/wp-json\/wp\/v2\/pages"}],"about":[{"href":"https:\/\/agora.xtec.cat\/ceipcansalvi\/wp-json\/wp\/v2\/types\/page"}],"author":[{"embeddable":true,"href":"https:\/\/agora.xtec.cat\/ceipcansalvi\/wp-json\/wp\/v2\/users\/1"}],"replies":[{"embeddable":true,"href":"https:\/\/agora.xtec.cat\/ceipcansalvi\/wp-json\/wp\/v2\/comments?post=36"}],"version-history":[{"count":6,"href":"https:\/\/agora.xtec.cat\/ceipcansalvi\/wp-json\/wp\/v2\/pages\/36\/revisions"}],"predecessor-version":[{"id":3228,"href":"https:\/\/agora.xtec.cat\/ceipcansalvi\/wp-json\/wp\/v2\/pages\/36\/revisions\/3228"}],"up":[{"embeddable":true,"href":"https:\/\/agora.xtec.cat\/ceipcansalvi\/wp-json\/wp\/v2\/pages\/476"}],"wp:attachment":[{"href":"https:\/\/agora.xtec.cat\/ceipcansalvi\/wp-json\/wp\/v2\/media?parent=36"}],"curies":[{"name":"wp","href":"https:\/\/api.w.org\/{rel}","templated":true}]}}