{"id":3133,"date":"2024-11-11T13:44:24","date_gmt":"2024-11-11T12:44:24","guid":{"rendered":"https:\/\/agora.xtec.cat\/ceipcansalvi\/?page_id=3133"},"modified":"2024-11-14T16:20:50","modified_gmt":"2024-11-14T15:20:50","slug":"cantania-5e","status":"publish","type":"page","link":"https:\/\/agora.xtec.cat\/ceipcansalvi\/activitats\/cantania-5e\/","title":{"rendered":"Cant\u00e0nia 5\u00e8"},"content":{"rendered":"<p><span style=\"font-weight: 400;\">L&#8217;escola Can Salvi participa cada any a la <\/span><b>Cant\u00e0nia<\/b><span style=\"font-weight: 400;\"> que organitza cada curs, i des de fa m\u00e9s de 25 anys, l\u2019<\/span><b>Auditori de Barcelona.<\/b><span style=\"font-weight: 400;\"> L&#8217;Auditori n&#8217;encomana la seva creaci\u00f3 any rere any a compositors, compositores i lletristes de renom dins l&#8217;escena musical catalana. Alguns dels compositors i compositores que han creat Cant\u00e0nies s\u00f3n Albert Guinovart, Salvador Brotons, Joan-Albert Amarg\u00f3s, Raquel Garc\u00eda-Tom\u00e0s i un llarg etc\u00e8tera. A m\u00e9s, des de l&#8217;escola elaborem parts de l&#8217;atrezzo i vestuari que servir\u00e0 per representar la cantata, amb algunes coreografies incloses. Sumant totes les sessions que es duen a terme durant els mesos d&#8217;abril maig i juny, cada any hi participen milers de nens i nenes.<\/span><\/p>\n<p><span style=\"font-weight: 400;\">No fa falta dir la il\u00b7lusi\u00f3 que ens fa poder participar en aquest esdeveniment tan important. Cada any no nom\u00e9s estrenem una cantata <\/span><b>in\u00e8dita<\/b><span style=\"font-weight: 400;\"> sin\u00f3 que ho fem acompanyats de <\/span><b>m\u00fasics professionals<\/b><span style=\"font-weight: 400;\"> i en una de les <\/span><b>millors sales de concert<\/b><span style=\"font-weight: 400;\"> de Catalunya. Aix\u00ed mateix, les Cant\u00e0nies tracten temes actuals i, entre altres coses, serveixen per treballar el cant, les arts esc\u00e8niques, la dicci\u00f3 i la concentraci\u00f3, i de pas posa en valor la import\u00e0ncia de la m\u00fasica en directe.<\/span><\/p>\n<p><img loading=\"lazy\" decoding=\"async\" class=\"alignnone size-large\" src=\"https:\/\/www.auditori.cat\/wp-content\/uploads\/Temporada%2022-23\/auditori-sala-1-lloguer.jpg\" width=\"2048\" height=\"1365\" \/><\/p>\n","protected":false},"excerpt":{"rendered":"<p>L&#8217;escola Can Salvi participa cada any a la Cant\u00e0nia que organitza cada curs, i des de fa m\u00e9s de 25 anys, l\u2019Auditori de Barcelona. L&#8217;Auditori n&#8217;encomana la seva creaci\u00f3 any rere any a compositors, compositores i lletristes de renom dins l&#8217;escena musical catalana. Alguns dels&hellip;  <a href=\"https:\/\/agora.xtec.cat\/ceipcansalvi\/activitats\/cantania-5e\/\" title=\"Read Cant\u00e0nia 5\u00e8\">Llegeix m\u00e9s\u00bb<\/a><\/p>\n","protected":false},"author":1,"featured_media":0,"parent":798,"menu_order":6,"comment_status":"closed","ping_status":"closed","template":"","meta":{"_bbp_topic_count":0,"_bbp_reply_count":0,"_bbp_total_topic_count":0,"_bbp_total_reply_count":0,"_bbp_voice_count":0,"_bbp_anonymous_reply_count":0,"_bbp_topic_count_hidden":0,"_bbp_reply_count_hidden":0,"_bbp_forum_subforum_count":0,"footnotes":""},"class_list":["post-3133","page","type-page","status-publish","hentry"],"post_mailing_queue_ids":[],"_links":{"self":[{"href":"https:\/\/agora.xtec.cat\/ceipcansalvi\/wp-json\/wp\/v2\/pages\/3133","targetHints":{"allow":["GET"]}}],"collection":[{"href":"https:\/\/agora.xtec.cat\/ceipcansalvi\/wp-json\/wp\/v2\/pages"}],"about":[{"href":"https:\/\/agora.xtec.cat\/ceipcansalvi\/wp-json\/wp\/v2\/types\/page"}],"author":[{"embeddable":true,"href":"https:\/\/agora.xtec.cat\/ceipcansalvi\/wp-json\/wp\/v2\/users\/1"}],"replies":[{"embeddable":true,"href":"https:\/\/agora.xtec.cat\/ceipcansalvi\/wp-json\/wp\/v2\/comments?post=3133"}],"version-history":[{"count":6,"href":"https:\/\/agora.xtec.cat\/ceipcansalvi\/wp-json\/wp\/v2\/pages\/3133\/revisions"}],"predecessor-version":[{"id":3147,"href":"https:\/\/agora.xtec.cat\/ceipcansalvi\/wp-json\/wp\/v2\/pages\/3133\/revisions\/3147"}],"up":[{"embeddable":true,"href":"https:\/\/agora.xtec.cat\/ceipcansalvi\/wp-json\/wp\/v2\/pages\/798"}],"wp:attachment":[{"href":"https:\/\/agora.xtec.cat\/ceipcansalvi\/wp-json\/wp\/v2\/media?parent=3133"}],"curies":[{"name":"wp","href":"https:\/\/api.w.org\/{rel}","templated":true}]}}

Cantània 5è

<p><span style="font-weight: 400;">L&#8217;escola Can Salvi participa cada any a la </span><b>Cantània</b><span style="font-weight: 400;"> que organitza cada curs, i des de fa més de 25 anys, l’</span><b>Auditori de Barcelona.</b><span style="font-weight: 400;"> L&#8217;Auditori n&#8217;encomana la seva creació any rere any a compositors, compositores i lletristes de renom dins l&#8217;escena musical catalana. Alguns dels compositors i compositores que han creat Cantànies són Albert Guinovart, Salvador Brotons, Joan-Albert Amargós, Raquel García-Tomàs i un llarg etcètera. A més, des de l&#8217;escola elaborem parts de l&#8217;atrezzo i vestuari que servirà per representar la cantata, amb algunes coreografies incloses. Sumant totes les sessions que es duen a terme durant els mesos d&#8217;abril maig i juny, cada any hi participen milers de nens i nenes.</span></p>
<p><span style="font-weight: 400;">No fa falta dir la il·lusió que ens fa poder participar en aquest esdeveniment tan important. Cada any no només estrenem una cantata </span><b>inèdita</b><span style="font-weight: 400;"> sinó que ho fem acompanyats de </span><b>músics professionals</b><span style="font-weight: 400;"> i en una de les </span><b>millors sales de concert</b><span style="font-weight: 400;"> de Catalunya. Així mateix, les Cantànies tracten temes actuals i, entre altres coses, serveixen per treballar el cant, les arts escèniques, la dicció i la concentració, i de pas posa en valor la importància de la música en directe.</span></p>
<p><img loading="lazy" decoding="async" class="alignnone size-large" src="https://www.auditori.cat/wp-content/uploads/Temporada%2022-23/auditori-sala-1-lloguer.jpg" width="2048" height="1365" /></p>

<p>L&#8217;escola Can Salvi participa cada any a la Cantània que organitza cada curs, i des de fa més de 25 anys, l’Auditori de Barcelona. L&#8217;Auditori n&#8217;encomana la seva creació any rere any a compositors, compositores i lletristes de renom dins l&#8217;escena musical catalana. Alguns dels&hellip;  <a href="https://agora.xtec.cat/ceipcansalvi/activitats/cantania-5e/" title="Read Cantània 5è">Llegeix més»</a></p>
